{"id":1099,"date":"2025-06-25T11:07:16","date_gmt":"2025-06-25T11:07:16","guid":{"rendered":"http:\/\/concomitentes.vl22350.dinaserver.com\/investigacion\/hazlo-tu-y-hazselo-a-otrxs-sobre-publicos-y-colecciones-en-las-bibliotecas\/"},"modified":"2025-07-03T14:45:32","modified_gmt":"2025-07-03T14:45:32","slug":"do-it-yourself-and-do-it-to-others-on-library-audiences-and-collections","status":"publish","type":"publicacion","link":"https:\/\/concomitentes.org\/en\/investigacion\/hazlo-tu-y-hazselo-a-otrxs-sobre-publicos-y-colecciones-en-las-bibliotecas\/","title":{"rendered":"Marta Van Tartwijk Crespo and Javier P\u00e9rez Iglesias: Do you and do it to others"},"content":{"rendered":"<p>Self-publishing has given a voice to those who felt they had something to say outside the established channels. That's why there is a tradition in the use of fanzines amongst queer communities, social movements, anarchisms, feminisms... Artists discovered a long time ago that a book could be a piece of art and we've come this far with an increasingly varied production of publications. There is an encounter between the self-published (or published on the margins of hegemonic or official publishing or artistic productions) and artistic intentionality that goes beyond the traditional idea of the book that has been the paradigm in libraries and bookshops. Books are no longer what they used to be, and neither are libraries.<\/p>","protected":false},"featured_media":1100,"parent":0,"template":"","meta":{"_acf_changed":true},"categoria-publicaciones":[23],"class_list":["post-1099","publicacion","type-publicacion","status-publish","has-post-thumbnail","hentry","categoria-publicaciones-articulo"],"acf":[],"yoast_head":"<!-- This site is optimized with the Yoast SEO plugin v27.5 - https:\/\/yoast.com\/product\/yoast-seo-wordpress\/ -->\n<title>Marta Van Tartwijk Crespo y Javier P\u00e9rez Iglesias: Hazlo t\u00fa y h\u00e1zselo a otrxs - Concomitentes<\/title>\n<meta name=\"robots\" content=\"index, follow, max-snippet:-1, max-image-preview:large, max-video-preview:-1\" \/>\n<link rel=\"canonical\" href=\"https:\/\/concomitentes.org\/en\/research\/do-it-yourself-and-do-it-to-others-on-library-audiences-and-collections\/\" \/>\n<meta property=\"og:locale\" content=\"en_GB\" \/>\n<meta property=\"og:type\" content=\"article\" \/>\n<meta property=\"og:title\" content=\"Marta Van Tartwijk Crespo y Javier P\u00e9rez Iglesias: Hazlo t\u00fa y h\u00e1zselo a otrxs - Concomitentes\" \/>\n<meta property=\"og:description\" content=\"Las autoediciones han dado voz a quienes han sentido que ten\u00edan algo que decir al margen de los canales establecidos. Por eso hay una tradici\u00f3n en el uso de los [&hellip;]\" \/>\n<meta property=\"og:url\" content=\"https:\/\/concomitentes.org\/en\/research\/do-it-yourself-and-do-it-to-others-on-library-audiences-and-collections\/\" \/>\n<meta property=\"og:site_name\" content=\"Concomitentes\" \/>\n<meta property=\"article:modified_time\" content=\"2025-07-03T14:45:32+00:00\" \/>\n<meta property=\"og:image\" content=\"https:\/\/concomitentes.org\/wp-content\/uploads\/2025\/06\/49500978483_85a68a68f0_c.jpg\" \/>\n\t<meta property=\"og:image:width\" content=\"800\" \/>\n\t<meta property=\"og:image:height\" content=\"534\" \/>\n\t<meta property=\"og:image:type\" content=\"image\/jpeg\" \/>\n<meta name=\"twitter:card\" content=\"summary_large_image\" \/>\n<meta name=\"twitter:label1\" content=\"Estimated reading time\" \/>\n\t<meta name=\"twitter:data1\" content=\"1 minute\" \/>\n<script type=\"application\/ld+json\" class=\"yoast-schema-graph\">{\"@context\":\"https:\\\/\\\/schema.org\",\"@graph\":[{\"@type\":\"WebPage\",\"@id\":\"https:\\\/\\\/concomitentes.org\\\/investigacion\\\/hazlo-tu-y-hazselo-a-otrxs-sobre-publicos-y-colecciones-en-las-bibliotecas\\\/\",\"url\":\"https:\\\/\\\/concomitentes.org\\\/investigacion\\\/hazlo-tu-y-hazselo-a-otrxs-sobre-publicos-y-colecciones-en-las-bibliotecas\\\/\",\"name\":\"Marta Van Tartwijk Crespo y Javier P\u00e9rez Iglesias: Hazlo t\u00fa y h\u00e1zselo a otrxs - Concomitentes\",\"isPartOf\":{\"@id\":\"https:\\\/\\\/concomitentes.org\\\/en\\\/#website\"},\"primaryImageOfPage\":{\"@id\":\"https:\\\/\\\/concomitentes.org\\\/investigacion\\\/hazlo-tu-y-hazselo-a-otrxs-sobre-publicos-y-colecciones-en-las-bibliotecas\\\/#primaryimage\"},\"image\":{\"@id\":\"https:\\\/\\\/concomitentes.org\\\/investigacion\\\/hazlo-tu-y-hazselo-a-otrxs-sobre-publicos-y-colecciones-en-las-bibliotecas\\\/#primaryimage\"},\"thumbnailUrl\":\"https:\\\/\\\/concomitentes.org\\\/wp-content\\\/uploads\\\/2025\\\/06\\\/49500978483_85a68a68f0_c.jpg\",\"datePublished\":\"2025-06-25T11:07:16+00:00\",\"dateModified\":\"2025-07-03T14:45:32+00:00\",\"breadcrumb\":{\"@id\":\"https:\\\/\\\/concomitentes.org\\\/investigacion\\\/hazlo-tu-y-hazselo-a-otrxs-sobre-publicos-y-colecciones-en-las-bibliotecas\\\/#breadcrumb\"},\"inLanguage\":\"en-GB\",\"potentialAction\":[{\"@type\":\"ReadAction\",\"target\":[\"https:\\\/\\\/concomitentes.org\\\/investigacion\\\/hazlo-tu-y-hazselo-a-otrxs-sobre-publicos-y-colecciones-en-las-bibliotecas\\\/\"]}]},{\"@type\":\"ImageObject\",\"inLanguage\":\"en-GB\",\"@id\":\"https:\\\/\\\/concomitentes.org\\\/investigacion\\\/hazlo-tu-y-hazselo-a-otrxs-sobre-publicos-y-colecciones-en-las-bibliotecas\\\/#primaryimage\",\"url\":\"https:\\\/\\\/concomitentes.org\\\/wp-content\\\/uploads\\\/2025\\\/06\\\/49500978483_85a68a68f0_c.jpg\",\"contentUrl\":\"https:\\\/\\\/concomitentes.org\\\/wp-content\\\/uploads\\\/2025\\\/06\\\/49500978483_85a68a68f0_c.jpg\",\"width\":800,\"height\":534},{\"@type\":\"BreadcrumbList\",\"@id\":\"https:\\\/\\\/concomitentes.org\\\/investigacion\\\/hazlo-tu-y-hazselo-a-otrxs-sobre-publicos-y-colecciones-en-las-bibliotecas\\\/#breadcrumb\",\"itemListElement\":[{\"@type\":\"ListItem\",\"position\":1,\"name\":\"Portada\",\"item\":\"https:\\\/\\\/concomitentes.org\\\/\"},{\"@type\":\"ListItem\",\"position\":2,\"name\":\"Marta Van Tartwijk Crespo y Javier P\u00e9rez Iglesias: Hazlo t\u00fa y h\u00e1zselo a otrxs\"}]},{\"@type\":\"WebSite\",\"@id\":\"https:\\\/\\\/concomitentes.org\\\/en\\\/#website\",\"url\":\"https:\\\/\\\/concomitentes.org\\\/en\\\/\",\"name\":\"Concomitentes\",\"description\":\"Concomitentes promueve la creaci\u00f3n de obras de arte y media entre la sociedad civil que las encarga y los\\\/las artistas que las producen.\",\"potentialAction\":[{\"@type\":\"SearchAction\",\"target\":{\"@type\":\"EntryPoint\",\"urlTemplate\":\"https:\\\/\\\/concomitentes.org\\\/en\\\/?s={search_term_string}\"},\"query-input\":{\"@type\":\"PropertyValueSpecification\",\"valueRequired\":true,\"valueName\":\"search_term_string\"}}],\"inLanguage\":\"en-GB\"}]}<\/script>\n<!-- \/ Yoast SEO plugin. -->","yoast_head_json":{"title":"Marta Van Tartwijk Crespo and Javier P\u00e9rez Iglesias: Do it yourself and do it to others - Concomitentes","robots":{"index":"index","follow":"follow","max-snippet":"max-snippet:-1","max-image-preview":"max-image-preview:large","max-video-preview":"max-video-preview:-1"},"canonical":"https:\/\/concomitentes.org\/en\/research\/do-it-yourself-and-do-it-to-others-on-library-audiences-and-collections\/","og_locale":"en_GB","og_type":"article","og_title":"Marta Van Tartwijk Crespo y Javier P\u00e9rez Iglesias: Hazlo t\u00fa y h\u00e1zselo a otrxs - Concomitentes","og_description":"Las autoediciones han dado voz a quienes han sentido que ten\u00edan algo que decir al margen de los canales establecidos. Por eso hay una tradici\u00f3n en el uso de los [&hellip;]","og_url":"https:\/\/concomitentes.org\/en\/research\/do-it-yourself-and-do-it-to-others-on-library-audiences-and-collections\/","og_site_name":"Concomitentes","article_modified_time":"2025-07-03T14:45:32+00:00","og_image":[{"width":800,"height":534,"url":"https:\/\/concomitentes.org\/wp-content\/uploads\/2025\/06\/49500978483_85a68a68f0_c.jpg","type":"image\/jpeg"}],"twitter_card":"summary_large_image","twitter_misc":{"Estimated reading time":"1 minute"},"schema":{"@context":"https:\/\/schema.org","@graph":[{"@type":"WebPage","@id":"https:\/\/concomitentes.org\/investigacion\/hazlo-tu-y-hazselo-a-otrxs-sobre-publicos-y-colecciones-en-las-bibliotecas\/","url":"https:\/\/concomitentes.org\/investigacion\/hazlo-tu-y-hazselo-a-otrxs-sobre-publicos-y-colecciones-en-las-bibliotecas\/","name":"Marta Van Tartwijk Crespo and Javier P\u00e9rez Iglesias: Do it yourself and do it to others - Concomitentes","isPartOf":{"@id":"https:\/\/concomitentes.org\/en\/#website"},"primaryImageOfPage":{"@id":"https:\/\/concomitentes.org\/investigacion\/hazlo-tu-y-hazselo-a-otrxs-sobre-publicos-y-colecciones-en-las-bibliotecas\/#primaryimage"},"image":{"@id":"https:\/\/concomitentes.org\/investigacion\/hazlo-tu-y-hazselo-a-otrxs-sobre-publicos-y-colecciones-en-las-bibliotecas\/#primaryimage"},"thumbnailUrl":"https:\/\/concomitentes.org\/wp-content\/uploads\/2025\/06\/49500978483_85a68a68f0_c.jpg","datePublished":"2025-06-25T11:07:16+00:00","dateModified":"2025-07-03T14:45:32+00:00","breadcrumb":{"@id":"https:\/\/concomitentes.org\/investigacion\/hazlo-tu-y-hazselo-a-otrxs-sobre-publicos-y-colecciones-en-las-bibliotecas\/#breadcrumb"},"inLanguage":"en-GB","potentialAction":[{"@type":"ReadAction","target":["https:\/\/concomitentes.org\/investigacion\/hazlo-tu-y-hazselo-a-otrxs-sobre-publicos-y-colecciones-en-las-bibliotecas\/"]}]},{"@type":"ImageObject","inLanguage":"en-GB","@id":"https:\/\/concomitentes.org\/investigacion\/hazlo-tu-y-hazselo-a-otrxs-sobre-publicos-y-colecciones-en-las-bibliotecas\/#primaryimage","url":"https:\/\/concomitentes.org\/wp-content\/uploads\/2025\/06\/49500978483_85a68a68f0_c.jpg","contentUrl":"https:\/\/concomitentes.org\/wp-content\/uploads\/2025\/06\/49500978483_85a68a68f0_c.jpg","width":800,"height":534},{"@type":"BreadcrumbList","@id":"https:\/\/concomitentes.org\/investigacion\/hazlo-tu-y-hazselo-a-otrxs-sobre-publicos-y-colecciones-en-las-bibliotecas\/#breadcrumb","itemListElement":[{"@type":"ListItem","position":1,"name":"Portada","item":"https:\/\/concomitentes.org\/"},{"@type":"ListItem","position":2,"name":"Marta Van Tartwijk Crespo y Javier P\u00e9rez Iglesias: Hazlo t\u00fa y h\u00e1zselo a otrxs"}]},{"@type":"WebSite","@id":"https:\/\/concomitentes.org\/en\/#website","url":"https:\/\/concomitentes.org\/en\/","name":"Concomitentes","description":"Concomitentes promotes the creation of works of art and mediates between the civil society that commissions them and the artists who produce them.","potentialAction":[{"@type":"SearchAction","target":{"@type":"EntryPoint","urlTemplate":"https:\/\/concomitentes.org\/en\/?s={search_term_string}"},"query-input":{"@type":"PropertyValueSpecification","valueRequired":true,"valueName":"search_term_string"}}],"inLanguage":"en-GB"}]}},"_links":{"self":[{"href":"https:\/\/concomitentes.org\/en\/wp-json\/wp\/v2\/publicacion\/1099","targetHints":{"allow":["GET"]}}],"collection":[{"href":"https:\/\/concomitentes.org\/en\/wp-json\/wp\/v2\/publicacion"}],"about":[{"href":"https:\/\/concomitentes.org\/en\/wp-json\/wp\/v2\/types\/publicacion"}],"wp:featuredmedia":[{"embeddable":true,"href":"https:\/\/concomitentes.org\/en\/wp-json\/wp\/v2\/media\/1100"}],"wp:attachment":[{"href":"https:\/\/concomitentes.org\/en\/wp-json\/wp\/v2\/media?parent=1099"}],"wp:term":[{"taxonomy":"categoria-publicaciones","embeddable":true,"href":"https:\/\/concomitentes.org\/en\/wp-json\/wp\/v2\/categoria-publicaciones?post=1099"}],"curies":[{"name":"wp","href":"https:\/\/api.w.org\/{rel}","templated":true}]}}

Marta Van Tartwijk Crespo and Javier Pérez Iglesias: Do you and do it to others

<!-- This site is optimized with the Yoast SEO plugin v27.5 - https://yoast.com/product/yoast-seo-wordpress/ -->
<title>Marta Van Tartwijk Crespo y Javier Pérez Iglesias: Hazlo tú y házselo a otrxs - Concomitentes</title>
<meta name="robots" content="index, follow, max-snippet:-1, max-image-preview:large, max-video-preview:-1" />
<link rel="canonical" href="https://concomitentes.org/en/research/do-it-yourself-and-do-it-to-others-on-library-audiences-and-collections/" />
<meta property="og:locale" content="en_GB" />
<meta property="og:type" content="article" />
<meta property="og:title" content="Marta Van Tartwijk Crespo y Javier Pérez Iglesias: Hazlo tú y házselo a otrxs - Concomitentes" />
<meta property="og:description" content="Las autoediciones han dado voz a quienes han sentido que tenían algo que decir al margen de los canales establecidos. Por eso hay una tradición en el uso de los [&hellip;]" />
<meta property="og:url" content="https://concomitentes.org/en/research/do-it-yourself-and-do-it-to-others-on-library-audiences-and-collections/" />
<meta property="og:site_name" content="Concomitentes" />
<meta property="article:modified_time" content="2025-07-03T14:45:32+00:00" />
<meta property="og:image" content="https://concomitentes.org/wp-content/uploads/2025/06/49500978483_85a68a68f0_c.jpg" />
	<meta property="og:image:width" content="800" />
	<meta property="og:image:height" content="534" />
	<meta property="og:image:type" content="image/jpeg" />
<meta name="twitter:card" content="summary_large_image" />
<meta name="twitter:label1" content="Estimated reading time" />
	<meta name="twitter:data1" content="1 minute" />
<script type="application/ld+json" class="yoast-schema-graph">{"@context":"https:\/\/schema.org","@graph":[{"@type":"WebPage","@id":"https:\/\/concomitentes.org\/investigacion\/hazlo-tu-y-hazselo-a-otrxs-sobre-publicos-y-colecciones-en-las-bibliotecas\/","url":"https:\/\/concomitentes.org\/investigacion\/hazlo-tu-y-hazselo-a-otrxs-sobre-publicos-y-colecciones-en-las-bibliotecas\/","name":"Marta Van Tartwijk Crespo y Javier Pérez Iglesias: Hazlo tú y házselo a otrxs - Concomitentes","isPartOf":{"@id":"https:\/\/concomitentes.org\/en\/#website"},"primaryImageOfPage":{"@id":"https:\/\/concomitentes.org\/investigacion\/hazlo-tu-y-hazselo-a-otrxs-sobre-publicos-y-colecciones-en-las-bibliotecas\/#primaryimage"},"image":{"@id":"https:\/\/concomitentes.org\/investigacion\/hazlo-tu-y-hazselo-a-otrxs-sobre-publicos-y-colecciones-en-las-bibliotecas\/#primaryimage"},"thumbnailUrl":"https:\/\/concomitentes.org\/wp-content\/uploads\/2025\/06\/49500978483_85a68a68f0_c.jpg","datePublished":"2025-06-25T11:07:16+00:00","dateModified":"2025-07-03T14:45:32+00:00","breadcrumb":{"@id":"https:\/\/concomitentes.org\/investigacion\/hazlo-tu-y-hazselo-a-otrxs-sobre-publicos-y-colecciones-en-las-bibliotecas\/#breadcrumb"},"inLanguage":"en-GB","potentialAction":[{"@type":"ReadAction","target":["https:\/\/concomitentes.org\/investigacion\/hazlo-tu-y-hazselo-a-otrxs-sobre-publicos-y-colecciones-en-las-bibliotecas\/"]}]},{"@type":"ImageObject","inLanguage":"en-GB","@id":"https:\/\/concomitentes.org\/investigacion\/hazlo-tu-y-hazselo-a-otrxs-sobre-publicos-y-colecciones-en-las-bibliotecas\/#primaryimage","url":"https:\/\/concomitentes.org\/wp-content\/uploads\/2025\/06\/49500978483_85a68a68f0_c.jpg","contentUrl":"https:\/\/concomitentes.org\/wp-content\/uploads\/2025\/06\/49500978483_85a68a68f0_c.jpg","width":800,"height":534},{"@type":"BreadcrumbList","@id":"https:\/\/concomitentes.org\/investigacion\/hazlo-tu-y-hazselo-a-otrxs-sobre-publicos-y-colecciones-en-las-bibliotecas\/#breadcrumb","itemListElement":[{"@type":"ListItem","position":1,"name":"Portada","item":"https:\/\/concomitentes.org\/"},{"@type":"ListItem","position":2,"name":"Marta Van Tartwijk Crespo y Javier Pérez Iglesias: Hazlo tú y házselo a otrxs"}]},{"@type":"WebSite","@id":"https:\/\/concomitentes.org\/en\/#website","url":"https:\/\/concomitentes.org\/en\/","name":"Concomitentes","description":"Concomitentes promueve la creación de obras de arte y media entre la sociedad civil que las encarga y los\/las artistas que las producen.","potentialAction":[{"@type":"SearchAction","target":{"@type":"EntryPoint","urlTemplate":"https:\/\/concomitentes.org\/en\/?s={search_term_string}"},"query-input":{"@type":"PropertyValueSpecification","valueRequired":true,"valueName":"search_term_string"}}],"inLanguage":"en-GB"}]}</script>
<!-- / Yoast SEO plugin. -->

Marta Van Tartwijk Crespo and Javier Pérez Iglesias: Do it yourself and do it to others - Concomitentes

Marta Van Tartwijk Crespo y Javier Pérez Iglesias: Hazlo tú y házselo a otrxs - Concomitentes

Las autoediciones han dado voz a quienes han sentido que tenían algo que decir al margen de los canales establecidos. Por eso hay una tradición en el uso de los [&hellip;]

Marta Van Tartwijk Crespo y Javier Pérez Iglesias: Hazlo tú y házselo a otrxs
