{"id":3969,"date":"2026-03-23T14:41:23","date_gmt":"2026-03-23T14:41:23","guid":{"rendered":"https:\/\/concomitentes.org\/?post_type=proyecto&#038;p=3969"},"modified":"2026-03-23T14:58:21","modified_gmt":"2026-03-23T14:58:21","slug":"interdependencies","status":"publish","type":"proyecto","link":"https:\/\/concomitentes.org\/en\/concomitancias\/interdependencias\/","title":{"rendered":"Interdependences"},"content":{"rendered":"<p>Interdependencias initiates an artistic mediation process through the Ambar association with the aim of advancing non-institutionalised models for people with functional diversity. Ambar has been working for over 40 years for equal opportunities for people with functional diversity in the Barbanza region.<\/p>\n\n\n\n<p>Can an institution focused on the lives of people with disabilities disappear?&nbsp;<\/p>\n\n\n\n<p>The institutionalisation of care for people with functional diversity has been an advancement, but<strong> What if deinstitutionalisation allowed us to experiment with other ways of being together?<\/strong><\/p>\n\n\n\n<!--more-->\n\n\n\n<p>The disappearance of these institutions could mean that people participate in the decisions that affect their lives, and by extension, we would cease to see them as subjects of assistance and instead as subjects of their own lives. To achieve this deep desire, we first need to imagine it. We propose activating a participatory artistic project that helps us to consider other, more interdependent ways of relating to each other.<\/p>\n\n\n\n<p>A sort of mycelium of relationships that intertwine and allow progress in the agency of people's lives in general and people with functional diversity in particular.&nbsp;<\/p>\n\n\n\n<p>What can the perspective of diversity bring to a territory?&nbsp;<\/p>\n\n\n\n<p>We are starting a mediation process with a group of clients made up of 15 users of Ambar. This initial group of promoters will gradually be joined by professionals, family members and volunteers from the association, as well as other people from the immediate community. The ultimate goal is to lead an artistic work with which to ask society as a whole how we can deinstitutionalise the lives of people with functional diversity.&nbsp;<\/p>\n\n\n\n<p>How do we imagine diversity in the community life of a region? During the process, we will work outside the institutional building, creating the conditions for it to unfold, for careful and permeable encounters with the community to occur, and for interdependencies to be practised.&nbsp;<\/p>\n\n\n\n<p>We hope the final result will be a work of art that advances the initial dream from which this concomitance is born: the disappearance of institutions in the lives of people with functional diversity.&nbsp;<\/p>\n\n\n\n<p><\/p>\n\n\n\n<details class=\"wp-block-details is-layout-flow wp-block-details-is-layout-flow\"><summary>Read in Galician<\/summary>\n<p>Interdependencias is launching an artistic mediation process through the Ambar association with the aim of advancing non-institutionalised life models for people with functional diversity. Ambar has been working for over 40 years for equal opportunities for people with functional diversity in the Barbanza region.<\/p>\n\n\n\n<p>Can an institution focused on the lives of people with functional diversity disappear?<\/p>\n\n\n\n<p>The institutionalisation of care for people with functional diversity has represented progress but, <strong>What if deinstitutionalisation allowed us to experiment with other ways of being together?<\/strong><\/p>\n\n\n\n<p>The disappearance of these institutions could mean that people are participants in the decisions affecting their lives and that, therefore, we would stop seeing them as subjects of assistance and instead as subjects of their own lives. To achieve this deep desire, we first need to imagine it. We propose to activate a participatory artistic project that helps to think about other, more interdependent ways of relating to each other.<\/p>\n\n\n\n<p>A sort of mycelium of relationships that interweave and allow progress in the agency of people's lives in general and people with functional diversity in particular.<\/p>\n\n\n\n<p>What can the perspective of diversity bring to a territory?<\/p>\n\n\n\n<p>We are initiating a mediation process with a group of stakeholders comprising 15 users of Ambar. Professionals, family members, and volunteers from the association, as well as other people from the immediate community, will progressively join this initial circle of promoters. The ultimate objective is to direct an artistic work with which to ask society as a whole how we can de-institutionalise the lives of people with functional diversity.<\/p>\n\n\n\n<p>How do we imagine diversity in the community life of a region? During the process, we will work outside the institutional building, creating the conditions for the process to unfold, for careful and porous encounters with the community to occur, and for interdependencies to be practised.<\/p>\n\n\n\n<p>The final result, we hope, will be a work of art that advances the initial dream from which this conjoining is born: the disappearance of institutions in the lives of people with functional diversity.<\/p>\n<\/details>\n\n\n\n<p><\/p>","protected":false},"featured_media":3971,"template":"","meta":{"_acf_changed":false,"footnotes":""},"class_list":["post-3969","proyecto","type-proyecto","status-publish","has-post-thumbnail","hentry"],"acf":[],"yoast_head":"<!-- This site is optimized with the Yoast SEO plugin v27.5 - https:\/\/yoast.com\/product\/yoast-seo-wordpress\/ -->\n<title>Interdependencias - Concomitentes<\/title>\n<meta name=\"robots\" content=\"index, follow, max-snippet:-1, max-image-preview:large, max-video-preview:-1\" \/>\n<link rel=\"canonical\" href=\"https:\/\/concomitentes.org\/en\/concomitances\/interdependencies\/\" \/>\n<meta property=\"og:locale\" content=\"en_GB\" \/>\n<meta property=\"og:type\" content=\"article\" \/>\n<meta property=\"og:title\" content=\"Interdependencias - Concomitentes\" \/>\n<meta property=\"og:description\" content=\"Interdependencias activa un proceso de mediaci\u00f3n art\u00edstica a trav\u00e9s de la asociaci\u00f3n Ambar con la idea de avanzar en modelos de vida no institucionalizados de las personas con diversidad funcional. [&hellip;]\" \/>\n<meta property=\"og:url\" content=\"https:\/\/concomitentes.org\/en\/concomitances\/interdependencies\/\" \/>\n<meta property=\"og:site_name\" content=\"Concomitentes\" \/>\n<meta property=\"article:modified_time\" content=\"2026-03-23T14:58:21+00:00\" \/>\n<meta property=\"og:image\" content=\"https:\/\/concomitentes.org\/wp-content\/uploads\/2026\/03\/00-scaled.jpg\" \/>\n\t<meta property=\"og:image:width\" content=\"2560\" \/>\n\t<meta property=\"og:image:height\" content=\"1707\" \/>\n\t<meta property=\"og:image:type\" content=\"image\/jpeg\" \/>\n<meta name=\"twitter:card\" content=\"summary_large_image\" \/>\n<meta name=\"twitter:label1\" content=\"Estimated reading time\" \/>\n\t<meta name=\"twitter:data1\" content=\"4 minutes\" \/>\n<script type=\"application\/ld+json\" class=\"yoast-schema-graph\">{\"@context\":\"https:\\\/\\\/schema.org\",\"@graph\":[{\"@type\":\"WebPage\",\"@id\":\"https:\\\/\\\/concomitentes.org\\\/concomitancias\\\/interdependencias\\\/\",\"url\":\"https:\\\/\\\/concomitentes.org\\\/concomitancias\\\/interdependencias\\\/\",\"name\":\"Interdependencias - Concomitentes\",\"isPartOf\":{\"@id\":\"https:\\\/\\\/concomitentes.org\\\/en\\\/#website\"},\"primaryImageOfPage\":{\"@id\":\"https:\\\/\\\/concomitentes.org\\\/concomitancias\\\/interdependencias\\\/#primaryimage\"},\"image\":{\"@id\":\"https:\\\/\\\/concomitentes.org\\\/concomitancias\\\/interdependencias\\\/#primaryimage\"},\"thumbnailUrl\":\"https:\\\/\\\/concomitentes.org\\\/wp-content\\\/uploads\\\/2026\\\/03\\\/00-scaled.jpg\",\"datePublished\":\"2026-03-23T14:41:23+00:00\",\"dateModified\":\"2026-03-23T14:58:21+00:00\",\"breadcrumb\":{\"@id\":\"https:\\\/\\\/concomitentes.org\\\/concomitancias\\\/interdependencias\\\/#breadcrumb\"},\"inLanguage\":\"en-GB\",\"potentialAction\":[{\"@type\":\"ReadAction\",\"target\":[\"https:\\\/\\\/concomitentes.org\\\/concomitancias\\\/interdependencias\\\/\"]}]},{\"@type\":\"ImageObject\",\"inLanguage\":\"en-GB\",\"@id\":\"https:\\\/\\\/concomitentes.org\\\/concomitancias\\\/interdependencias\\\/#primaryimage\",\"url\":\"https:\\\/\\\/concomitentes.org\\\/wp-content\\\/uploads\\\/2026\\\/03\\\/00-scaled.jpg\",\"contentUrl\":\"https:\\\/\\\/concomitentes.org\\\/wp-content\\\/uploads\\\/2026\\\/03\\\/00-scaled.jpg\",\"width\":2560,\"height\":1707},{\"@type\":\"BreadcrumbList\",\"@id\":\"https:\\\/\\\/concomitentes.org\\\/concomitancias\\\/interdependencias\\\/#breadcrumb\",\"itemListElement\":[{\"@type\":\"ListItem\",\"position\":1,\"name\":\"Portada\",\"item\":\"https:\\\/\\\/concomitentes.org\\\/\"},{\"@type\":\"ListItem\",\"position\":2,\"name\":\"Interdependencias\"}]},{\"@type\":\"WebSite\",\"@id\":\"https:\\\/\\\/concomitentes.org\\\/en\\\/#website\",\"url\":\"https:\\\/\\\/concomitentes.org\\\/en\\\/\",\"name\":\"Concomitentes\",\"description\":\"Concomitentes promueve la creaci\u00f3n de obras de arte y media entre la sociedad civil que las encarga y los\\\/las artistas que las producen.\",\"potentialAction\":[{\"@type\":\"SearchAction\",\"target\":{\"@type\":\"EntryPoint\",\"urlTemplate\":\"https:\\\/\\\/concomitentes.org\\\/en\\\/?s={search_term_string}\"},\"query-input\":{\"@type\":\"PropertyValueSpecification\",\"valueRequired\":true,\"valueName\":\"search_term_string\"}}],\"inLanguage\":\"en-GB\"}]}<\/script>\n<!-- \/ Yoast SEO plugin. -->","yoast_head_json":{"title":"Interdependencies - Concomitants","robots":{"index":"index","follow":"follow","max-snippet":"max-snippet:-1","max-image-preview":"max-image-preview:large","max-video-preview":"max-video-preview:-1"},"canonical":"https:\/\/concomitentes.org\/en\/concomitances\/interdependencies\/","og_locale":"en_GB","og_type":"article","og_title":"Interdependencias - Concomitentes","og_description":"Interdependencias activa un proceso de mediaci\u00f3n art\u00edstica a trav\u00e9s de la asociaci\u00f3n Ambar con la idea de avanzar en modelos de vida no institucionalizados de las personas con diversidad funcional. [&hellip;]","og_url":"https:\/\/concomitentes.org\/en\/concomitances\/interdependencies\/","og_site_name":"Concomitentes","article_modified_time":"2026-03-23T14:58:21+00:00","og_image":[{"width":2560,"height":1707,"url":"https:\/\/concomitentes.org\/wp-content\/uploads\/2026\/03\/00-scaled.jpg","type":"image\/jpeg"}],"twitter_card":"summary_large_image","twitter_misc":{"Estimated reading time":"4 minutes"},"schema":{"@context":"https:\/\/schema.org","@graph":[{"@type":"WebPage","@id":"https:\/\/concomitentes.org\/concomitancias\/interdependencias\/","url":"https:\/\/concomitentes.org\/concomitancias\/interdependencias\/","name":"Interdependencies - Concomitants","isPartOf":{"@id":"https:\/\/concomitentes.org\/en\/#website"},"primaryImageOfPage":{"@id":"https:\/\/concomitentes.org\/concomitancias\/interdependencias\/#primaryimage"},"image":{"@id":"https:\/\/concomitentes.org\/concomitancias\/interdependencias\/#primaryimage"},"thumbnailUrl":"https:\/\/concomitentes.org\/wp-content\/uploads\/2026\/03\/00-scaled.jpg","datePublished":"2026-03-23T14:41:23+00:00","dateModified":"2026-03-23T14:58:21+00:00","breadcrumb":{"@id":"https:\/\/concomitentes.org\/concomitancias\/interdependencias\/#breadcrumb"},"inLanguage":"en-GB","potentialAction":[{"@type":"ReadAction","target":["https:\/\/concomitentes.org\/concomitancias\/interdependencias\/"]}]},{"@type":"ImageObject","inLanguage":"en-GB","@id":"https:\/\/concomitentes.org\/concomitancias\/interdependencias\/#primaryimage","url":"https:\/\/concomitentes.org\/wp-content\/uploads\/2026\/03\/00-scaled.jpg","contentUrl":"https:\/\/concomitentes.org\/wp-content\/uploads\/2026\/03\/00-scaled.jpg","width":2560,"height":1707},{"@type":"BreadcrumbList","@id":"https:\/\/concomitentes.org\/concomitancias\/interdependencias\/#breadcrumb","itemListElement":[{"@type":"ListItem","position":1,"name":"Portada","item":"https:\/\/concomitentes.org\/"},{"@type":"ListItem","position":2,"name":"Interdependencias"}]},{"@type":"WebSite","@id":"https:\/\/concomitentes.org\/en\/#website","url":"https:\/\/concomitentes.org\/en\/","name":"Concomitentes","description":"Concomitentes promotes the creation of works of art and mediates between the civil society that commissions them and the artists who produce them.","potentialAction":[{"@type":"SearchAction","target":{"@type":"EntryPoint","urlTemplate":"https:\/\/concomitentes.org\/en\/?s={search_term_string}"},"query-input":{"@type":"PropertyValueSpecification","valueRequired":true,"valueName":"search_term_string"}}],"inLanguage":"en-GB"}]}},"_links":{"self":[{"href":"https:\/\/concomitentes.org\/en\/wp-json\/wp\/v2\/proyecto\/3969","targetHints":{"allow":["GET"]}}],"collection":[{"href":"https:\/\/concomitentes.org\/en\/wp-json\/wp\/v2\/proyecto"}],"about":[{"href":"https:\/\/concomitentes.org\/en\/wp-json\/wp\/v2\/types\/proyecto"}],"version-history":[{"count":5,"href":"https:\/\/concomitentes.org\/en\/wp-json\/wp\/v2\/proyecto\/3969\/revisions"}],"predecessor-version":[{"id":3980,"href":"https:\/\/concomitentes.org\/en\/wp-json\/wp\/v2\/proyecto\/3969\/revisions\/3980"}],"wp:featuredmedia":[{"embeddable":true,"href":"https:\/\/concomitentes.org\/en\/wp-json\/wp\/v2\/media\/3971"}],"wp:attachment":[{"href":"https:\/\/concomitentes.org\/en\/wp-json\/wp\/v2\/media?parent=3969"}],"curies":[{"name":"wp","href":"https:\/\/api.w.org\/{rel}","templated":true}]}}

<!-- This site is optimized with the Yoast SEO plugin v27.5 - https://yoast.com/product/yoast-seo-wordpress/ -->
<title>Interdependencias - Concomitentes</title>
<meta name="robots" content="index, follow, max-snippet:-1, max-image-preview:large, max-video-preview:-1" />
<link rel="canonical" href="https://concomitentes.org/en/concomitances/interdependencies/" />
<meta property="og:locale" content="en_GB" />
<meta property="og:type" content="article" />
<meta property="og:title" content="Interdependencias - Concomitentes" />
<meta property="og:description" content="Interdependencias activa un proceso de mediación artística a través de la asociación Ambar con la idea de avanzar en modelos de vida no institucionalizados de las personas con diversidad funcional. [&hellip;]" />
<meta property="og:url" content="https://concomitentes.org/en/concomitances/interdependencies/" />
<meta property="og:site_name" content="Concomitentes" />
<meta property="article:modified_time" content="2026-03-23T14:58:21+00:00" />
<meta property="og:image" content="https://concomitentes.org/wp-content/uploads/2026/03/00-scaled.jpg" />
	<meta property="og:image:width" content="2560" />
	<meta property="og:image:height" content="1707" />
	<meta property="og:image:type" content="image/jpeg" />
<meta name="twitter:card" content="summary_large_image" />
<meta name="twitter:label1" content="Estimated reading time" />
	<meta name="twitter:data1" content="4 minutes" />
<script type="application/ld+json" class="yoast-schema-graph">{"@context":"https:\/\/schema.org","@graph":[{"@type":"WebPage","@id":"https:\/\/concomitentes.org\/concomitancias\/interdependencias\/","url":"https:\/\/concomitentes.org\/concomitancias\/interdependencias\/","name":"Interdependencias - Concomitentes","isPartOf":{"@id":"https:\/\/concomitentes.org\/en\/#website"},"primaryImageOfPage":{"@id":"https:\/\/concomitentes.org\/concomitancias\/interdependencias\/#primaryimage"},"image":{"@id":"https:\/\/concomitentes.org\/concomitancias\/interdependencias\/#primaryimage"},"thumbnailUrl":"https:\/\/concomitentes.org\/wp-content\/uploads\/2026\/03\/00-scaled.jpg","datePublished":"2026-03-23T14:41:23+00:00","dateModified":"2026-03-23T14:58:21+00:00","breadcrumb":{"@id":"https:\/\/concomitentes.org\/concomitancias\/interdependencias\/#breadcrumb"},"inLanguage":"en-GB","potentialAction":[{"@type":"ReadAction","target":["https:\/\/concomitentes.org\/concomitancias\/interdependencias\/"]}]},{"@type":"ImageObject","inLanguage":"en-GB","@id":"https:\/\/concomitentes.org\/concomitancias\/interdependencias\/#primaryimage","url":"https:\/\/concomitentes.org\/wp-content\/uploads\/2026\/03\/00-scaled.jpg","contentUrl":"https:\/\/concomitentes.org\/wp-content\/uploads\/2026\/03\/00-scaled.jpg","width":2560,"height":1707},{"@type":"BreadcrumbList","@id":"https:\/\/concomitentes.org\/concomitancias\/interdependencias\/#breadcrumb","itemListElement":[{"@type":"ListItem","position":1,"name":"Portada","item":"https:\/\/concomitentes.org\/"},{"@type":"ListItem","position":2,"name":"Interdependencias"}]},{"@type":"WebSite","@id":"https:\/\/concomitentes.org\/en\/#website","url":"https:\/\/concomitentes.org\/en\/","name":"Concomitentes","description":"Concomitentes promueve la creación de obras de arte y media entre la sociedad civil que las encarga y los\/las artistas que las producen.","potentialAction":[{"@type":"SearchAction","target":{"@type":"EntryPoint","urlTemplate":"https:\/\/concomitentes.org\/en\/?s={search_term_string}"},"query-input":{"@type":"PropertyValueSpecification","valueRequired":true,"valueName":"search_term_string"}}],"inLanguage":"en-GB"}]}</script>
<!-- / Yoast SEO plugin. -->

Interdependencias activa un proceso de mediación artística a través de la asociación Ambar con la idea de avanzar en modelos de vida no institucionalizados de las personas con diversidad funcional. [&hellip;]
