{"id":3850,"date":"2026-03-05T12:39:05","date_gmt":"2026-03-05T12:39:05","guid":{"rendered":"https:\/\/concomitentes.org\/?post_type=proyecto&#038;p=3850"},"modified":"2026-03-11T12:48:39","modified_gmt":"2026-03-11T12:48:39","slug":"parliament-of-the-sea","status":"publish","type":"proyecto","link":"https:\/\/concomitentes.org\/en\/concomitancias\/parlamento-del-mar\/","title":{"rendered":"Parliament of the Sea"},"content":{"rendered":"<p>In a context marked by climate emergency, loss of biodiversity and pressure from tourism and urban development, Parlamento del Mar promotes community artistic processes that combine science and citizenship to explore new forms of ecological governance of the marine and social territory of Barceloneta.<\/p>\n\n\n\n<p>Scientific and technical staff from the Institut de Ci\u00e8ncies del Mar, together with local residents and agents, participate in a process of active listening, collective deliberation and formulation of an artistic commission that responds to shared needs and aspirations. Located in Barceloneta, the project generates a space for co-creation where scientific knowledge and local knowledge dialogue on an equal footing, consolidating a system of co-responsibility aimed at caring for the coast and its inhabitants.<\/p>\n\n\n\n<p>Between 2026 and 2027, Parlamento del Mar tests sustainable and horizontal forms of coexistence with the coast, strengthening the links between ecology, culture and collective action and promoting participatory practices of environmental governance, where artistic methodology acts as a catalyst for new community institutions.<\/p>\n\n\n\n<p><\/p>\n\n\n\n<p><\/p>\n\n\n\n<p><\/p>","protected":false},"featured_media":3851,"template":"","meta":{"_acf_changed":false,"footnotes":""},"class_list":["post-3850","proyecto","type-proyecto","status-publish","has-post-thumbnail","hentry"],"acf":[],"yoast_head":"<!-- This site is optimized with the Yoast SEO plugin v27.5 - https:\/\/yoast.com\/product\/yoast-seo-wordpress\/ -->\n<title>Parlamento del Mar - Concomitentes<\/title>\n<meta name=\"robots\" content=\"index, follow, max-snippet:-1, max-image-preview:large, max-video-preview:-1\" \/>\n<link rel=\"canonical\" href=\"https:\/\/concomitentes.org\/en\/concomitances\/parliament-of-the-sea\/\" \/>\n<meta property=\"og:locale\" content=\"en_GB\" \/>\n<meta property=\"og:type\" content=\"article\" \/>\n<meta property=\"og:title\" content=\"Parlamento del Mar - Concomitentes\" \/>\n<meta property=\"og:description\" content=\"En un contexto marcado por la emergencia clim\u00e1tica, la p\u00e9rdida de biodiversidad y la presi\u00f3n tur\u00edstica y urban\u00edstica, Parlamento del Mar impulsa procesos art\u00edsticos comunitarios que a\u00fanan ciencia y ciudadan\u00eda [&hellip;]\" \/>\n<meta property=\"og:url\" content=\"https:\/\/concomitentes.org\/en\/concomitances\/parliament-of-the-sea\/\" \/>\n<meta property=\"og:site_name\" content=\"Concomitentes\" \/>\n<meta property=\"article:modified_time\" content=\"2026-03-11T12:48:39+00:00\" \/>\n<meta property=\"og:image\" content=\"https:\/\/concomitentes.org\/wp-content\/uploads\/2026\/03\/PDM1eraeleccion-scaled.jpg\" \/>\n\t<meta property=\"og:image:width\" content=\"2560\" \/>\n\t<meta property=\"og:image:height\" content=\"1920\" \/>\n\t<meta property=\"og:image:type\" content=\"image\/jpeg\" \/>\n<meta name=\"twitter:card\" content=\"summary_large_image\" \/>\n<meta name=\"twitter:label1\" content=\"Estimated reading time\" \/>\n\t<meta name=\"twitter:data1\" content=\"1 minute\" \/>\n<script type=\"application\/ld+json\" class=\"yoast-schema-graph\">{\"@context\":\"https:\\\/\\\/schema.org\",\"@graph\":[{\"@type\":\"WebPage\",\"@id\":\"https:\\\/\\\/concomitentes.org\\\/concomitancias\\\/parlamento-del-mar\\\/\",\"url\":\"https:\\\/\\\/concomitentes.org\\\/concomitancias\\\/parlamento-del-mar\\\/\",\"name\":\"Parlamento del Mar - Concomitentes\",\"isPartOf\":{\"@id\":\"https:\\\/\\\/concomitentes.org\\\/en\\\/#website\"},\"primaryImageOfPage\":{\"@id\":\"https:\\\/\\\/concomitentes.org\\\/concomitancias\\\/parlamento-del-mar\\\/#primaryimage\"},\"image\":{\"@id\":\"https:\\\/\\\/concomitentes.org\\\/concomitancias\\\/parlamento-del-mar\\\/#primaryimage\"},\"thumbnailUrl\":\"https:\\\/\\\/concomitentes.org\\\/wp-content\\\/uploads\\\/2026\\\/03\\\/PDM1eraeleccion-scaled.jpg\",\"datePublished\":\"2026-03-05T12:39:05+00:00\",\"dateModified\":\"2026-03-11T12:48:39+00:00\",\"breadcrumb\":{\"@id\":\"https:\\\/\\\/concomitentes.org\\\/concomitancias\\\/parlamento-del-mar\\\/#breadcrumb\"},\"inLanguage\":\"en-GB\",\"potentialAction\":[{\"@type\":\"ReadAction\",\"target\":[\"https:\\\/\\\/concomitentes.org\\\/concomitancias\\\/parlamento-del-mar\\\/\"]}]},{\"@type\":\"ImageObject\",\"inLanguage\":\"en-GB\",\"@id\":\"https:\\\/\\\/concomitentes.org\\\/concomitancias\\\/parlamento-del-mar\\\/#primaryimage\",\"url\":\"https:\\\/\\\/concomitentes.org\\\/wp-content\\\/uploads\\\/2026\\\/03\\\/PDM1eraeleccion-scaled.jpg\",\"contentUrl\":\"https:\\\/\\\/concomitentes.org\\\/wp-content\\\/uploads\\\/2026\\\/03\\\/PDM1eraeleccion-scaled.jpg\",\"width\":2560,\"height\":1920},{\"@type\":\"BreadcrumbList\",\"@id\":\"https:\\\/\\\/concomitentes.org\\\/concomitancias\\\/parlamento-del-mar\\\/#breadcrumb\",\"itemListElement\":[{\"@type\":\"ListItem\",\"position\":1,\"name\":\"Portada\",\"item\":\"https:\\\/\\\/concomitentes.org\\\/\"},{\"@type\":\"ListItem\",\"position\":2,\"name\":\"Parlamento del Mar\"}]},{\"@type\":\"WebSite\",\"@id\":\"https:\\\/\\\/concomitentes.org\\\/en\\\/#website\",\"url\":\"https:\\\/\\\/concomitentes.org\\\/en\\\/\",\"name\":\"Concomitentes\",\"description\":\"Concomitentes promueve la creaci\u00f3n de obras de arte y media entre la sociedad civil que las encarga y los\\\/las artistas que las producen.\",\"potentialAction\":[{\"@type\":\"SearchAction\",\"target\":{\"@type\":\"EntryPoint\",\"urlTemplate\":\"https:\\\/\\\/concomitentes.org\\\/en\\\/?s={search_term_string}\"},\"query-input\":{\"@type\":\"PropertyValueSpecification\",\"valueRequired\":true,\"valueName\":\"search_term_string\"}}],\"inLanguage\":\"en-GB\"}]}<\/script>\n<!-- \/ Yoast SEO plugin. -->","yoast_head_json":{"title":"Parliament of the Sea - Members","robots":{"index":"index","follow":"follow","max-snippet":"max-snippet:-1","max-image-preview":"max-image-preview:large","max-video-preview":"max-video-preview:-1"},"canonical":"https:\/\/concomitentes.org\/en\/concomitances\/parliament-of-the-sea\/","og_locale":"en_GB","og_type":"article","og_title":"Parlamento del Mar - Concomitentes","og_description":"En un contexto marcado por la emergencia clim\u00e1tica, la p\u00e9rdida de biodiversidad y la presi\u00f3n tur\u00edstica y urban\u00edstica, Parlamento del Mar impulsa procesos art\u00edsticos comunitarios que a\u00fanan ciencia y ciudadan\u00eda [&hellip;]","og_url":"https:\/\/concomitentes.org\/en\/concomitances\/parliament-of-the-sea\/","og_site_name":"Concomitentes","article_modified_time":"2026-03-11T12:48:39+00:00","og_image":[{"width":2560,"height":1920,"url":"https:\/\/concomitentes.org\/wp-content\/uploads\/2026\/03\/PDM1eraeleccion-scaled.jpg","type":"image\/jpeg"}],"twitter_card":"summary_large_image","twitter_misc":{"Estimated reading time":"1 minute"},"schema":{"@context":"https:\/\/schema.org","@graph":[{"@type":"WebPage","@id":"https:\/\/concomitentes.org\/concomitancias\/parlamento-del-mar\/","url":"https:\/\/concomitentes.org\/concomitancias\/parlamento-del-mar\/","name":"Parliament of the Sea - Members","isPartOf":{"@id":"https:\/\/concomitentes.org\/en\/#website"},"primaryImageOfPage":{"@id":"https:\/\/concomitentes.org\/concomitancias\/parlamento-del-mar\/#primaryimage"},"image":{"@id":"https:\/\/concomitentes.org\/concomitancias\/parlamento-del-mar\/#primaryimage"},"thumbnailUrl":"https:\/\/concomitentes.org\/wp-content\/uploads\/2026\/03\/PDM1eraeleccion-scaled.jpg","datePublished":"2026-03-05T12:39:05+00:00","dateModified":"2026-03-11T12:48:39+00:00","breadcrumb":{"@id":"https:\/\/concomitentes.org\/concomitancias\/parlamento-del-mar\/#breadcrumb"},"inLanguage":"en-GB","potentialAction":[{"@type":"ReadAction","target":["https:\/\/concomitentes.org\/concomitancias\/parlamento-del-mar\/"]}]},{"@type":"ImageObject","inLanguage":"en-GB","@id":"https:\/\/concomitentes.org\/concomitancias\/parlamento-del-mar\/#primaryimage","url":"https:\/\/concomitentes.org\/wp-content\/uploads\/2026\/03\/PDM1eraeleccion-scaled.jpg","contentUrl":"https:\/\/concomitentes.org\/wp-content\/uploads\/2026\/03\/PDM1eraeleccion-scaled.jpg","width":2560,"height":1920},{"@type":"BreadcrumbList","@id":"https:\/\/concomitentes.org\/concomitancias\/parlamento-del-mar\/#breadcrumb","itemListElement":[{"@type":"ListItem","position":1,"name":"Portada","item":"https:\/\/concomitentes.org\/"},{"@type":"ListItem","position":2,"name":"Parlamento del Mar"}]},{"@type":"WebSite","@id":"https:\/\/concomitentes.org\/en\/#website","url":"https:\/\/concomitentes.org\/en\/","name":"Concomitentes","description":"Concomitentes promotes the creation of works of art and mediates between the civil society that commissions them and the artists who produce them.","potentialAction":[{"@type":"SearchAction","target":{"@type":"EntryPoint","urlTemplate":"https:\/\/concomitentes.org\/en\/?s={search_term_string}"},"query-input":{"@type":"PropertyValueSpecification","valueRequired":true,"valueName":"search_term_string"}}],"inLanguage":"en-GB"}]}},"_links":{"self":[{"href":"https:\/\/concomitentes.org\/en\/wp-json\/wp\/v2\/proyecto\/3850","targetHints":{"allow":["GET"]}}],"collection":[{"href":"https:\/\/concomitentes.org\/en\/wp-json\/wp\/v2\/proyecto"}],"about":[{"href":"https:\/\/concomitentes.org\/en\/wp-json\/wp\/v2\/types\/proyecto"}],"version-history":[{"count":11,"href":"https:\/\/concomitentes.org\/en\/wp-json\/wp\/v2\/proyecto\/3850\/revisions"}],"predecessor-version":[{"id":3922,"href":"https:\/\/concomitentes.org\/en\/wp-json\/wp\/v2\/proyecto\/3850\/revisions\/3922"}],"wp:featuredmedia":[{"embeddable":true,"href":"https:\/\/concomitentes.org\/en\/wp-json\/wp\/v2\/media\/3851"}],"wp:attachment":[{"href":"https:\/\/concomitentes.org\/en\/wp-json\/wp\/v2\/media?parent=3850"}],"curies":[{"name":"wp","href":"https:\/\/api.w.org\/{rel}","templated":true}]}}

<p>In a context marked by climate emergency, loss of biodiversity and pressure from tourism and urban development, Parlamento del Mar promotes community artistic processes that combine science and citizenship to explore new forms of ecological governance of the marine and social territory of Barceloneta.</p>



<p>Scientific and technical staff from the Institut de Ciències del Mar, together with local residents and agents, participate in a process of active listening, collective deliberation and formulation of an artistic commission that responds to shared needs and aspirations. Located in Barceloneta, the project generates a space for co-creation where scientific knowledge and local knowledge dialogue on an equal footing, consolidating a system of co-responsibility aimed at caring for the coast and its inhabitants.</p>



<p>Between 2026 and 2027, Parlamento del Mar tests sustainable and horizontal forms of coexistence with the coast, strengthening the links between ecology, culture and collective action and promoting participatory practices of environmental governance, where artistic methodology acts as a catalyst for new community institutions.</p>



<p></p>



<p></p>



<p></p>

<!-- This site is optimized with the Yoast SEO plugin v27.5 - https://yoast.com/product/yoast-seo-wordpress/ -->
<title>Parlamento del Mar - Concomitentes</title>
<meta name="robots" content="index, follow, max-snippet:-1, max-image-preview:large, max-video-preview:-1" />
<link rel="canonical" href="https://concomitentes.org/en/concomitances/parliament-of-the-sea/" />
<meta property="og:locale" content="en_GB" />
<meta property="og:type" content="article" />
<meta property="og:title" content="Parlamento del Mar - Concomitentes" />
<meta property="og:description" content="En un contexto marcado por la emergencia climática, la pérdida de biodiversidad y la presión turística y urbanística, Parlamento del Mar impulsa procesos artísticos comunitarios que aúnan ciencia y ciudadanía [&hellip;]" />
<meta property="og:url" content="https://concomitentes.org/en/concomitances/parliament-of-the-sea/" />
<meta property="og:site_name" content="Concomitentes" />
<meta property="article:modified_time" content="2026-03-11T12:48:39+00:00" />
<meta property="og:image" content="https://concomitentes.org/wp-content/uploads/2026/03/PDM1eraeleccion-scaled.jpg" />
	<meta property="og:image:width" content="2560" />
	<meta property="og:image:height" content="1920" />
	<meta property="og:image:type" content="image/jpeg" />
<meta name="twitter:card" content="summary_large_image" />
<meta name="twitter:label1" content="Estimated reading time" />
	<meta name="twitter:data1" content="1 minute" />
<script type="application/ld+json" class="yoast-schema-graph">{"@context":"https:\/\/schema.org","@graph":[{"@type":"WebPage","@id":"https:\/\/concomitentes.org\/concomitancias\/parlamento-del-mar\/","url":"https:\/\/concomitentes.org\/concomitancias\/parlamento-del-mar\/","name":"Parlamento del Mar - Concomitentes","isPartOf":{"@id":"https:\/\/concomitentes.org\/en\/#website"},"primaryImageOfPage":{"@id":"https:\/\/concomitentes.org\/concomitancias\/parlamento-del-mar\/#primaryimage"},"image":{"@id":"https:\/\/concomitentes.org\/concomitancias\/parlamento-del-mar\/#primaryimage"},"thumbnailUrl":"https:\/\/concomitentes.org\/wp-content\/uploads\/2026\/03\/PDM1eraeleccion-scaled.jpg","datePublished":"2026-03-05T12:39:05+00:00","dateModified":"2026-03-11T12:48:39+00:00","breadcrumb":{"@id":"https:\/\/concomitentes.org\/concomitancias\/parlamento-del-mar\/#breadcrumb"},"inLanguage":"en-GB","potentialAction":[{"@type":"ReadAction","target":["https:\/\/concomitentes.org\/concomitancias\/parlamento-del-mar\/"]}]},{"@type":"ImageObject","inLanguage":"en-GB","@id":"https:\/\/concomitentes.org\/concomitancias\/parlamento-del-mar\/#primaryimage","url":"https:\/\/concomitentes.org\/wp-content\/uploads\/2026\/03\/PDM1eraeleccion-scaled.jpg","contentUrl":"https:\/\/concomitentes.org\/wp-content\/uploads\/2026\/03\/PDM1eraeleccion-scaled.jpg","width":2560,"height":1920},{"@type":"BreadcrumbList","@id":"https:\/\/concomitentes.org\/concomitancias\/parlamento-del-mar\/#breadcrumb","itemListElement":[{"@type":"ListItem","position":1,"name":"Portada","item":"https:\/\/concomitentes.org\/"},{"@type":"ListItem","position":2,"name":"Parlamento del Mar"}]},{"@type":"WebSite","@id":"https:\/\/concomitentes.org\/en\/#website","url":"https:\/\/concomitentes.org\/en\/","name":"Concomitentes","description":"Concomitentes promueve la creación de obras de arte y media entre la sociedad civil que las encarga y los\/las artistas que las producen.","potentialAction":[{"@type":"SearchAction","target":{"@type":"EntryPoint","urlTemplate":"https:\/\/concomitentes.org\/en\/?s={search_term_string}"},"query-input":{"@type":"PropertyValueSpecification","valueRequired":true,"valueName":"search_term_string"}}],"inLanguage":"en-GB"}]}</script>
<!-- / Yoast SEO plugin. -->

En un contexto marcado por la emergencia climática, la pérdida de biodiversidad y la presión turística y urbanística, Parlamento del Mar impulsa procesos artísticos comunitarios que aúnan ciencia y ciudadanía [&hellip;]
