{"id":3241,"date":"2025-12-18T11:28:11","date_gmt":"2025-12-18T11:28:11","guid":{"rendered":"https:\/\/concomitentes.org\/?post_type=proyecto&#038;p=3241"},"modified":"2026-03-11T12:33:45","modified_gmt":"2026-03-11T12:33:45","slug":"clearer-than-water","status":"publish","type":"proyecto","link":"https:\/\/concomitentes.org\/en\/concomitancias\/mes-clar-que-laigua\/","title":{"rendered":"Clearer than water"},"content":{"rendered":"<p><br>At <em>Clearer than water<\/em>, Through mediation and collective creation, the Sapeira community reactivates the unwritten rules that for generations have sustained communal water management. In this pre-Pyrenean village, water supply has historically been guaranteed through shared work, oral agreements and a deep relationship with the territory, which has allowed the maintenance of springs, pipes and orchards as living and cooperative spaces.<\/p>\n\n\n\n<p>This system, based on trust and mutual support, is now under stress due to persistent drought, depopulation and the application of new administrative regulations that conflict with the traditional governance of the resource. In the face of these changes, the project seeks to reinforce the knowledge and practices that have made the commons possible, while exploring how they can dialogue with current ecological and social challenges.<\/p>\n\n\n\n<p>The process - facilitated by the mediator and promoted by the Usnea RP collective - combines workshops, tours, conversations and artistic practices that create spaces for listening and shared imagination. The aim is to identify what needs to be cared for, transformed or recovered in relation to water in order to strengthen the community fabric and imagine sustainable and friendly futures.<\/p>\n\n\n\n<p>The final result will take the form of an artistic work born of collective desire, capable of giving visibility and continuity to this process of political imagination. <em>Clearer than water<\/em> The aim is to turn Sapeira into a space for research on how communal knowledge and ways of doing things can inspire new ways of governing resources and inhabiting the territory in times of climate change.<\/p>\n\n\n\n<details class=\"wp-block-details is-layout-flow wp-block-details-is-layout-flow\"><summary>Read in English<\/summary>\n<p><\/p>\n\n\n\n<p><strong>Exploring new and old forms of community water governance.<br><br><\/strong>At <em>Clearer than water<\/em>, the community of Sapeira reactivates, through mediation and collective creation, the unwritten rules that have sustained communal water management for generations. In this pre-Pyrenean village, water supply has historically been guaranteed through shared work, oral agreements and a profound relationship with the territory, which has allowed the maintenance of springs, pipelines and vegetable gardens as spaces for life and cooperation.<\/p>\n\n\n\n<p>This system, based on trust and mutual sustenance, is today under stress due to persistent drought, depopulation and the application of new administrative regulations that conflict with the traditional governance of the resource. In the face of these changes, the project seeks to reinforce the knowledge and practices that have made the commons possible, exploring how they can be brought into dialogue with current ecological and social challenges.<\/p>\n\n\n\n<p>The process - facilitated by the mediator and promoted by the Usnea RP collective - combines workshops, tours, conversations and artistic practices that open up spaces for listening and shared imagination. The aim is to identify what needs to be cared for, transformed or recovered in relation to water in order to strengthen the community fabric and imagine sustainable and friendly futures.<\/p>\n\n\n\n<p>The final result will take the form of an artistic commission arising from collective desire, capable of giving visibility and continuity to this process of political imagination. Clearer than water thus aspires to turn Sapeira into a space for testing how communal knowledge and ways of doing things can inspire new ways of governing resources and inhabiting the territory in times of climate change.<\/p>\n\n\n\n<p><\/p>\n<\/details>\n\n\n\n<p><\/p>","protected":false},"featured_media":3244,"template":"","meta":{"_acf_changed":false,"footnotes":""},"class_list":["post-3241","proyecto","type-proyecto","status-publish","has-post-thumbnail","hentry"],"acf":[],"yoast_head":"<!-- This site is optimized with the Yoast SEO plugin v27.5 - https:\/\/yoast.com\/product\/yoast-seo-wordpress\/ -->\n<title>M\u00e9s clar que l&#039;aigua - Concomitentes<\/title>\n<meta name=\"robots\" content=\"index, follow, max-snippet:-1, max-image-preview:large, max-video-preview:-1\" \/>\n<link rel=\"canonical\" href=\"https:\/\/concomitentes.org\/en\/concomitances\/clearer-than-water\/\" \/>\n<meta property=\"og:locale\" content=\"en_GB\" \/>\n<meta property=\"og:type\" content=\"article\" \/>\n<meta property=\"og:title\" content=\"M\u00e9s clar que l&#039;aigua - Concomitentes\" \/>\n<meta property=\"og:description\" content=\"En M\u00e9s clar que l\u2019aigua, la comunitat de Sapeira reactiva, mitjan\u00e7ant mediaci\u00f3 i creaci\u00f3 col\u00b7lectiva, les normes no escrites que durant generacions han sostingut la gesti\u00f3 comunal de l\u2019aigua. En [&hellip;]\" \/>\n<meta property=\"og:url\" content=\"https:\/\/concomitentes.org\/en\/concomitances\/clearer-than-water\/\" \/>\n<meta property=\"og:site_name\" content=\"Concomitentes\" \/>\n<meta property=\"article:modified_time\" content=\"2026-03-11T12:33:45+00:00\" \/>\n<meta property=\"og:image\" content=\"https:\/\/concomitentes.org\/wp-content\/uploads\/2025\/12\/R1-05625-0025-scaled.jpg\" \/>\n\t<meta property=\"og:image:width\" content=\"2560\" \/>\n\t<meta property=\"og:image:height\" content=\"1740\" \/>\n\t<meta property=\"og:image:type\" content=\"image\/jpeg\" \/>\n<meta name=\"twitter:card\" content=\"summary_large_image\" \/>\n<meta name=\"twitter:label1\" content=\"Estimated reading time\" \/>\n\t<meta name=\"twitter:data1\" content=\"3 minutes\" \/>\n<script type=\"application\/ld+json\" class=\"yoast-schema-graph\">{\"@context\":\"https:\\\/\\\/schema.org\",\"@graph\":[{\"@type\":\"WebPage\",\"@id\":\"https:\\\/\\\/concomitentes.org\\\/concomitancias\\\/mes-clar-que-laigua\\\/\",\"url\":\"https:\\\/\\\/concomitentes.org\\\/concomitancias\\\/mes-clar-que-laigua\\\/\",\"name\":\"M\u00e9s clar que l'aigua - Concomitentes\",\"isPartOf\":{\"@id\":\"https:\\\/\\\/concomitentes.org\\\/en\\\/#website\"},\"primaryImageOfPage\":{\"@id\":\"https:\\\/\\\/concomitentes.org\\\/concomitancias\\\/mes-clar-que-laigua\\\/#primaryimage\"},\"image\":{\"@id\":\"https:\\\/\\\/concomitentes.org\\\/concomitancias\\\/mes-clar-que-laigua\\\/#primaryimage\"},\"thumbnailUrl\":\"https:\\\/\\\/concomitentes.org\\\/wp-content\\\/uploads\\\/2025\\\/12\\\/R1-05625-0025-scaled.jpg\",\"datePublished\":\"2025-12-18T11:28:11+00:00\",\"dateModified\":\"2026-03-11T12:33:45+00:00\",\"breadcrumb\":{\"@id\":\"https:\\\/\\\/concomitentes.org\\\/concomitancias\\\/mes-clar-que-laigua\\\/#breadcrumb\"},\"inLanguage\":\"en-GB\",\"potentialAction\":[{\"@type\":\"ReadAction\",\"target\":[\"https:\\\/\\\/concomitentes.org\\\/concomitancias\\\/mes-clar-que-laigua\\\/\"]}]},{\"@type\":\"ImageObject\",\"inLanguage\":\"en-GB\",\"@id\":\"https:\\\/\\\/concomitentes.org\\\/concomitancias\\\/mes-clar-que-laigua\\\/#primaryimage\",\"url\":\"https:\\\/\\\/concomitentes.org\\\/wp-content\\\/uploads\\\/2025\\\/12\\\/R1-05625-0025-scaled.jpg\",\"contentUrl\":\"https:\\\/\\\/concomitentes.org\\\/wp-content\\\/uploads\\\/2025\\\/12\\\/R1-05625-0025-scaled.jpg\",\"width\":2560,\"height\":1740},{\"@type\":\"BreadcrumbList\",\"@id\":\"https:\\\/\\\/concomitentes.org\\\/concomitancias\\\/mes-clar-que-laigua\\\/#breadcrumb\",\"itemListElement\":[{\"@type\":\"ListItem\",\"position\":1,\"name\":\"Portada\",\"item\":\"https:\\\/\\\/concomitentes.org\\\/\"},{\"@type\":\"ListItem\",\"position\":2,\"name\":\"M\u00e9s clar que l&#8217;aigua\"}]},{\"@type\":\"WebSite\",\"@id\":\"https:\\\/\\\/concomitentes.org\\\/en\\\/#website\",\"url\":\"https:\\\/\\\/concomitentes.org\\\/en\\\/\",\"name\":\"Concomitentes\",\"description\":\"Concomitentes promueve la creaci\u00f3n de obras de arte y media entre la sociedad civil que las encarga y los\\\/las artistas que las producen.\",\"potentialAction\":[{\"@type\":\"SearchAction\",\"target\":{\"@type\":\"EntryPoint\",\"urlTemplate\":\"https:\\\/\\\/concomitentes.org\\\/en\\\/?s={search_term_string}\"},\"query-input\":{\"@type\":\"PropertyValueSpecification\",\"valueRequired\":true,\"valueName\":\"search_term_string\"}}],\"inLanguage\":\"en-GB\"}]}<\/script>\n<!-- \/ Yoast SEO plugin. -->","yoast_head_json":{"title":"Clearer than water - Concomitentes","robots":{"index":"index","follow":"follow","max-snippet":"max-snippet:-1","max-image-preview":"max-image-preview:large","max-video-preview":"max-video-preview:-1"},"canonical":"https:\/\/concomitentes.org\/en\/concomitances\/clearer-than-water\/","og_locale":"en_GB","og_type":"article","og_title":"M\u00e9s clar que l'aigua - Concomitentes","og_description":"En M\u00e9s clar que l\u2019aigua, la comunitat de Sapeira reactiva, mitjan\u00e7ant mediaci\u00f3 i creaci\u00f3 col\u00b7lectiva, les normes no escrites que durant generacions han sostingut la gesti\u00f3 comunal de l\u2019aigua. En [&hellip;]","og_url":"https:\/\/concomitentes.org\/en\/concomitances\/clearer-than-water\/","og_site_name":"Concomitentes","article_modified_time":"2026-03-11T12:33:45+00:00","og_image":[{"width":2560,"height":1740,"url":"https:\/\/concomitentes.org\/wp-content\/uploads\/2025\/12\/R1-05625-0025-scaled.jpg","type":"image\/jpeg"}],"twitter_card":"summary_large_image","twitter_misc":{"Estimated reading time":"3 minutes"},"schema":{"@context":"https:\/\/schema.org","@graph":[{"@type":"WebPage","@id":"https:\/\/concomitentes.org\/concomitancias\/mes-clar-que-laigua\/","url":"https:\/\/concomitentes.org\/concomitancias\/mes-clar-que-laigua\/","name":"Clearer than water - Concomitentes","isPartOf":{"@id":"https:\/\/concomitentes.org\/en\/#website"},"primaryImageOfPage":{"@id":"https:\/\/concomitentes.org\/concomitancias\/mes-clar-que-laigua\/#primaryimage"},"image":{"@id":"https:\/\/concomitentes.org\/concomitancias\/mes-clar-que-laigua\/#primaryimage"},"thumbnailUrl":"https:\/\/concomitentes.org\/wp-content\/uploads\/2025\/12\/R1-05625-0025-scaled.jpg","datePublished":"2025-12-18T11:28:11+00:00","dateModified":"2026-03-11T12:33:45+00:00","breadcrumb":{"@id":"https:\/\/concomitentes.org\/concomitancias\/mes-clar-que-laigua\/#breadcrumb"},"inLanguage":"en-GB","potentialAction":[{"@type":"ReadAction","target":["https:\/\/concomitentes.org\/concomitancias\/mes-clar-que-laigua\/"]}]},{"@type":"ImageObject","inLanguage":"en-GB","@id":"https:\/\/concomitentes.org\/concomitancias\/mes-clar-que-laigua\/#primaryimage","url":"https:\/\/concomitentes.org\/wp-content\/uploads\/2025\/12\/R1-05625-0025-scaled.jpg","contentUrl":"https:\/\/concomitentes.org\/wp-content\/uploads\/2025\/12\/R1-05625-0025-scaled.jpg","width":2560,"height":1740},{"@type":"BreadcrumbList","@id":"https:\/\/concomitentes.org\/concomitancias\/mes-clar-que-laigua\/#breadcrumb","itemListElement":[{"@type":"ListItem","position":1,"name":"Portada","item":"https:\/\/concomitentes.org\/"},{"@type":"ListItem","position":2,"name":"M\u00e9s clar que l&#8217;aigua"}]},{"@type":"WebSite","@id":"https:\/\/concomitentes.org\/en\/#website","url":"https:\/\/concomitentes.org\/en\/","name":"Concomitentes","description":"Concomitentes promotes the creation of works of art and mediates between the civil society that commissions them and the artists who produce them.","potentialAction":[{"@type":"SearchAction","target":{"@type":"EntryPoint","urlTemplate":"https:\/\/concomitentes.org\/en\/?s={search_term_string}"},"query-input":{"@type":"PropertyValueSpecification","valueRequired":true,"valueName":"search_term_string"}}],"inLanguage":"en-GB"}]}},"_links":{"self":[{"href":"https:\/\/concomitentes.org\/en\/wp-json\/wp\/v2\/proyecto\/3241","targetHints":{"allow":["GET"]}}],"collection":[{"href":"https:\/\/concomitentes.org\/en\/wp-json\/wp\/v2\/proyecto"}],"about":[{"href":"https:\/\/concomitentes.org\/en\/wp-json\/wp\/v2\/types\/proyecto"}],"version-history":[{"count":24,"href":"https:\/\/concomitentes.org\/en\/wp-json\/wp\/v2\/proyecto\/3241\/revisions"}],"predecessor-version":[{"id":3916,"href":"https:\/\/concomitentes.org\/en\/wp-json\/wp\/v2\/proyecto\/3241\/revisions\/3916"}],"wp:featuredmedia":[{"embeddable":true,"href":"https:\/\/concomitentes.org\/en\/wp-json\/wp\/v2\/media\/3244"}],"wp:attachment":[{"href":"https:\/\/concomitentes.org\/en\/wp-json\/wp\/v2\/media?parent=3241"}],"curies":[{"name":"wp","href":"https:\/\/api.w.org\/{rel}","templated":true}]}}

<!-- This site is optimized with the Yoast SEO plugin v27.5 - https://yoast.com/product/yoast-seo-wordpress/ -->
<title>Més clar que l&#039;aigua - Concomitentes</title>
<meta name="robots" content="index, follow, max-snippet:-1, max-image-preview:large, max-video-preview:-1" />
<link rel="canonical" href="https://concomitentes.org/en/concomitances/clearer-than-water/" />
<meta property="og:locale" content="en_GB" />
<meta property="og:type" content="article" />
<meta property="og:title" content="Més clar que l&#039;aigua - Concomitentes" />
<meta property="og:description" content="En Més clar que l’aigua, la comunitat de Sapeira reactiva, mitjançant mediació i creació col·lectiva, les normes no escrites que durant generacions han sostingut la gestió comunal de l’aigua. En [&hellip;]" />
<meta property="og:url" content="https://concomitentes.org/en/concomitances/clearer-than-water/" />
<meta property="og:site_name" content="Concomitentes" />
<meta property="article:modified_time" content="2026-03-11T12:33:45+00:00" />
<meta property="og:image" content="https://concomitentes.org/wp-content/uploads/2025/12/R1-05625-0025-scaled.jpg" />
	<meta property="og:image:width" content="2560" />
	<meta property="og:image:height" content="1740" />
	<meta property="og:image:type" content="image/jpeg" />
<meta name="twitter:card" content="summary_large_image" />
<meta name="twitter:label1" content="Estimated reading time" />
	<meta name="twitter:data1" content="3 minutes" />
<script type="application/ld+json" class="yoast-schema-graph">{"@context":"https:\/\/schema.org","@graph":[{"@type":"WebPage","@id":"https:\/\/concomitentes.org\/concomitancias\/mes-clar-que-laigua\/","url":"https:\/\/concomitentes.org\/concomitancias\/mes-clar-que-laigua\/","name":"Més clar que l'aigua - Concomitentes","isPartOf":{"@id":"https:\/\/concomitentes.org\/en\/#website"},"primaryImageOfPage":{"@id":"https:\/\/concomitentes.org\/concomitancias\/mes-clar-que-laigua\/#primaryimage"},"image":{"@id":"https:\/\/concomitentes.org\/concomitancias\/mes-clar-que-laigua\/#primaryimage"},"thumbnailUrl":"https:\/\/concomitentes.org\/wp-content\/uploads\/2025\/12\/R1-05625-0025-scaled.jpg","datePublished":"2025-12-18T11:28:11+00:00","dateModified":"2026-03-11T12:33:45+00:00","breadcrumb":{"@id":"https:\/\/concomitentes.org\/concomitancias\/mes-clar-que-laigua\/#breadcrumb"},"inLanguage":"en-GB","potentialAction":[{"@type":"ReadAction","target":["https:\/\/concomitentes.org\/concomitancias\/mes-clar-que-laigua\/"]}]},{"@type":"ImageObject","inLanguage":"en-GB","@id":"https:\/\/concomitentes.org\/concomitancias\/mes-clar-que-laigua\/#primaryimage","url":"https:\/\/concomitentes.org\/wp-content\/uploads\/2025\/12\/R1-05625-0025-scaled.jpg","contentUrl":"https:\/\/concomitentes.org\/wp-content\/uploads\/2025\/12\/R1-05625-0025-scaled.jpg","width":2560,"height":1740},{"@type":"BreadcrumbList","@id":"https:\/\/concomitentes.org\/concomitancias\/mes-clar-que-laigua\/#breadcrumb","itemListElement":[{"@type":"ListItem","position":1,"name":"Portada","item":"https:\/\/concomitentes.org\/"},{"@type":"ListItem","position":2,"name":"Més clar que l&#8217;aigua"}]},{"@type":"WebSite","@id":"https:\/\/concomitentes.org\/en\/#website","url":"https:\/\/concomitentes.org\/en\/","name":"Concomitentes","description":"Concomitentes promueve la creación de obras de arte y media entre la sociedad civil que las encarga y los\/las artistas que las producen.","potentialAction":[{"@type":"SearchAction","target":{"@type":"EntryPoint","urlTemplate":"https:\/\/concomitentes.org\/en\/?s={search_term_string}"},"query-input":{"@type":"PropertyValueSpecification","valueRequired":true,"valueName":"search_term_string"}}],"inLanguage":"en-GB"}]}</script>
<!-- / Yoast SEO plugin. -->

Més clar que l'aigua - Concomitentes

En Més clar que l’aigua, la comunitat de Sapeira reactiva, mitjançant mediació i creació col·lectiva, les normes no escrites que durant generacions han sostingut la gestió comunal de l’aigua. En [&hellip;]

Més clar que l&#8217;aigua
