{"id":2831,"date":"2025-10-08T13:36:30","date_gmt":"2025-10-08T13:36:30","guid":{"rendered":"https:\/\/concomitentes.org\/?post_type=proyecto&#038;p=2831"},"modified":"2026-03-09T11:18:07","modified_gmt":"2026-03-09T11:18:07","slug":"recognising-the-bush","status":"publish","type":"proyecto","link":"https:\/\/concomitentes.org\/en\/concomitancias\/reconocer-el-monte\/","title":{"rendered":"[Re]conocer el monte"},"content":{"rendered":"<p>The Pe\u00f1amayor mountain range is currently under threat from mining speculation. It is one of the most important enclaves of the central-eastern mountains of Asturias, with good mountains and a bayou fauna of great ecological value. Rich in springs, woods and passes, its memory is deeply traversed by the xeohistory of the three-humance. Its plot is plural, open and dense, as much as its symbolism: a three-generational icon of escapees, of the guerrilla fights, and a place of celebration, a place for the resurgence of new resistances. But all this is now at risk, due to a process that is unfolding in opacity and on the fringes of democratic control.<\/p>\n\n\n\n<p>In the face of this alarming situation, La Ben\u00e9fica de Pilo\u00f1a Espaciu Cultural, in alliance with the platform Salvemos Pe\u00f1amayor (Let's Save Pe\u00f1amayor), is considering how recognising the mountain can be a form of struggle. Convinced that inhabiting is one of the most powerful ways for the weak to confront speculation and exploitation, this project returns to the knowledge of the mountain as territories of resistance, and to the mountain as a place of incarnated knowledge, which both prisons us and takes us out of our place. This opens up the possibility of how to build common fronts between living beings, based on the emotional memories of the mountain, and how, by strengthening the community uses that already exist, we will become more capable of caring for Pe\u00f1amayor.<\/p>\n\n\n\n<details class=\"wp-block-details is-layout-flow wp-block-details-is-layout-flow\"><summary>Read in English<\/summary>\n<p><\/p>\n\n\n\n<p><strong>Caring for Pe\u00f1amayor from the memory of abandonment and its community uses.<br><\/strong><\/p>\n\n\n\n<p>The Pe\u00f1amayor mountain range stands today against the threat of mining speculation. It is one of the most important enclaves of the central-eastern mountains of Asturias, with extensive forests and a native fauna of great ecological value. Rich in springs, \"bra\u00f1as\" and places of passage, its memory is also deeply marked by the geohistory of transhumance. Its fabric is plural, open and dense, as much as its symbolism: a transgenerational icon of guerrilla struggles and a place of celebration, of the resurgence of new resistance. All of this is now at risk, due to a process that is taking place in opacity and outside democratic control.\u00a0<\/p>\n\n\n\n<p>Faced with this alarming situation, La Ben\u00e9fica de Pilo\u00f1a Espaciu Cultural, in alliance with the platform Salvemos Pe\u00f1amayor, proposes how recognising the forest can be a form of struggle. Convinced that inhabiting is one of the most powerful ways for the weak to resist speculation and extractivism, this project returns to the knowledge of the forest as territories of resistance, and to the forest as a place of embodied knowledge, which matters to us and takes us out of place. This opens up the question of how to weave common fronts of living beings, based on the emotional memories of the forest, and how, by strengthening the communal uses that already exist, we can become more capable of taking care of Pe\u00f1amayor.&nbsp;<\/p>\n<\/details>\n\n\n\n<p><\/p>","protected":false},"featured_media":2846,"template":"","meta":{"_acf_changed":false,"footnotes":""},"class_list":["post-2831","proyecto","type-proyecto","status-publish","has-post-thumbnail","hentry"],"acf":[],"yoast_head":"<!-- This site is optimized with the Yoast SEO plugin v27.5 - https:\/\/yoast.com\/product\/yoast-seo-wordpress\/ -->\n<title>[Re]conocer el monte - Concomitentes<\/title>\n<meta name=\"robots\" content=\"index, follow, max-snippet:-1, max-image-preview:large, max-video-preview:-1\" \/>\n<link rel=\"canonical\" href=\"https:\/\/concomitentes.org\/en\/concomitances\/recognising-the-bush\/\" \/>\n<meta property=\"og:locale\" content=\"en_GB\" \/>\n<meta property=\"og:type\" content=\"article\" \/>\n<meta property=\"og:title\" content=\"[Re]conocer el monte - Concomitentes\" \/>\n<meta property=\"og:description\" content=\"La sierra de Pe\u00f1amayor brama g\u00fcei \u00e9nte l\u2019amenaza de la especulaci\u00f3n minera. Ye \u00fan de los enclaves m\u00e1s importantes de la monta\u00f1a centro-oriental d\u2019Asturies, con bien de montes y una [&hellip;]\" \/>\n<meta property=\"og:url\" content=\"https:\/\/concomitentes.org\/en\/concomitances\/recognising-the-bush\/\" \/>\n<meta property=\"og:site_name\" content=\"Concomitentes\" \/>\n<meta property=\"article:modified_time\" content=\"2026-03-09T11:18:07+00:00\" \/>\n<meta property=\"og:image\" content=\"https:\/\/concomitentes.org\/wp-content\/uploads\/2025\/10\/SalvemosPenamayorPortada-2.jpg\" \/>\n\t<meta property=\"og:image:width\" content=\"1200\" \/>\n\t<meta property=\"og:image:height\" content=\"675\" \/>\n\t<meta property=\"og:image:type\" content=\"image\/jpeg\" \/>\n<meta name=\"twitter:card\" content=\"summary_large_image\" \/>\n<meta name=\"twitter:label1\" content=\"Estimated reading time\" \/>\n\t<meta name=\"twitter:data1\" content=\"3 minutes\" \/>\n<script type=\"application\/ld+json\" class=\"yoast-schema-graph\">{\"@context\":\"https:\\\/\\\/schema.org\",\"@graph\":[{\"@type\":\"WebPage\",\"@id\":\"https:\\\/\\\/concomitentes.org\\\/concomitancias\\\/reconocer-el-monte\\\/\",\"url\":\"https:\\\/\\\/concomitentes.org\\\/concomitancias\\\/reconocer-el-monte\\\/\",\"name\":\"[Re]conocer el monte - Concomitentes\",\"isPartOf\":{\"@id\":\"https:\\\/\\\/concomitentes.org\\\/en\\\/#website\"},\"primaryImageOfPage\":{\"@id\":\"https:\\\/\\\/concomitentes.org\\\/concomitancias\\\/reconocer-el-monte\\\/#primaryimage\"},\"image\":{\"@id\":\"https:\\\/\\\/concomitentes.org\\\/concomitancias\\\/reconocer-el-monte\\\/#primaryimage\"},\"thumbnailUrl\":\"https:\\\/\\\/concomitentes.org\\\/wp-content\\\/uploads\\\/2025\\\/10\\\/SalvemosPenamayorPortada-2.jpg\",\"datePublished\":\"2025-10-08T13:36:30+00:00\",\"dateModified\":\"2026-03-09T11:18:07+00:00\",\"breadcrumb\":{\"@id\":\"https:\\\/\\\/concomitentes.org\\\/concomitancias\\\/reconocer-el-monte\\\/#breadcrumb\"},\"inLanguage\":\"en-GB\",\"potentialAction\":[{\"@type\":\"ReadAction\",\"target\":[\"https:\\\/\\\/concomitentes.org\\\/concomitancias\\\/reconocer-el-monte\\\/\"]}]},{\"@type\":\"ImageObject\",\"inLanguage\":\"en-GB\",\"@id\":\"https:\\\/\\\/concomitentes.org\\\/concomitancias\\\/reconocer-el-monte\\\/#primaryimage\",\"url\":\"https:\\\/\\\/concomitentes.org\\\/wp-content\\\/uploads\\\/2025\\\/10\\\/SalvemosPenamayorPortada-2.jpg\",\"contentUrl\":\"https:\\\/\\\/concomitentes.org\\\/wp-content\\\/uploads\\\/2025\\\/10\\\/SalvemosPenamayorPortada-2.jpg\",\"width\":1200,\"height\":675},{\"@type\":\"BreadcrumbList\",\"@id\":\"https:\\\/\\\/concomitentes.org\\\/concomitancias\\\/reconocer-el-monte\\\/#breadcrumb\",\"itemListElement\":[{\"@type\":\"ListItem\",\"position\":1,\"name\":\"Portada\",\"item\":\"https:\\\/\\\/concomitentes.org\\\/\"},{\"@type\":\"ListItem\",\"position\":2,\"name\":\"[Re]conocer el monte\"}]},{\"@type\":\"WebSite\",\"@id\":\"https:\\\/\\\/concomitentes.org\\\/en\\\/#website\",\"url\":\"https:\\\/\\\/concomitentes.org\\\/en\\\/\",\"name\":\"Concomitentes\",\"description\":\"Concomitentes promueve la creaci\u00f3n de obras de arte y media entre la sociedad civil que las encarga y los\\\/las artistas que las producen.\",\"potentialAction\":[{\"@type\":\"SearchAction\",\"target\":{\"@type\":\"EntryPoint\",\"urlTemplate\":\"https:\\\/\\\/concomitentes.org\\\/en\\\/?s={search_term_string}\"},\"query-input\":{\"@type\":\"PropertyValueSpecification\",\"valueRequired\":true,\"valueName\":\"search_term_string\"}}],\"inLanguage\":\"en-GB\"}]}<\/script>\n<!-- \/ Yoast SEO plugin. -->","yoast_head_json":{"title":"[Re]conocer el monte - Concomitentes","robots":{"index":"index","follow":"follow","max-snippet":"max-snippet:-1","max-image-preview":"max-image-preview:large","max-video-preview":"max-video-preview:-1"},"canonical":"https:\/\/concomitentes.org\/en\/concomitances\/recognising-the-bush\/","og_locale":"en_GB","og_type":"article","og_title":"[Re]conocer el monte - Concomitentes","og_description":"La sierra de Pe\u00f1amayor brama g\u00fcei \u00e9nte l\u2019amenaza de la especulaci\u00f3n minera. Ye \u00fan de los enclaves m\u00e1s importantes de la monta\u00f1a centro-oriental d\u2019Asturies, con bien de montes y una [&hellip;]","og_url":"https:\/\/concomitentes.org\/en\/concomitances\/recognising-the-bush\/","og_site_name":"Concomitentes","article_modified_time":"2026-03-09T11:18:07+00:00","og_image":[{"width":1200,"height":675,"url":"https:\/\/concomitentes.org\/wp-content\/uploads\/2025\/10\/SalvemosPenamayorPortada-2.jpg","type":"image\/jpeg"}],"twitter_card":"summary_large_image","twitter_misc":{"Estimated reading time":"3 minutes"},"schema":{"@context":"https:\/\/schema.org","@graph":[{"@type":"WebPage","@id":"https:\/\/concomitentes.org\/concomitancias\/reconocer-el-monte\/","url":"https:\/\/concomitentes.org\/concomitancias\/reconocer-el-monte\/","name":"[Re]conocer el monte - Concomitentes","isPartOf":{"@id":"https:\/\/concomitentes.org\/en\/#website"},"primaryImageOfPage":{"@id":"https:\/\/concomitentes.org\/concomitancias\/reconocer-el-monte\/#primaryimage"},"image":{"@id":"https:\/\/concomitentes.org\/concomitancias\/reconocer-el-monte\/#primaryimage"},"thumbnailUrl":"https:\/\/concomitentes.org\/wp-content\/uploads\/2025\/10\/SalvemosPenamayorPortada-2.jpg","datePublished":"2025-10-08T13:36:30+00:00","dateModified":"2026-03-09T11:18:07+00:00","breadcrumb":{"@id":"https:\/\/concomitentes.org\/concomitancias\/reconocer-el-monte\/#breadcrumb"},"inLanguage":"en-GB","potentialAction":[{"@type":"ReadAction","target":["https:\/\/concomitentes.org\/concomitancias\/reconocer-el-monte\/"]}]},{"@type":"ImageObject","inLanguage":"en-GB","@id":"https:\/\/concomitentes.org\/concomitancias\/reconocer-el-monte\/#primaryimage","url":"https:\/\/concomitentes.org\/wp-content\/uploads\/2025\/10\/SalvemosPenamayorPortada-2.jpg","contentUrl":"https:\/\/concomitentes.org\/wp-content\/uploads\/2025\/10\/SalvemosPenamayorPortada-2.jpg","width":1200,"height":675},{"@type":"BreadcrumbList","@id":"https:\/\/concomitentes.org\/concomitancias\/reconocer-el-monte\/#breadcrumb","itemListElement":[{"@type":"ListItem","position":1,"name":"Portada","item":"https:\/\/concomitentes.org\/"},{"@type":"ListItem","position":2,"name":"[Re]conocer el monte"}]},{"@type":"WebSite","@id":"https:\/\/concomitentes.org\/en\/#website","url":"https:\/\/concomitentes.org\/en\/","name":"Concomitentes","description":"Concomitentes promotes the creation of works of art and mediates between the civil society that commissions them and the artists who produce them.","potentialAction":[{"@type":"SearchAction","target":{"@type":"EntryPoint","urlTemplate":"https:\/\/concomitentes.org\/en\/?s={search_term_string}"},"query-input":{"@type":"PropertyValueSpecification","valueRequired":true,"valueName":"search_term_string"}}],"inLanguage":"en-GB"}]}},"_links":{"self":[{"href":"https:\/\/concomitentes.org\/en\/wp-json\/wp\/v2\/proyecto\/2831","targetHints":{"allow":["GET"]}}],"collection":[{"href":"https:\/\/concomitentes.org\/en\/wp-json\/wp\/v2\/proyecto"}],"about":[{"href":"https:\/\/concomitentes.org\/en\/wp-json\/wp\/v2\/types\/proyecto"}],"version-history":[{"count":15,"href":"https:\/\/concomitentes.org\/en\/wp-json\/wp\/v2\/proyecto\/2831\/revisions"}],"predecessor-version":[{"id":3910,"href":"https:\/\/concomitentes.org\/en\/wp-json\/wp\/v2\/proyecto\/2831\/revisions\/3910"}],"wp:featuredmedia":[{"embeddable":true,"href":"https:\/\/concomitentes.org\/en\/wp-json\/wp\/v2\/media\/2846"}],"wp:attachment":[{"href":"https:\/\/concomitentes.org\/en\/wp-json\/wp\/v2\/media?parent=2831"}],"curies":[{"name":"wp","href":"https:\/\/api.w.org\/{rel}","templated":true}]}}

<p>The Peñamayor mountain range is currently under threat from mining speculation. It is one of the most important enclaves of the central-eastern mountains of Asturias, with good mountains and a bayou fauna of great ecological value. Rich in springs, woods and passes, its memory is deeply traversed by the xeohistory of the three-humance. Its plot is plural, open and dense, as much as its symbolism: a three-generational icon of escapees, of the guerrilla fights, and a place of celebration, a place for the resurgence of new resistances. But all this is now at risk, due to a process that is unfolding in opacity and on the fringes of democratic control.</p>



<p>In the face of this alarming situation, La Benéfica de Piloña Espaciu Cultural, in alliance with the platform Salvemos Peñamayor (Let's Save Peñamayor), is considering how recognising the mountain can be a form of struggle. Convinced that inhabiting is one of the most powerful ways for the weak to confront speculation and exploitation, this project returns to the knowledge of the mountain as territories of resistance, and to the mountain as a place of incarnated knowledge, which both prisons us and takes us out of our place. This opens up the possibility of how to build common fronts between living beings, based on the emotional memories of the mountain, and how, by strengthening the community uses that already exist, we will become more capable of caring for Peñamayor.</p>



<details class="wp-block-details is-layout-flow wp-block-details-is-layout-flow"><summary>Read in English</summary>
<p></p>



<p><strong>Caring for Peñamayor from the memory of abandonment and its community uses.<br></strong></p>



<p>The Peñamayor mountain range stands today against the threat of mining speculation. It is one of the most important enclaves of the central-eastern mountains of Asturias, with extensive forests and a native fauna of great ecological value. Rich in springs, "brañas" and places of passage, its memory is also deeply marked by the geohistory of transhumance. Its fabric is plural, open and dense, as much as its symbolism: a transgenerational icon of guerrilla struggles and a place of celebration, of the resurgence of new resistance. All of this is now at risk, due to a process that is taking place in opacity and outside democratic control. </p>



<p>Faced with this alarming situation, La Benéfica de Piloña Espaciu Cultural, in alliance with the platform Salvemos Peñamayor, proposes how recognising the forest can be a form of struggle. Convinced that inhabiting is one of the most powerful ways for the weak to resist speculation and extractivism, this project returns to the knowledge of the forest as territories of resistance, and to the forest as a place of embodied knowledge, which matters to us and takes us out of place. This opens up the question of how to weave common fronts of living beings, based on the emotional memories of the forest, and how, by strengthening the communal uses that already exist, we can become more capable of taking care of Peñamayor.&nbsp;</p>
</details>



<p></p>

<!-- This site is optimized with the Yoast SEO plugin v27.5 - https://yoast.com/product/yoast-seo-wordpress/ -->
<title>[Re]conocer el monte - Concomitentes</title>
<meta name="robots" content="index, follow, max-snippet:-1, max-image-preview:large, max-video-preview:-1" />
<link rel="canonical" href="https://concomitentes.org/en/concomitances/recognising-the-bush/" />
<meta property="og:locale" content="en_GB" />
<meta property="og:type" content="article" />
<meta property="og:title" content="[Re]conocer el monte - Concomitentes" />
<meta property="og:description" content="La sierra de Peñamayor brama güei énte l’amenaza de la especulación minera. Ye ún de los enclaves más importantes de la montaña centro-oriental d’Asturies, con bien de montes y una [&hellip;]" />
<meta property="og:url" content="https://concomitentes.org/en/concomitances/recognising-the-bush/" />
<meta property="og:site_name" content="Concomitentes" />
<meta property="article:modified_time" content="2026-03-09T11:18:07+00:00" />
<meta property="og:image" content="https://concomitentes.org/wp-content/uploads/2025/10/SalvemosPenamayorPortada-2.jpg" />
	<meta property="og:image:width" content="1200" />
	<meta property="og:image:height" content="675" />
	<meta property="og:image:type" content="image/jpeg" />
<meta name="twitter:card" content="summary_large_image" />
<meta name="twitter:label1" content="Estimated reading time" />
	<meta name="twitter:data1" content="3 minutes" />
<script type="application/ld+json" class="yoast-schema-graph">{"@context":"https:\/\/schema.org","@graph":[{"@type":"WebPage","@id":"https:\/\/concomitentes.org\/concomitancias\/reconocer-el-monte\/","url":"https:\/\/concomitentes.org\/concomitancias\/reconocer-el-monte\/","name":"[Re]conocer el monte - Concomitentes","isPartOf":{"@id":"https:\/\/concomitentes.org\/en\/#website"},"primaryImageOfPage":{"@id":"https:\/\/concomitentes.org\/concomitancias\/reconocer-el-monte\/#primaryimage"},"image":{"@id":"https:\/\/concomitentes.org\/concomitancias\/reconocer-el-monte\/#primaryimage"},"thumbnailUrl":"https:\/\/concomitentes.org\/wp-content\/uploads\/2025\/10\/SalvemosPenamayorPortada-2.jpg","datePublished":"2025-10-08T13:36:30+00:00","dateModified":"2026-03-09T11:18:07+00:00","breadcrumb":{"@id":"https:\/\/concomitentes.org\/concomitancias\/reconocer-el-monte\/#breadcrumb"},"inLanguage":"en-GB","potentialAction":[{"@type":"ReadAction","target":["https:\/\/concomitentes.org\/concomitancias\/reconocer-el-monte\/"]}]},{"@type":"ImageObject","inLanguage":"en-GB","@id":"https:\/\/concomitentes.org\/concomitancias\/reconocer-el-monte\/#primaryimage","url":"https:\/\/concomitentes.org\/wp-content\/uploads\/2025\/10\/SalvemosPenamayorPortada-2.jpg","contentUrl":"https:\/\/concomitentes.org\/wp-content\/uploads\/2025\/10\/SalvemosPenamayorPortada-2.jpg","width":1200,"height":675},{"@type":"BreadcrumbList","@id":"https:\/\/concomitentes.org\/concomitancias\/reconocer-el-monte\/#breadcrumb","itemListElement":[{"@type":"ListItem","position":1,"name":"Portada","item":"https:\/\/concomitentes.org\/"},{"@type":"ListItem","position":2,"name":"[Re]conocer el monte"}]},{"@type":"WebSite","@id":"https:\/\/concomitentes.org\/en\/#website","url":"https:\/\/concomitentes.org\/en\/","name":"Concomitentes","description":"Concomitentes promueve la creación de obras de arte y media entre la sociedad civil que las encarga y los\/las artistas que las producen.","potentialAction":[{"@type":"SearchAction","target":{"@type":"EntryPoint","urlTemplate":"https:\/\/concomitentes.org\/en\/?s={search_term_string}"},"query-input":{"@type":"PropertyValueSpecification","valueRequired":true,"valueName":"search_term_string"}}],"inLanguage":"en-GB"}]}</script>
<!-- / Yoast SEO plugin. -->

La sierra de Peñamayor brama güei énte l’amenaza de la especulación minera. Ye ún de los enclaves más importantes de la montaña centro-oriental d’Asturies, con bien de montes y una [&hellip;]
