{"id":279,"date":"2025-06-24T10:39:52","date_gmt":"2025-06-24T10:39:52","guid":{"rendered":"http:\/\/concomitentes.vl22350.dinaserver.com\/concomitancias\/non-plus-ultra\/"},"modified":"2026-04-21T11:50:22","modified_gmt":"2026-04-21T11:50:22","slug":"non-plus-ultra","status":"publish","type":"proyecto","link":"https:\/\/concomitentes.org\/en\/concomitancias\/non-plus-ultra\/","title":{"rendered":"Non plus ultra"},"content":{"rendered":"<p>\"Plus ultra\" is the motto that Spain bears on its coat of arms, \"beyond\" in Latin, a phrase that harks back to the age of Empire, to the founding moment of colonial patriotic mythologies, to the plundering and expansion of borders overseas and the gestation of racism and imperial logic as a raison d'\u00eatre, \"conquiro ergo sum\". \"Plus ultra\" encourages us to always go beyond, to go beyond all limits, the foundational logic of capitalism: the absurdity of infinite extraction and accumulation on a finite planet.<\/p>\n<p>These \"asphyxiating mythologies\" (in the words of V\u00edctor Chamorro) generate a gaze that detaches itself from the land and observes the soil as a source of enrichment. The project \"Non plus ultra\" brings together a series of young people from the south of Badajoz to think about the links, rites and imaginaries that we need to reverse a fascist narrative that imposes a single way of relating to the land. These concerns are expressed in our comarcas around water and the threat to water resources posed by extractive industrial projects.<\/p>\n<p><!--more--><\/p>\n<p>Through a collective study process on the rural south of Badajoz focused on the limits, the processes of exchange, contamination and mutation, \"Non plus ultra\" wants to find healthier ways of linking us with the land, with its traditions and symbols beyond colonial and patriarchal discourses. Throughout the project we will try to open up this search process to listen to different voices and ask how to see as a garden what we have been taught to see as a desert?<\/p>","protected":false},"featured_media":236,"template":"","meta":{"_acf_changed":false,"footnotes":""},"class_list":["post-279","proyecto","type-proyecto","status-publish","has-post-thumbnail","hentry"],"acf":[],"yoast_head":"<!-- This site is optimized with the Yoast SEO plugin v27.5 - https:\/\/yoast.com\/product\/yoast-seo-wordpress\/ -->\n<title>Non plus ultra - Concomitentes<\/title>\n<meta name=\"robots\" content=\"index, follow, max-snippet:-1, max-image-preview:large, max-video-preview:-1\" \/>\n<link rel=\"canonical\" href=\"https:\/\/concomitentes.org\/en\/concomitances\/non-plus-ultra\/\" \/>\n<meta property=\"og:locale\" content=\"en_GB\" \/>\n<meta property=\"og:type\" content=\"article\" \/>\n<meta property=\"og:title\" content=\"Non plus ultra - Concomitentes\" \/>\n<meta property=\"og:description\" content=\"\u201cPlus ultra\u201d es el lema que Espa\u00f1a lleva en su escudo, \u201cm\u00e1s all\u00e1\u201d en lat\u00edn, una frase que remite a la \u00e9poca del Imperio, al momento fundacional de las mitolog\u00edas [&hellip;]\" \/>\n<meta property=\"og:url\" content=\"https:\/\/concomitentes.org\/en\/concomitances\/non-plus-ultra\/\" \/>\n<meta property=\"og:site_name\" content=\"Concomitentes\" \/>\n<meta property=\"article:modified_time\" content=\"2026-04-21T11:50:22+00:00\" \/>\n<meta property=\"og:image\" content=\"https:\/\/concomitentes.org\/wp-content\/uploads\/2025\/06\/53847095546_7978095318_k.jpg\" \/>\n\t<meta property=\"og:image:width\" content=\"2048\" \/>\n\t<meta property=\"og:image:height\" content=\"1366\" \/>\n\t<meta property=\"og:image:type\" content=\"image\/jpeg\" \/>\n<meta name=\"twitter:card\" content=\"summary_large_image\" \/>\n<meta name=\"twitter:label1\" content=\"Estimated reading time\" \/>\n\t<meta name=\"twitter:data1\" content=\"2 minutes\" \/>\n<script type=\"application\/ld+json\" class=\"yoast-schema-graph\">{\"@context\":\"https:\\\/\\\/schema.org\",\"@graph\":[{\"@type\":\"WebPage\",\"@id\":\"https:\\\/\\\/concomitentes.org\\\/concomitancias\\\/non-plus-ultra\\\/\",\"url\":\"https:\\\/\\\/concomitentes.org\\\/concomitancias\\\/non-plus-ultra\\\/\",\"name\":\"Non plus ultra - Concomitentes\",\"isPartOf\":{\"@id\":\"https:\\\/\\\/concomitentes.org\\\/en\\\/#website\"},\"primaryImageOfPage\":{\"@id\":\"https:\\\/\\\/concomitentes.org\\\/concomitancias\\\/non-plus-ultra\\\/#primaryimage\"},\"image\":{\"@id\":\"https:\\\/\\\/concomitentes.org\\\/concomitancias\\\/non-plus-ultra\\\/#primaryimage\"},\"thumbnailUrl\":\"https:\\\/\\\/concomitentes.org\\\/wp-content\\\/uploads\\\/2025\\\/06\\\/53847095546_7978095318_k.jpg\",\"datePublished\":\"2025-06-24T10:39:52+00:00\",\"dateModified\":\"2026-04-21T11:50:22+00:00\",\"breadcrumb\":{\"@id\":\"https:\\\/\\\/concomitentes.org\\\/concomitancias\\\/non-plus-ultra\\\/#breadcrumb\"},\"inLanguage\":\"en-GB\",\"potentialAction\":[{\"@type\":\"ReadAction\",\"target\":[\"https:\\\/\\\/concomitentes.org\\\/concomitancias\\\/non-plus-ultra\\\/\"]}]},{\"@type\":\"ImageObject\",\"inLanguage\":\"en-GB\",\"@id\":\"https:\\\/\\\/concomitentes.org\\\/concomitancias\\\/non-plus-ultra\\\/#primaryimage\",\"url\":\"https:\\\/\\\/concomitentes.org\\\/wp-content\\\/uploads\\\/2025\\\/06\\\/53847095546_7978095318_k.jpg\",\"contentUrl\":\"https:\\\/\\\/concomitentes.org\\\/wp-content\\\/uploads\\\/2025\\\/06\\\/53847095546_7978095318_k.jpg\",\"width\":2048,\"height\":1366},{\"@type\":\"BreadcrumbList\",\"@id\":\"https:\\\/\\\/concomitentes.org\\\/concomitancias\\\/non-plus-ultra\\\/#breadcrumb\",\"itemListElement\":[{\"@type\":\"ListItem\",\"position\":1,\"name\":\"Portada\",\"item\":\"https:\\\/\\\/concomitentes.org\\\/\"},{\"@type\":\"ListItem\",\"position\":2,\"name\":\"Non plus ultra\"}]},{\"@type\":\"WebSite\",\"@id\":\"https:\\\/\\\/concomitentes.org\\\/en\\\/#website\",\"url\":\"https:\\\/\\\/concomitentes.org\\\/en\\\/\",\"name\":\"Concomitentes\",\"description\":\"Concomitentes promueve la creaci\u00f3n de obras de arte y media entre la sociedad civil que las encarga y los\\\/las artistas que las producen.\",\"potentialAction\":[{\"@type\":\"SearchAction\",\"target\":{\"@type\":\"EntryPoint\",\"urlTemplate\":\"https:\\\/\\\/concomitentes.org\\\/en\\\/?s={search_term_string}\"},\"query-input\":{\"@type\":\"PropertyValueSpecification\",\"valueRequired\":true,\"valueName\":\"search_term_string\"}}],\"inLanguage\":\"en-GB\"}]}<\/script>\n<!-- \/ Yoast SEO plugin. -->","yoast_head_json":{"title":"Non plus ultra - Concomitants","robots":{"index":"index","follow":"follow","max-snippet":"max-snippet:-1","max-image-preview":"max-image-preview:large","max-video-preview":"max-video-preview:-1"},"canonical":"https:\/\/concomitentes.org\/en\/concomitances\/non-plus-ultra\/","og_locale":"en_GB","og_type":"article","og_title":"Non plus ultra - Concomitentes","og_description":"\u201cPlus ultra\u201d es el lema que Espa\u00f1a lleva en su escudo, \u201cm\u00e1s all\u00e1\u201d en lat\u00edn, una frase que remite a la \u00e9poca del Imperio, al momento fundacional de las mitolog\u00edas [&hellip;]","og_url":"https:\/\/concomitentes.org\/en\/concomitances\/non-plus-ultra\/","og_site_name":"Concomitentes","article_modified_time":"2026-04-21T11:50:22+00:00","og_image":[{"width":2048,"height":1366,"url":"https:\/\/concomitentes.org\/wp-content\/uploads\/2025\/06\/53847095546_7978095318_k.jpg","type":"image\/jpeg"}],"twitter_card":"summary_large_image","twitter_misc":{"Estimated reading time":"2 minutes"},"schema":{"@context":"https:\/\/schema.org","@graph":[{"@type":"WebPage","@id":"https:\/\/concomitentes.org\/concomitancias\/non-plus-ultra\/","url":"https:\/\/concomitentes.org\/concomitancias\/non-plus-ultra\/","name":"Non plus ultra - Concomitants","isPartOf":{"@id":"https:\/\/concomitentes.org\/en\/#website"},"primaryImageOfPage":{"@id":"https:\/\/concomitentes.org\/concomitancias\/non-plus-ultra\/#primaryimage"},"image":{"@id":"https:\/\/concomitentes.org\/concomitancias\/non-plus-ultra\/#primaryimage"},"thumbnailUrl":"https:\/\/concomitentes.org\/wp-content\/uploads\/2025\/06\/53847095546_7978095318_k.jpg","datePublished":"2025-06-24T10:39:52+00:00","dateModified":"2026-04-21T11:50:22+00:00","breadcrumb":{"@id":"https:\/\/concomitentes.org\/concomitancias\/non-plus-ultra\/#breadcrumb"},"inLanguage":"en-GB","potentialAction":[{"@type":"ReadAction","target":["https:\/\/concomitentes.org\/concomitancias\/non-plus-ultra\/"]}]},{"@type":"ImageObject","inLanguage":"en-GB","@id":"https:\/\/concomitentes.org\/concomitancias\/non-plus-ultra\/#primaryimage","url":"https:\/\/concomitentes.org\/wp-content\/uploads\/2025\/06\/53847095546_7978095318_k.jpg","contentUrl":"https:\/\/concomitentes.org\/wp-content\/uploads\/2025\/06\/53847095546_7978095318_k.jpg","width":2048,"height":1366},{"@type":"BreadcrumbList","@id":"https:\/\/concomitentes.org\/concomitancias\/non-plus-ultra\/#breadcrumb","itemListElement":[{"@type":"ListItem","position":1,"name":"Portada","item":"https:\/\/concomitentes.org\/"},{"@type":"ListItem","position":2,"name":"Non plus ultra"}]},{"@type":"WebSite","@id":"https:\/\/concomitentes.org\/en\/#website","url":"https:\/\/concomitentes.org\/en\/","name":"Concomitentes","description":"Concomitentes promotes the creation of works of art and mediates between the civil society that commissions them and the artists who produce them.","potentialAction":[{"@type":"SearchAction","target":{"@type":"EntryPoint","urlTemplate":"https:\/\/concomitentes.org\/en\/?s={search_term_string}"},"query-input":{"@type":"PropertyValueSpecification","valueRequired":true,"valueName":"search_term_string"}}],"inLanguage":"en-GB"}]}},"_links":{"self":[{"href":"https:\/\/concomitentes.org\/en\/wp-json\/wp\/v2\/proyecto\/279","targetHints":{"allow":["GET"]}}],"collection":[{"href":"https:\/\/concomitentes.org\/en\/wp-json\/wp\/v2\/proyecto"}],"about":[{"href":"https:\/\/concomitentes.org\/en\/wp-json\/wp\/v2\/types\/proyecto"}],"version-history":[{"count":7,"href":"https:\/\/concomitentes.org\/en\/wp-json\/wp\/v2\/proyecto\/279\/revisions"}],"predecessor-version":[{"id":4036,"href":"https:\/\/concomitentes.org\/en\/wp-json\/wp\/v2\/proyecto\/279\/revisions\/4036"}],"wp:featuredmedia":[{"embeddable":true,"href":"https:\/\/concomitentes.org\/en\/wp-json\/wp\/v2\/media\/236"}],"wp:attachment":[{"href":"https:\/\/concomitentes.org\/en\/wp-json\/wp\/v2\/media?parent=279"}],"curies":[{"name":"wp","href":"https:\/\/api.w.org\/{rel}","templated":true}]}}

<p>"Plus ultra" is the motto that Spain bears on its coat of arms, "beyond" in Latin, a phrase that harks back to the age of Empire, to the founding moment of colonial patriotic mythologies, to the plundering and expansion of borders overseas and the gestation of racism and imperial logic as a raison d'être, "conquiro ergo sum". "Plus ultra" encourages us to always go beyond, to go beyond all limits, the foundational logic of capitalism: the absurdity of infinite extraction and accumulation on a finite planet.</p>
<p>These "asphyxiating mythologies" (in the words of Víctor Chamorro) generate a gaze that detaches itself from the land and observes the soil as a source of enrichment. The project "Non plus ultra" brings together a series of young people from the south of Badajoz to think about the links, rites and imaginaries that we need to reverse a fascist narrative that imposes a single way of relating to the land. These concerns are expressed in our comarcas around water and the threat to water resources posed by extractive industrial projects.</p>
<p><!--more--></p>
<p>Through a collective study process on the rural south of Badajoz focused on the limits, the processes of exchange, contamination and mutation, "Non plus ultra" wants to find healthier ways of linking us with the land, with its traditions and symbols beyond colonial and patriarchal discourses. Throughout the project we will try to open up this search process to listen to different voices and ask how to see as a garden what we have been taught to see as a desert?</p>

<!-- This site is optimized with the Yoast SEO plugin v27.5 - https://yoast.com/product/yoast-seo-wordpress/ -->
<title>Non plus ultra - Concomitentes</title>
<meta name="robots" content="index, follow, max-snippet:-1, max-image-preview:large, max-video-preview:-1" />
<link rel="canonical" href="https://concomitentes.org/en/concomitances/non-plus-ultra/" />
<meta property="og:locale" content="en_GB" />
<meta property="og:type" content="article" />
<meta property="og:title" content="Non plus ultra - Concomitentes" />
<meta property="og:description" content="“Plus ultra” es el lema que España lleva en su escudo, “más allá” en latín, una frase que remite a la época del Imperio, al momento fundacional de las mitologías [&hellip;]" />
<meta property="og:url" content="https://concomitentes.org/en/concomitances/non-plus-ultra/" />
<meta property="og:site_name" content="Concomitentes" />
<meta property="article:modified_time" content="2026-04-21T11:50:22+00:00" />
<meta property="og:image" content="https://concomitentes.org/wp-content/uploads/2025/06/53847095546_7978095318_k.jpg" />
	<meta property="og:image:width" content="2048" />
	<meta property="og:image:height" content="1366" />
	<meta property="og:image:type" content="image/jpeg" />
<meta name="twitter:card" content="summary_large_image" />
<meta name="twitter:label1" content="Estimated reading time" />
	<meta name="twitter:data1" content="2 minutes" />
<script type="application/ld+json" class="yoast-schema-graph">{"@context":"https:\/\/schema.org","@graph":[{"@type":"WebPage","@id":"https:\/\/concomitentes.org\/concomitancias\/non-plus-ultra\/","url":"https:\/\/concomitentes.org\/concomitancias\/non-plus-ultra\/","name":"Non plus ultra - Concomitentes","isPartOf":{"@id":"https:\/\/concomitentes.org\/en\/#website"},"primaryImageOfPage":{"@id":"https:\/\/concomitentes.org\/concomitancias\/non-plus-ultra\/#primaryimage"},"image":{"@id":"https:\/\/concomitentes.org\/concomitancias\/non-plus-ultra\/#primaryimage"},"thumbnailUrl":"https:\/\/concomitentes.org\/wp-content\/uploads\/2025\/06\/53847095546_7978095318_k.jpg","datePublished":"2025-06-24T10:39:52+00:00","dateModified":"2026-04-21T11:50:22+00:00","breadcrumb":{"@id":"https:\/\/concomitentes.org\/concomitancias\/non-plus-ultra\/#breadcrumb"},"inLanguage":"en-GB","potentialAction":[{"@type":"ReadAction","target":["https:\/\/concomitentes.org\/concomitancias\/non-plus-ultra\/"]}]},{"@type":"ImageObject","inLanguage":"en-GB","@id":"https:\/\/concomitentes.org\/concomitancias\/non-plus-ultra\/#primaryimage","url":"https:\/\/concomitentes.org\/wp-content\/uploads\/2025\/06\/53847095546_7978095318_k.jpg","contentUrl":"https:\/\/concomitentes.org\/wp-content\/uploads\/2025\/06\/53847095546_7978095318_k.jpg","width":2048,"height":1366},{"@type":"BreadcrumbList","@id":"https:\/\/concomitentes.org\/concomitancias\/non-plus-ultra\/#breadcrumb","itemListElement":[{"@type":"ListItem","position":1,"name":"Portada","item":"https:\/\/concomitentes.org\/"},{"@type":"ListItem","position":2,"name":"Non plus ultra"}]},{"@type":"WebSite","@id":"https:\/\/concomitentes.org\/en\/#website","url":"https:\/\/concomitentes.org\/en\/","name":"Concomitentes","description":"Concomitentes promueve la creación de obras de arte y media entre la sociedad civil que las encarga y los\/las artistas que las producen.","potentialAction":[{"@type":"SearchAction","target":{"@type":"EntryPoint","urlTemplate":"https:\/\/concomitentes.org\/en\/?s={search_term_string}"},"query-input":{"@type":"PropertyValueSpecification","valueRequired":true,"valueName":"search_term_string"}}],"inLanguage":"en-GB"}]}</script>
<!-- / Yoast SEO plugin. -->

“Plus ultra” es el lema que España lleva en su escudo, “más allá” en latín, una frase que remite a la época del Imperio, al momento fundacional de las mitologías [&hellip;]
