{"id":269,"date":"2025-06-24T10:39:52","date_gmt":"2025-06-24T10:39:52","guid":{"rendered":"http:\/\/concomitentes.vl22350.dinaserver.com\/concomitancias\/narrativas-solares\/"},"modified":"2026-01-02T13:32:31","modified_gmt":"2026-01-02T13:32:31","slug":"solar-narratives","status":"publish","type":"proyecto","link":"https:\/\/concomitentes.org\/en\/concomitancias\/narrativas-solares\/","title":{"rendered":"Solar Narratives"},"content":{"rendered":"<p>The region of La Sobarriba is located just a few kilometres from the city of Le\u00f3n and is mainly made up of the 20 villages and 2 groups of houses that form part of the municipality of Valdefresno. Its landscape is formed by gentle hills of dry land, and is crossed by the Camino de Santiago and situated between the rivers Porma, Bernesga and Tor\u00edo. In this context, Narrativas Solares was born, which brings together the desire of some neighbours who live in La Sobarriba to make visible the problems and contradictions, both eco-social and on a personal and emotional level, that arise in their territory with the installation of a macro-solar plant.<\/p>\n<p>This fact, which a priori represents a great advance towards decarbonisation, means for many of them, who have been fighting for years in eco-social activism, the university and the defence of rural areas, a hijacking of their environmentalist narratives by the big energy companies.<\/p>\n<p>These people, who are beginning to organise themselves in the Platform in Defence of La Sobarriba, believe that to take on such an oversized extractivist project in this territory is to repeat a model of energy colonisation that has already occurred many times in the province of Le\u00f3n with the Ria\u00f1o reservoir, the underground and open-cast mines in the valleys of Laciana and El Bierzo, and the thermal power plant at La Robla.<\/p>\n<p><!--more--><\/p>\n<p>Thus, the concomitance will activate a dialogic process with the neighbourhood and the ecosystem so that the effects on the habitats and the landscape that they all enjoy on their walks are as slight as possible, so that farmers do not feel expelled from the land they work and which is their livelihood, and that the impacts on hunting activity are minimal so that their homes are devalued as little as possible.<\/p>\n<p>In order to establish this dialogue with the rest of society, they want to be understood in all the complexity of their thinking and place in the world. From the story of the dense, slow, seasonal and caring rural times that continue to endure in the face of the present time that imposes the tyranny of the immediate, the brief and the fast. Stopping to look and to look at ourselves. To stop, to perceive all that is already happening, and to heal from a network of protection and subjection.<\/p>\n<p>And in this healing, they want to be told from the human and the non-human: from the people, the places, the buildings, the stories, the squares, the supplies or the liturgies. That which has come to be called territory and which is often homogenised, turning it into a landscape with the aim of losing its singularity.<\/p>\n<p>Recreating and re-imagining the story of the celebration of living, with all its contradictions, in rural territories such as the Sobarriba. Uniting \"doing\" with \"thinking\", the \"scientific\" with the \"magical\", using the sensorial and emotional as the tool that serves us both for the observation of reality and for the description and redesign of these new narratives.<\/p>","protected":false},"featured_media":234,"template":"","meta":{"_acf_changed":false,"footnotes":""},"class_list":["post-269","proyecto","type-proyecto","status-publish","has-post-thumbnail","hentry"],"acf":[],"yoast_head":"<!-- This site is optimized with the Yoast SEO plugin v27.5 - https:\/\/yoast.com\/product\/yoast-seo-wordpress\/ -->\n<title>Narrativas Solares - Concomitentes<\/title>\n<meta name=\"robots\" content=\"index, follow, max-snippet:-1, max-image-preview:large, max-video-preview:-1\" \/>\n<link rel=\"canonical\" href=\"https:\/\/concomitentes.org\/en\/concomitances\/solar-narratives\/\" \/>\n<meta property=\"og:locale\" content=\"en_GB\" \/>\n<meta property=\"og:type\" content=\"article\" \/>\n<meta property=\"og:title\" content=\"Narrativas Solares - Concomitentes\" \/>\n<meta property=\"og:description\" content=\"La comarca de La Sobarriba est\u00e1 situada a escasos kil\u00f3metros de la ciudad de Le\u00f3n y la conforman, principalmente, los 20 pueblos y 2 agrupaciones de casas que forman parte [&hellip;]\" \/>\n<meta property=\"og:url\" content=\"https:\/\/concomitentes.org\/en\/concomitances\/solar-narratives\/\" \/>\n<meta property=\"og:site_name\" content=\"Concomitentes\" \/>\n<meta property=\"article:modified_time\" content=\"2026-01-02T13:32:31+00:00\" \/>\n<meta property=\"og:image\" content=\"https:\/\/concomitentes.org\/wp-content\/uploads\/2025\/06\/53317025772_4f7de305c0_k.jpg\" \/>\n\t<meta property=\"og:image:width\" content=\"2048\" \/>\n\t<meta property=\"og:image:height\" content=\"1536\" \/>\n\t<meta property=\"og:image:type\" content=\"image\/jpeg\" \/>\n<meta name=\"twitter:card\" content=\"summary_large_image\" \/>\n<meta name=\"twitter:label1\" content=\"Estimated reading time\" \/>\n\t<meta name=\"twitter:data1\" content=\"3 minutes\" \/>\n<script type=\"application\/ld+json\" class=\"yoast-schema-graph\">{\"@context\":\"https:\\\/\\\/schema.org\",\"@graph\":[{\"@type\":\"WebPage\",\"@id\":\"https:\\\/\\\/concomitentes.org\\\/concomitancias\\\/narrativas-solares\\\/\",\"url\":\"https:\\\/\\\/concomitentes.org\\\/concomitancias\\\/narrativas-solares\\\/\",\"name\":\"Narrativas Solares - Concomitentes\",\"isPartOf\":{\"@id\":\"https:\\\/\\\/concomitentes.org\\\/en\\\/#website\"},\"primaryImageOfPage\":{\"@id\":\"https:\\\/\\\/concomitentes.org\\\/concomitancias\\\/narrativas-solares\\\/#primaryimage\"},\"image\":{\"@id\":\"https:\\\/\\\/concomitentes.org\\\/concomitancias\\\/narrativas-solares\\\/#primaryimage\"},\"thumbnailUrl\":\"https:\\\/\\\/concomitentes.org\\\/wp-content\\\/uploads\\\/2025\\\/06\\\/53317025772_4f7de305c0_k.jpg\",\"datePublished\":\"2025-06-24T10:39:52+00:00\",\"dateModified\":\"2026-01-02T13:32:31+00:00\",\"breadcrumb\":{\"@id\":\"https:\\\/\\\/concomitentes.org\\\/concomitancias\\\/narrativas-solares\\\/#breadcrumb\"},\"inLanguage\":\"en-GB\",\"potentialAction\":[{\"@type\":\"ReadAction\",\"target\":[\"https:\\\/\\\/concomitentes.org\\\/concomitancias\\\/narrativas-solares\\\/\"]}]},{\"@type\":\"ImageObject\",\"inLanguage\":\"en-GB\",\"@id\":\"https:\\\/\\\/concomitentes.org\\\/concomitancias\\\/narrativas-solares\\\/#primaryimage\",\"url\":\"https:\\\/\\\/concomitentes.org\\\/wp-content\\\/uploads\\\/2025\\\/06\\\/53317025772_4f7de305c0_k.jpg\",\"contentUrl\":\"https:\\\/\\\/concomitentes.org\\\/wp-content\\\/uploads\\\/2025\\\/06\\\/53317025772_4f7de305c0_k.jpg\",\"width\":2048,\"height\":1536},{\"@type\":\"BreadcrumbList\",\"@id\":\"https:\\\/\\\/concomitentes.org\\\/concomitancias\\\/narrativas-solares\\\/#breadcrumb\",\"itemListElement\":[{\"@type\":\"ListItem\",\"position\":1,\"name\":\"Portada\",\"item\":\"https:\\\/\\\/concomitentes.org\\\/\"},{\"@type\":\"ListItem\",\"position\":2,\"name\":\"Narrativas Solares\"}]},{\"@type\":\"WebSite\",\"@id\":\"https:\\\/\\\/concomitentes.org\\\/en\\\/#website\",\"url\":\"https:\\\/\\\/concomitentes.org\\\/en\\\/\",\"name\":\"Concomitentes\",\"description\":\"Concomitentes promueve la creaci\u00f3n de obras de arte y media entre la sociedad civil que las encarga y los\\\/las artistas que las producen.\",\"potentialAction\":[{\"@type\":\"SearchAction\",\"target\":{\"@type\":\"EntryPoint\",\"urlTemplate\":\"https:\\\/\\\/concomitentes.org\\\/en\\\/?s={search_term_string}\"},\"query-input\":{\"@type\":\"PropertyValueSpecification\",\"valueRequired\":true,\"valueName\":\"search_term_string\"}}],\"inLanguage\":\"en-GB\"}]}<\/script>\n<!-- \/ Yoast SEO plugin. -->","yoast_head_json":{"title":"Solar Narratives - Concomitants","robots":{"index":"index","follow":"follow","max-snippet":"max-snippet:-1","max-image-preview":"max-image-preview:large","max-video-preview":"max-video-preview:-1"},"canonical":"https:\/\/concomitentes.org\/en\/concomitances\/solar-narratives\/","og_locale":"en_GB","og_type":"article","og_title":"Narrativas Solares - Concomitentes","og_description":"La comarca de La Sobarriba est\u00e1 situada a escasos kil\u00f3metros de la ciudad de Le\u00f3n y la conforman, principalmente, los 20 pueblos y 2 agrupaciones de casas que forman parte [&hellip;]","og_url":"https:\/\/concomitentes.org\/en\/concomitances\/solar-narratives\/","og_site_name":"Concomitentes","article_modified_time":"2026-01-02T13:32:31+00:00","og_image":[{"width":2048,"height":1536,"url":"https:\/\/concomitentes.org\/wp-content\/uploads\/2025\/06\/53317025772_4f7de305c0_k.jpg","type":"image\/jpeg"}],"twitter_card":"summary_large_image","twitter_misc":{"Estimated reading time":"3 minutes"},"schema":{"@context":"https:\/\/schema.org","@graph":[{"@type":"WebPage","@id":"https:\/\/concomitentes.org\/concomitancias\/narrativas-solares\/","url":"https:\/\/concomitentes.org\/concomitancias\/narrativas-solares\/","name":"Solar Narratives - Concomitants","isPartOf":{"@id":"https:\/\/concomitentes.org\/en\/#website"},"primaryImageOfPage":{"@id":"https:\/\/concomitentes.org\/concomitancias\/narrativas-solares\/#primaryimage"},"image":{"@id":"https:\/\/concomitentes.org\/concomitancias\/narrativas-solares\/#primaryimage"},"thumbnailUrl":"https:\/\/concomitentes.org\/wp-content\/uploads\/2025\/06\/53317025772_4f7de305c0_k.jpg","datePublished":"2025-06-24T10:39:52+00:00","dateModified":"2026-01-02T13:32:31+00:00","breadcrumb":{"@id":"https:\/\/concomitentes.org\/concomitancias\/narrativas-solares\/#breadcrumb"},"inLanguage":"en-GB","potentialAction":[{"@type":"ReadAction","target":["https:\/\/concomitentes.org\/concomitancias\/narrativas-solares\/"]}]},{"@type":"ImageObject","inLanguage":"en-GB","@id":"https:\/\/concomitentes.org\/concomitancias\/narrativas-solares\/#primaryimage","url":"https:\/\/concomitentes.org\/wp-content\/uploads\/2025\/06\/53317025772_4f7de305c0_k.jpg","contentUrl":"https:\/\/concomitentes.org\/wp-content\/uploads\/2025\/06\/53317025772_4f7de305c0_k.jpg","width":2048,"height":1536},{"@type":"BreadcrumbList","@id":"https:\/\/concomitentes.org\/concomitancias\/narrativas-solares\/#breadcrumb","itemListElement":[{"@type":"ListItem","position":1,"name":"Portada","item":"https:\/\/concomitentes.org\/"},{"@type":"ListItem","position":2,"name":"Narrativas Solares"}]},{"@type":"WebSite","@id":"https:\/\/concomitentes.org\/en\/#website","url":"https:\/\/concomitentes.org\/en\/","name":"Concomitentes","description":"Concomitentes promotes the creation of works of art and mediates between the civil society that commissions them and the artists who produce them.","potentialAction":[{"@type":"SearchAction","target":{"@type":"EntryPoint","urlTemplate":"https:\/\/concomitentes.org\/en\/?s={search_term_string}"},"query-input":{"@type":"PropertyValueSpecification","valueRequired":true,"valueName":"search_term_string"}}],"inLanguage":"en-GB"}]}},"_links":{"self":[{"href":"https:\/\/concomitentes.org\/en\/wp-json\/wp\/v2\/proyecto\/269","targetHints":{"allow":["GET"]}}],"collection":[{"href":"https:\/\/concomitentes.org\/en\/wp-json\/wp\/v2\/proyecto"}],"about":[{"href":"https:\/\/concomitentes.org\/en\/wp-json\/wp\/v2\/types\/proyecto"}],"version-history":[{"count":10,"href":"https:\/\/concomitentes.org\/en\/wp-json\/wp\/v2\/proyecto\/269\/revisions"}],"predecessor-version":[{"id":3358,"href":"https:\/\/concomitentes.org\/en\/wp-json\/wp\/v2\/proyecto\/269\/revisions\/3358"}],"wp:featuredmedia":[{"embeddable":true,"href":"https:\/\/concomitentes.org\/en\/wp-json\/wp\/v2\/media\/234"}],"wp:attachment":[{"href":"https:\/\/concomitentes.org\/en\/wp-json\/wp\/v2\/media?parent=269"}],"curies":[{"name":"wp","href":"https:\/\/api.w.org\/{rel}","templated":true}]}}

<p>The region of La Sobarriba is located just a few kilometres from the city of León and is mainly made up of the 20 villages and 2 groups of houses that form part of the municipality of Valdefresno. Its landscape is formed by gentle hills of dry land, and is crossed by the Camino de Santiago and situated between the rivers Porma, Bernesga and Torío. In this context, Narrativas Solares was born, which brings together the desire of some neighbours who live in La Sobarriba to make visible the problems and contradictions, both eco-social and on a personal and emotional level, that arise in their territory with the installation of a macro-solar plant.</p>
<p>This fact, which a priori represents a great advance towards decarbonisation, means for many of them, who have been fighting for years in eco-social activism, the university and the defence of rural areas, a hijacking of their environmentalist narratives by the big energy companies.</p>
<p>These people, who are beginning to organise themselves in the Platform in Defence of La Sobarriba, believe that to take on such an oversized extractivist project in this territory is to repeat a model of energy colonisation that has already occurred many times in the province of León with the Riaño reservoir, the underground and open-cast mines in the valleys of Laciana and El Bierzo, and the thermal power plant at La Robla.</p>
<p><!--more--></p>
<p>Thus, the concomitance will activate a dialogic process with the neighbourhood and the ecosystem so that the effects on the habitats and the landscape that they all enjoy on their walks are as slight as possible, so that farmers do not feel expelled from the land they work and which is their livelihood, and that the impacts on hunting activity are minimal so that their homes are devalued as little as possible.</p>
<p>In order to establish this dialogue with the rest of society, they want to be understood in all the complexity of their thinking and place in the world. From the story of the dense, slow, seasonal and caring rural times that continue to endure in the face of the present time that imposes the tyranny of the immediate, the brief and the fast. Stopping to look and to look at ourselves. To stop, to perceive all that is already happening, and to heal from a network of protection and subjection.</p>
<p>And in this healing, they want to be told from the human and the non-human: from the people, the places, the buildings, the stories, the squares, the supplies or the liturgies. That which has come to be called territory and which is often homogenised, turning it into a landscape with the aim of losing its singularity.</p>
<p>Recreating and re-imagining the story of the celebration of living, with all its contradictions, in rural territories such as the Sobarriba. Uniting "doing" with "thinking", the "scientific" with the "magical", using the sensorial and emotional as the tool that serves us both for the observation of reality and for the description and redesign of these new narratives.</p>

<!-- This site is optimized with the Yoast SEO plugin v27.5 - https://yoast.com/product/yoast-seo-wordpress/ -->
<title>Narrativas Solares - Concomitentes</title>
<meta name="robots" content="index, follow, max-snippet:-1, max-image-preview:large, max-video-preview:-1" />
<link rel="canonical" href="https://concomitentes.org/en/concomitances/solar-narratives/" />
<meta property="og:locale" content="en_GB" />
<meta property="og:type" content="article" />
<meta property="og:title" content="Narrativas Solares - Concomitentes" />
<meta property="og:description" content="La comarca de La Sobarriba está situada a escasos kilómetros de la ciudad de León y la conforman, principalmente, los 20 pueblos y 2 agrupaciones de casas que forman parte [&hellip;]" />
<meta property="og:url" content="https://concomitentes.org/en/concomitances/solar-narratives/" />
<meta property="og:site_name" content="Concomitentes" />
<meta property="article:modified_time" content="2026-01-02T13:32:31+00:00" />
<meta property="og:image" content="https://concomitentes.org/wp-content/uploads/2025/06/53317025772_4f7de305c0_k.jpg" />
	<meta property="og:image:width" content="2048" />
	<meta property="og:image:height" content="1536" />
	<meta property="og:image:type" content="image/jpeg" />
<meta name="twitter:card" content="summary_large_image" />
<meta name="twitter:label1" content="Estimated reading time" />
	<meta name="twitter:data1" content="3 minutes" />
<script type="application/ld+json" class="yoast-schema-graph">{"@context":"https:\/\/schema.org","@graph":[{"@type":"WebPage","@id":"https:\/\/concomitentes.org\/concomitancias\/narrativas-solares\/","url":"https:\/\/concomitentes.org\/concomitancias\/narrativas-solares\/","name":"Narrativas Solares - Concomitentes","isPartOf":{"@id":"https:\/\/concomitentes.org\/en\/#website"},"primaryImageOfPage":{"@id":"https:\/\/concomitentes.org\/concomitancias\/narrativas-solares\/#primaryimage"},"image":{"@id":"https:\/\/concomitentes.org\/concomitancias\/narrativas-solares\/#primaryimage"},"thumbnailUrl":"https:\/\/concomitentes.org\/wp-content\/uploads\/2025\/06\/53317025772_4f7de305c0_k.jpg","datePublished":"2025-06-24T10:39:52+00:00","dateModified":"2026-01-02T13:32:31+00:00","breadcrumb":{"@id":"https:\/\/concomitentes.org\/concomitancias\/narrativas-solares\/#breadcrumb"},"inLanguage":"en-GB","potentialAction":[{"@type":"ReadAction","target":["https:\/\/concomitentes.org\/concomitancias\/narrativas-solares\/"]}]},{"@type":"ImageObject","inLanguage":"en-GB","@id":"https:\/\/concomitentes.org\/concomitancias\/narrativas-solares\/#primaryimage","url":"https:\/\/concomitentes.org\/wp-content\/uploads\/2025\/06\/53317025772_4f7de305c0_k.jpg","contentUrl":"https:\/\/concomitentes.org\/wp-content\/uploads\/2025\/06\/53317025772_4f7de305c0_k.jpg","width":2048,"height":1536},{"@type":"BreadcrumbList","@id":"https:\/\/concomitentes.org\/concomitancias\/narrativas-solares\/#breadcrumb","itemListElement":[{"@type":"ListItem","position":1,"name":"Portada","item":"https:\/\/concomitentes.org\/"},{"@type":"ListItem","position":2,"name":"Narrativas Solares"}]},{"@type":"WebSite","@id":"https:\/\/concomitentes.org\/en\/#website","url":"https:\/\/concomitentes.org\/en\/","name":"Concomitentes","description":"Concomitentes promueve la creación de obras de arte y media entre la sociedad civil que las encarga y los\/las artistas que las producen.","potentialAction":[{"@type":"SearchAction","target":{"@type":"EntryPoint","urlTemplate":"https:\/\/concomitentes.org\/en\/?s={search_term_string}"},"query-input":{"@type":"PropertyValueSpecification","valueRequired":true,"valueName":"search_term_string"}}],"inLanguage":"en-GB"}]}</script>
<!-- / Yoast SEO plugin. -->

La comarca de La Sobarriba está situada a escasos kilómetros de la ciudad de León y la conforman, principalmente, los 20 pueblos y 2 agrupaciones de casas que forman parte [&hellip;]
