{"id":2661,"date":"2025-09-19T10:36:20","date_gmt":"2025-09-19T10:36:20","guid":{"rendered":"https:\/\/concomitentes.org\/?post_type=proyecto&#038;p=2661"},"modified":"2025-10-31T16:00:44","modified_gmt":"2025-10-31T16:00:44","slug":"metabolic-connections","status":"publish","type":"proyecto","link":"https:\/\/concomitentes.org\/en\/concomitancias\/connexions-metaboliques\/","title":{"rendered":"Metabolic Connections"},"content":{"rendered":"<p><em>Metabolic connections. Climate and community agriculture <\/em>aims to make visible the role of food sovereignty in the restoration of the Valencian territory after the 2024 DANA and the fundamental role of l'Horta de Valencia in mitigating the effects of the climate crisis. One of the main objectives of the mediation will be to collectively imagine the future of l'Horta and reflect on the uses we make of essential common goods such as land, water and biodiversity, both natural and cultivated.<\/p>\n\n\n\n<!--more-->\n\n\n\n<p>Based on an ecofeminist sensibility, we propose mediation processes based on meeting and listening in order to build transformative experiences of exchange. Our work will be developed around food as an intersection between social and ecosystemic care, as well as a space for coexistence, creativity and culture.<\/p>\n\n\n\n<p>The project is developed in collaboration with the groups Per l'Horta, Acci\u00f3 Ecologista Agr\u00f3 and Al Paladar.<\/p>\n\n\n\n<p><\/p>","protected":false},"featured_media":2685,"template":"","meta":{"_acf_changed":false,"footnotes":""},"class_list":["post-2661","proyecto","type-proyecto","status-publish","has-post-thumbnail","hentry"],"acf":[],"yoast_head":"<!-- This site is optimized with the Yoast SEO plugin v27.5 - https:\/\/yoast.com\/product\/yoast-seo-wordpress\/ -->\n<title>Connexions Metab\u00f2liques - Concomitentes<\/title>\n<meta name=\"description\" content=\"&#039;Connexions metab\u00f2liques&#039; visibiliza el papel de la soberan\u00eda alimentaria en la restauraci\u00f3n del territorio valenciano tras la DANA de 2024 y el rol fundamental de l\u2019Horta de Valencia en mitigar los efectos de la crisis clim\u00e1tica.\" \/>\n<meta name=\"robots\" content=\"index, follow, max-snippet:-1, max-image-preview:large, max-video-preview:-1\" \/>\n<link rel=\"canonical\" href=\"https:\/\/concomitentes.org\/en\/concomitances\/metabolic-connections\/\" \/>\n<meta property=\"og:locale\" content=\"en_GB\" \/>\n<meta property=\"og:type\" content=\"article\" \/>\n<meta property=\"og:title\" content=\"Connexions Metab\u00f2liques - Concomitentes\" \/>\n<meta property=\"og:description\" content=\"&#039;Connexions metab\u00f2liques&#039; visibiliza el papel de la soberan\u00eda alimentaria en la restauraci\u00f3n del territorio valenciano tras la DANA de 2024 y el rol fundamental de l\u2019Horta de Valencia en mitigar los efectos de la crisis clim\u00e1tica.\" \/>\n<meta property=\"og:url\" content=\"https:\/\/concomitentes.org\/en\/concomitances\/metabolic-connections\/\" \/>\n<meta property=\"og:site_name\" content=\"Concomitentes\" \/>\n<meta property=\"article:modified_time\" content=\"2025-10-31T16:00:44+00:00\" \/>\n<meta property=\"og:image\" content=\"https:\/\/concomitentes.org\/wp-content\/uploads\/2025\/09\/Horta-2023-1-peque-1-1535x1024.jpg\" \/>\n\t<meta property=\"og:image:width\" content=\"1535\" \/>\n\t<meta property=\"og:image:height\" content=\"1024\" \/>\n\t<meta property=\"og:image:type\" content=\"image\/jpeg\" \/>\n<meta name=\"twitter:card\" content=\"summary_large_image\" \/>\n<meta name=\"twitter:label1\" content=\"Estimated reading time\" \/>\n\t<meta name=\"twitter:data1\" content=\"1 minute\" \/>\n<script type=\"application\/ld+json\" class=\"yoast-schema-graph\">{\"@context\":\"https:\\\/\\\/schema.org\",\"@graph\":[{\"@type\":\"WebPage\",\"@id\":\"https:\\\/\\\/concomitentes.org\\\/concomitancias\\\/connexions-metaboliques\\\/\",\"url\":\"https:\\\/\\\/concomitentes.org\\\/concomitancias\\\/connexions-metaboliques\\\/\",\"name\":\"Connexions Metab\u00f2liques - Concomitentes\",\"isPartOf\":{\"@id\":\"https:\\\/\\\/concomitentes.org\\\/en\\\/#website\"},\"primaryImageOfPage\":{\"@id\":\"https:\\\/\\\/concomitentes.org\\\/concomitancias\\\/connexions-metaboliques\\\/#primaryimage\"},\"image\":{\"@id\":\"https:\\\/\\\/concomitentes.org\\\/concomitancias\\\/connexions-metaboliques\\\/#primaryimage\"},\"thumbnailUrl\":\"https:\\\/\\\/concomitentes.org\\\/wp-content\\\/uploads\\\/2025\\\/09\\\/Horta-2023-1-peque-1.jpg\",\"datePublished\":\"2025-09-19T10:36:20+00:00\",\"dateModified\":\"2025-10-31T16:00:44+00:00\",\"description\":\"'Connexions metab\u00f2liques' visibiliza el papel de la soberan\u00eda alimentaria en la restauraci\u00f3n del territorio valenciano tras la DANA de 2024 y el rol fundamental de l\u2019Horta de Valencia en mitigar los efectos de la crisis clim\u00e1tica.\",\"breadcrumb\":{\"@id\":\"https:\\\/\\\/concomitentes.org\\\/concomitancias\\\/connexions-metaboliques\\\/#breadcrumb\"},\"inLanguage\":\"en-GB\",\"potentialAction\":[{\"@type\":\"ReadAction\",\"target\":[\"https:\\\/\\\/concomitentes.org\\\/concomitancias\\\/connexions-metaboliques\\\/\"]}]},{\"@type\":\"ImageObject\",\"inLanguage\":\"en-GB\",\"@id\":\"https:\\\/\\\/concomitentes.org\\\/concomitancias\\\/connexions-metaboliques\\\/#primaryimage\",\"url\":\"https:\\\/\\\/concomitentes.org\\\/wp-content\\\/uploads\\\/2025\\\/09\\\/Horta-2023-1-peque-1.jpg\",\"contentUrl\":\"https:\\\/\\\/concomitentes.org\\\/wp-content\\\/uploads\\\/2025\\\/09\\\/Horta-2023-1-peque-1.jpg\",\"width\":2048,\"height\":1366},{\"@type\":\"BreadcrumbList\",\"@id\":\"https:\\\/\\\/concomitentes.org\\\/concomitancias\\\/connexions-metaboliques\\\/#breadcrumb\",\"itemListElement\":[{\"@type\":\"ListItem\",\"position\":1,\"name\":\"Portada\",\"item\":\"https:\\\/\\\/concomitentes.org\\\/\"},{\"@type\":\"ListItem\",\"position\":2,\"name\":\"Connexions Metab\u00f2liques\"}]},{\"@type\":\"WebSite\",\"@id\":\"https:\\\/\\\/concomitentes.org\\\/en\\\/#website\",\"url\":\"https:\\\/\\\/concomitentes.org\\\/en\\\/\",\"name\":\"Concomitentes\",\"description\":\"Concomitentes promueve la creaci\u00f3n de obras de arte y media entre la sociedad civil que las encarga y los\\\/las artistas que las producen.\",\"potentialAction\":[{\"@type\":\"SearchAction\",\"target\":{\"@type\":\"EntryPoint\",\"urlTemplate\":\"https:\\\/\\\/concomitentes.org\\\/en\\\/?s={search_term_string}\"},\"query-input\":{\"@type\":\"PropertyValueSpecification\",\"valueRequired\":true,\"valueName\":\"search_term_string\"}}],\"inLanguage\":\"en-GB\"}]}<\/script>\n<!-- \/ Yoast SEO plugin. -->","yoast_head_json":{"title":"Connexions Metab\u00f2liques - Concomitents","description":"'Connexions metab\u00f2liques' makes visible the role of food sovereignty in the restoration of the Valencian territory after the 2024 DANA and the fundamental role of l'Horta de Valencia in mitigating the effects of the climate crisis.","robots":{"index":"index","follow":"follow","max-snippet":"max-snippet:-1","max-image-preview":"max-image-preview:large","max-video-preview":"max-video-preview:-1"},"canonical":"https:\/\/concomitentes.org\/en\/concomitances\/metabolic-connections\/","og_locale":"en_GB","og_type":"article","og_title":"Connexions Metab\u00f2liques - Concomitentes","og_description":"'Connexions metab\u00f2liques' visibiliza el papel de la soberan\u00eda alimentaria en la restauraci\u00f3n del territorio valenciano tras la DANA de 2024 y el rol fundamental de l\u2019Horta de Valencia en mitigar los efectos de la crisis clim\u00e1tica.","og_url":"https:\/\/concomitentes.org\/en\/concomitances\/metabolic-connections\/","og_site_name":"Concomitentes","article_modified_time":"2025-10-31T16:00:44+00:00","og_image":[{"width":1535,"height":1024,"url":"https:\/\/concomitentes.org\/wp-content\/uploads\/2025\/09\/Horta-2023-1-peque-1-1535x1024.jpg","type":"image\/jpeg"}],"twitter_card":"summary_large_image","twitter_misc":{"Estimated reading time":"1 minute"},"schema":{"@context":"https:\/\/schema.org","@graph":[{"@type":"WebPage","@id":"https:\/\/concomitentes.org\/concomitancias\/connexions-metaboliques\/","url":"https:\/\/concomitentes.org\/concomitancias\/connexions-metaboliques\/","name":"Connexions Metab\u00f2liques - Concomitents","isPartOf":{"@id":"https:\/\/concomitentes.org\/en\/#website"},"primaryImageOfPage":{"@id":"https:\/\/concomitentes.org\/concomitancias\/connexions-metaboliques\/#primaryimage"},"image":{"@id":"https:\/\/concomitentes.org\/concomitancias\/connexions-metaboliques\/#primaryimage"},"thumbnailUrl":"https:\/\/concomitentes.org\/wp-content\/uploads\/2025\/09\/Horta-2023-1-peque-1.jpg","datePublished":"2025-09-19T10:36:20+00:00","dateModified":"2025-10-31T16:00:44+00:00","description":"'Connexions metab\u00f2liques' makes visible the role of food sovereignty in the restoration of the Valencian territory after the 2024 DANA and the fundamental role of l'Horta de Valencia in mitigating the effects of the climate crisis.","breadcrumb":{"@id":"https:\/\/concomitentes.org\/concomitancias\/connexions-metaboliques\/#breadcrumb"},"inLanguage":"en-GB","potentialAction":[{"@type":"ReadAction","target":["https:\/\/concomitentes.org\/concomitancias\/connexions-metaboliques\/"]}]},{"@type":"ImageObject","inLanguage":"en-GB","@id":"https:\/\/concomitentes.org\/concomitancias\/connexions-metaboliques\/#primaryimage","url":"https:\/\/concomitentes.org\/wp-content\/uploads\/2025\/09\/Horta-2023-1-peque-1.jpg","contentUrl":"https:\/\/concomitentes.org\/wp-content\/uploads\/2025\/09\/Horta-2023-1-peque-1.jpg","width":2048,"height":1366},{"@type":"BreadcrumbList","@id":"https:\/\/concomitentes.org\/concomitancias\/connexions-metaboliques\/#breadcrumb","itemListElement":[{"@type":"ListItem","position":1,"name":"Portada","item":"https:\/\/concomitentes.org\/"},{"@type":"ListItem","position":2,"name":"Connexions Metab\u00f2liques"}]},{"@type":"WebSite","@id":"https:\/\/concomitentes.org\/en\/#website","url":"https:\/\/concomitentes.org\/en\/","name":"Concomitentes","description":"Concomitentes promotes the creation of works of art and mediates between the civil society that commissions them and the artists who produce them.","potentialAction":[{"@type":"SearchAction","target":{"@type":"EntryPoint","urlTemplate":"https:\/\/concomitentes.org\/en\/?s={search_term_string}"},"query-input":{"@type":"PropertyValueSpecification","valueRequired":true,"valueName":"search_term_string"}}],"inLanguage":"en-GB"}]}},"_links":{"self":[{"href":"https:\/\/concomitentes.org\/en\/wp-json\/wp\/v2\/proyecto\/2661","targetHints":{"allow":["GET"]}}],"collection":[{"href":"https:\/\/concomitentes.org\/en\/wp-json\/wp\/v2\/proyecto"}],"about":[{"href":"https:\/\/concomitentes.org\/en\/wp-json\/wp\/v2\/types\/proyecto"}],"version-history":[{"count":6,"href":"https:\/\/concomitentes.org\/en\/wp-json\/wp\/v2\/proyecto\/2661\/revisions"}],"predecessor-version":[{"id":2726,"href":"https:\/\/concomitentes.org\/en\/wp-json\/wp\/v2\/proyecto\/2661\/revisions\/2726"}],"wp:featuredmedia":[{"embeddable":true,"href":"https:\/\/concomitentes.org\/en\/wp-json\/wp\/v2\/media\/2685"}],"wp:attachment":[{"href":"https:\/\/concomitentes.org\/en\/wp-json\/wp\/v2\/media?parent=2661"}],"curies":[{"name":"wp","href":"https:\/\/api.w.org\/{rel}","templated":true}]}}

<p><em>Metabolic connections. Climate and community agriculture </em>aims to make visible the role of food sovereignty in the restoration of the Valencian territory after the 2024 DANA and the fundamental role of l'Horta de Valencia in mitigating the effects of the climate crisis. One of the main objectives of the mediation will be to collectively imagine the future of l'Horta and reflect on the uses we make of essential common goods such as land, water and biodiversity, both natural and cultivated.</p>



<!--more-->



<p>Based on an ecofeminist sensibility, we propose mediation processes based on meeting and listening in order to build transformative experiences of exchange. Our work will be developed around food as an intersection between social and ecosystemic care, as well as a space for coexistence, creativity and culture.</p>



<p>The project is developed in collaboration with the groups Per l'Horta, Acció Ecologista Agró and Al Paladar.</p>



<p></p>

<!-- This site is optimized with the Yoast SEO plugin v27.5 - https://yoast.com/product/yoast-seo-wordpress/ -->
<title>Connexions Metabòliques - Concomitentes</title>
<meta name="description" content="&#039;Connexions metabòliques&#039; visibiliza el papel de la soberanía alimentaria en la restauración del territorio valenciano tras la DANA de 2024 y el rol fundamental de l’Horta de Valencia en mitigar los efectos de la crisis climática." />
<meta name="robots" content="index, follow, max-snippet:-1, max-image-preview:large, max-video-preview:-1" />
<link rel="canonical" href="https://concomitentes.org/en/concomitances/metabolic-connections/" />
<meta property="og:locale" content="en_GB" />
<meta property="og:type" content="article" />
<meta property="og:title" content="Connexions Metabòliques - Concomitentes" />
<meta property="og:description" content="&#039;Connexions metabòliques&#039; visibiliza el papel de la soberanía alimentaria en la restauración del territorio valenciano tras la DANA de 2024 y el rol fundamental de l’Horta de Valencia en mitigar los efectos de la crisis climática." />
<meta property="og:url" content="https://concomitentes.org/en/concomitances/metabolic-connections/" />
<meta property="og:site_name" content="Concomitentes" />
<meta property="article:modified_time" content="2025-10-31T16:00:44+00:00" />
<meta property="og:image" content="https://concomitentes.org/wp-content/uploads/2025/09/Horta-2023-1-peque-1-1535x1024.jpg" />
	<meta property="og:image:width" content="1535" />
	<meta property="og:image:height" content="1024" />
	<meta property="og:image:type" content="image/jpeg" />
<meta name="twitter:card" content="summary_large_image" />
<meta name="twitter:label1" content="Estimated reading time" />
	<meta name="twitter:data1" content="1 minute" />
<script type="application/ld+json" class="yoast-schema-graph">{"@context":"https:\/\/schema.org","@graph":[{"@type":"WebPage","@id":"https:\/\/concomitentes.org\/concomitancias\/connexions-metaboliques\/","url":"https:\/\/concomitentes.org\/concomitancias\/connexions-metaboliques\/","name":"Connexions Metabòliques - Concomitentes","isPartOf":{"@id":"https:\/\/concomitentes.org\/en\/#website"},"primaryImageOfPage":{"@id":"https:\/\/concomitentes.org\/concomitancias\/connexions-metaboliques\/#primaryimage"},"image":{"@id":"https:\/\/concomitentes.org\/concomitancias\/connexions-metaboliques\/#primaryimage"},"thumbnailUrl":"https:\/\/concomitentes.org\/wp-content\/uploads\/2025\/09\/Horta-2023-1-peque-1.jpg","datePublished":"2025-09-19T10:36:20+00:00","dateModified":"2025-10-31T16:00:44+00:00","description":"'Connexions metabòliques' visibiliza el papel de la soberanía alimentaria en la restauración del territorio valenciano tras la DANA de 2024 y el rol fundamental de l’Horta de Valencia en mitigar los efectos de la crisis climática.","breadcrumb":{"@id":"https:\/\/concomitentes.org\/concomitancias\/connexions-metaboliques\/#breadcrumb"},"inLanguage":"en-GB","potentialAction":[{"@type":"ReadAction","target":["https:\/\/concomitentes.org\/concomitancias\/connexions-metaboliques\/"]}]},{"@type":"ImageObject","inLanguage":"en-GB","@id":"https:\/\/concomitentes.org\/concomitancias\/connexions-metaboliques\/#primaryimage","url":"https:\/\/concomitentes.org\/wp-content\/uploads\/2025\/09\/Horta-2023-1-peque-1.jpg","contentUrl":"https:\/\/concomitentes.org\/wp-content\/uploads\/2025\/09\/Horta-2023-1-peque-1.jpg","width":2048,"height":1366},{"@type":"BreadcrumbList","@id":"https:\/\/concomitentes.org\/concomitancias\/connexions-metaboliques\/#breadcrumb","itemListElement":[{"@type":"ListItem","position":1,"name":"Portada","item":"https:\/\/concomitentes.org\/"},{"@type":"ListItem","position":2,"name":"Connexions Metabòliques"}]},{"@type":"WebSite","@id":"https:\/\/concomitentes.org\/en\/#website","url":"https:\/\/concomitentes.org\/en\/","name":"Concomitentes","description":"Concomitentes promueve la creación de obras de arte y media entre la sociedad civil que las encarga y los\/las artistas que las producen.","potentialAction":[{"@type":"SearchAction","target":{"@type":"EntryPoint","urlTemplate":"https:\/\/concomitentes.org\/en\/?s={search_term_string}"},"query-input":{"@type":"PropertyValueSpecification","valueRequired":true,"valueName":"search_term_string"}}],"inLanguage":"en-GB"}]}</script>
<!-- / Yoast SEO plugin. -->

Connexions Metabòliques - Concomitents

'Connexions metabòliques' makes visible the role of food sovereignty in the restoration of the Valencian territory after the 2024 DANA and the fundamental role of l'Horta de Valencia in mitigating the effects of the climate crisis.

Connexions Metabòliques - Concomitentes

'Connexions metabòliques' visibiliza el papel de la soberanía alimentaria en la restauración del territorio valenciano tras la DANA de 2024 y el rol fundamental de l’Horta de Valencia en mitigar los efectos de la crisis climática.

Connexions Metabòliques
