{"id":512,"date":"2025-06-24T16:21:04","date_gmt":"2025-06-24T16:21:04","guid":{"rendered":"http:\/\/concomitentes.vl22350.dinaserver.com\/protagonistas\/ana-escariz-perez\/"},"modified":"2025-06-24T16:21:04","modified_gmt":"2025-06-24T16:21:04","slug":"ana-escariz-perez","status":"publish","type":"participante","link":"https:\/\/concomitentes.org\/en\/protagonistas\/ana-escariz-perez\/","title":{"rendered":"Ana Escariz P\u00e9rez"},"content":{"rendered":"<p>Ana Escariz P\u00e9rez (Santiago de Compostela, 1996) is a cultural worker. Interested in culture as an engine for social transformation and ecofeminist perspectives, she is currently researching the intersections between contemporary art, food and society and works in areas such as mediation, management and cultural communication. She is a member of leuda, a cultural mediation and programming collective.<\/p>","protected":false},"featured_media":0,"template":"","meta":{"_acf_changed":false},"perfil":[8],"class_list":["post-512","participante","type-participante","status-publish","hentry","perfil-mediador"],"acf":[],"yoast_head":"<!-- This site is optimized with the Yoast SEO plugin v27.5 - https:\/\/yoast.com\/product\/yoast-seo-wordpress\/ -->\n<title>Ana Escariz P\u00e9rez - Concomitentes<\/title>\n<meta name=\"robots\" content=\"index, follow, max-snippet:-1, max-image-preview:large, max-video-preview:-1\" \/>\n<link rel=\"canonical\" href=\"https:\/\/concomitentes.org\/en\/protagonists\/ana-escariz-perez\/\" \/>\n<meta property=\"og:locale\" content=\"en_GB\" \/>\n<meta property=\"og:type\" content=\"article\" \/>\n<meta property=\"og:title\" content=\"Ana Escariz P\u00e9rez - Concomitentes\" \/>\n<meta property=\"og:description\" content=\"Ana Escariz P\u00e9rez (Santiago de Compostela, 1996) es trabajadora cultural. Interesada en la cultura como motor para la transformaci\u00f3n social y en perspectivas ecofeministas, actualmente investiga las intersecciones que se [&hellip;]\" \/>\n<meta property=\"og:url\" content=\"https:\/\/concomitentes.org\/en\/protagonists\/ana-escariz-perez\/\" \/>\n<meta property=\"og:site_name\" content=\"Concomitentes\" \/>\n<meta name=\"twitter:card\" content=\"summary_large_image\" \/>\n<script type=\"application\/ld+json\" class=\"yoast-schema-graph\">{\"@context\":\"https:\\\/\\\/schema.org\",\"@graph\":[{\"@type\":\"WebPage\",\"@id\":\"https:\\\/\\\/concomitentes.org\\\/protagonistas\\\/ana-escariz-perez\\\/\",\"url\":\"https:\\\/\\\/concomitentes.org\\\/protagonistas\\\/ana-escariz-perez\\\/\",\"name\":\"Ana Escariz P\u00e9rez - Concomitentes\",\"isPartOf\":{\"@id\":\"https:\\\/\\\/concomitentes.org\\\/en\\\/#website\"},\"datePublished\":\"2025-06-24T16:21:04+00:00\",\"breadcrumb\":{\"@id\":\"https:\\\/\\\/concomitentes.org\\\/protagonistas\\\/ana-escariz-perez\\\/#breadcrumb\"},\"inLanguage\":\"en-GB\",\"potentialAction\":[{\"@type\":\"ReadAction\",\"target\":[\"https:\\\/\\\/concomitentes.org\\\/protagonistas\\\/ana-escariz-perez\\\/\"]}]},{\"@type\":\"BreadcrumbList\",\"@id\":\"https:\\\/\\\/concomitentes.org\\\/protagonistas\\\/ana-escariz-perez\\\/#breadcrumb\",\"itemListElement\":[{\"@type\":\"ListItem\",\"position\":1,\"name\":\"Portada\",\"item\":\"https:\\\/\\\/concomitentes.org\\\/\"},{\"@type\":\"ListItem\",\"position\":2,\"name\":\"Protagonistas\",\"item\":\"https:\\\/\\\/concomitentes.org\\\/en\\\/participantes\\\/\"},{\"@type\":\"ListItem\",\"position\":3,\"name\":\"Ana Escariz P\u00e9rez\"}]},{\"@type\":\"WebSite\",\"@id\":\"https:\\\/\\\/concomitentes.org\\\/en\\\/#website\",\"url\":\"https:\\\/\\\/concomitentes.org\\\/en\\\/\",\"name\":\"Concomitentes\",\"description\":\"Concomitentes promueve la creaci\u00f3n de obras de arte y media entre la sociedad civil que las encarga y los\\\/las artistas que las producen.\",\"potentialAction\":[{\"@type\":\"SearchAction\",\"target\":{\"@type\":\"EntryPoint\",\"urlTemplate\":\"https:\\\/\\\/concomitentes.org\\\/en\\\/?s={search_term_string}\"},\"query-input\":{\"@type\":\"PropertyValueSpecification\",\"valueRequired\":true,\"valueName\":\"search_term_string\"}}],\"inLanguage\":\"en-GB\"}]}<\/script>\n<!-- \/ Yoast SEO plugin. -->","yoast_head_json":{"title":"Ana Escariz P\u00e9rez - Concomitantes","robots":{"index":"index","follow":"follow","max-snippet":"max-snippet:-1","max-image-preview":"max-image-preview:large","max-video-preview":"max-video-preview:-1"},"canonical":"https:\/\/concomitentes.org\/en\/protagonists\/ana-escariz-perez\/","og_locale":"en_GB","og_type":"article","og_title":"Ana Escariz P\u00e9rez - Concomitentes","og_description":"Ana Escariz P\u00e9rez (Santiago de Compostela, 1996) es trabajadora cultural. Interesada en la cultura como motor para la transformaci\u00f3n social y en perspectivas ecofeministas, actualmente investiga las intersecciones que se [&hellip;]","og_url":"https:\/\/concomitentes.org\/en\/protagonists\/ana-escariz-perez\/","og_site_name":"Concomitentes","twitter_card":"summary_large_image","schema":{"@context":"https:\/\/schema.org","@graph":[{"@type":"WebPage","@id":"https:\/\/concomitentes.org\/protagonistas\/ana-escariz-perez\/","url":"https:\/\/concomitentes.org\/protagonistas\/ana-escariz-perez\/","name":"Ana Escariz P\u00e9rez - Concomitantes","isPartOf":{"@id":"https:\/\/concomitentes.org\/en\/#website"},"datePublished":"2025-06-24T16:21:04+00:00","breadcrumb":{"@id":"https:\/\/concomitentes.org\/protagonistas\/ana-escariz-perez\/#breadcrumb"},"inLanguage":"en-GB","potentialAction":[{"@type":"ReadAction","target":["https:\/\/concomitentes.org\/protagonistas\/ana-escariz-perez\/"]}]},{"@type":"BreadcrumbList","@id":"https:\/\/concomitentes.org\/protagonistas\/ana-escariz-perez\/#breadcrumb","itemListElement":[{"@type":"ListItem","position":1,"name":"Portada","item":"https:\/\/concomitentes.org\/"},{"@type":"ListItem","position":2,"name":"Protagonistas","item":"https:\/\/concomitentes.org\/en\/participantes\/"},{"@type":"ListItem","position":3,"name":"Ana Escariz P\u00e9rez"}]},{"@type":"WebSite","@id":"https:\/\/concomitentes.org\/en\/#website","url":"https:\/\/concomitentes.org\/en\/","name":"Concomitentes","description":"Concomitentes promotes the creation of works of art and mediates between the civil society that commissions them and the artists who produce them.","potentialAction":[{"@type":"SearchAction","target":{"@type":"EntryPoint","urlTemplate":"https:\/\/concomitentes.org\/en\/?s={search_term_string}"},"query-input":{"@type":"PropertyValueSpecification","valueRequired":true,"valueName":"search_term_string"}}],"inLanguage":"en-GB"}]}},"_links":{"self":[{"href":"https:\/\/concomitentes.org\/en\/wp-json\/wp\/v2\/participante\/512","targetHints":{"allow":["GET"]}}],"collection":[{"href":"https:\/\/concomitentes.org\/en\/wp-json\/wp\/v2\/participante"}],"about":[{"href":"https:\/\/concomitentes.org\/en\/wp-json\/wp\/v2\/types\/participante"}],"wp:attachment":[{"href":"https:\/\/concomitentes.org\/en\/wp-json\/wp\/v2\/media?parent=512"}],"wp:term":[{"taxonomy":"perfil","embeddable":true,"href":"https:\/\/concomitentes.org\/en\/wp-json\/wp\/v2\/perfil?post=512"}],"curies":[{"name":"wp","href":"https:\/\/api.w.org\/{rel}","templated":true}]}}

Ana Escariz Pérez

<p>Ana Escariz Pérez (Santiago de Compostela, 1996) is a cultural worker. Interested in culture as an engine for social transformation and ecofeminist perspectives, she is currently researching the intersections between contemporary art, food and society and works in areas such as mediation, management and cultural communication. She is a member of leuda, a cultural mediation and programming collective.</p>

<!-- This site is optimized with the Yoast SEO plugin v27.5 - https://yoast.com/product/yoast-seo-wordpress/ -->
<title>Ana Escariz Pérez - Concomitentes</title>
<meta name="robots" content="index, follow, max-snippet:-1, max-image-preview:large, max-video-preview:-1" />
<link rel="canonical" href="https://concomitentes.org/en/protagonists/ana-escariz-perez/" />
<meta property="og:locale" content="en_GB" />
<meta property="og:type" content="article" />
<meta property="og:title" content="Ana Escariz Pérez - Concomitentes" />
<meta property="og:description" content="Ana Escariz Pérez (Santiago de Compostela, 1996) es trabajadora cultural. Interesada en la cultura como motor para la transformación social y en perspectivas ecofeministas, actualmente investiga las intersecciones que se [&hellip;]" />
<meta property="og:url" content="https://concomitentes.org/en/protagonists/ana-escariz-perez/" />
<meta property="og:site_name" content="Concomitentes" />
<meta name="twitter:card" content="summary_large_image" />
<script type="application/ld+json" class="yoast-schema-graph">{"@context":"https:\/\/schema.org","@graph":[{"@type":"WebPage","@id":"https:\/\/concomitentes.org\/protagonistas\/ana-escariz-perez\/","url":"https:\/\/concomitentes.org\/protagonistas\/ana-escariz-perez\/","name":"Ana Escariz Pérez - Concomitentes","isPartOf":{"@id":"https:\/\/concomitentes.org\/en\/#website"},"datePublished":"2025-06-24T16:21:04+00:00","breadcrumb":{"@id":"https:\/\/concomitentes.org\/protagonistas\/ana-escariz-perez\/#breadcrumb"},"inLanguage":"en-GB","potentialAction":[{"@type":"ReadAction","target":["https:\/\/concomitentes.org\/protagonistas\/ana-escariz-perez\/"]}]},{"@type":"BreadcrumbList","@id":"https:\/\/concomitentes.org\/protagonistas\/ana-escariz-perez\/#breadcrumb","itemListElement":[{"@type":"ListItem","position":1,"name":"Portada","item":"https:\/\/concomitentes.org\/"},{"@type":"ListItem","position":2,"name":"Protagonistas","item":"https:\/\/concomitentes.org\/en\/participantes\/"},{"@type":"ListItem","position":3,"name":"Ana Escariz Pérez"}]},{"@type":"WebSite","@id":"https:\/\/concomitentes.org\/en\/#website","url":"https:\/\/concomitentes.org\/en\/","name":"Concomitentes","description":"Concomitentes promueve la creación de obras de arte y media entre la sociedad civil que las encarga y los\/las artistas que las producen.","potentialAction":[{"@type":"SearchAction","target":{"@type":"EntryPoint","urlTemplate":"https:\/\/concomitentes.org\/en\/?s={search_term_string}"},"query-input":{"@type":"PropertyValueSpecification","valueRequired":true,"valueName":"search_term_string"}}],"inLanguage":"en-GB"}]}</script>
<!-- / Yoast SEO plugin. -->

Ana Escariz Pérez - Concomitantes

Ana Escariz Pérez - Concomitentes

Ana Escariz Pérez (Santiago de Compostela, 1996) es trabajadora cultural. Interesada en la cultura como motor para la transformación social y en perspectivas ecofeministas, actualmente investiga las intersecciones que se [&hellip;]
