{"id":501,"date":"2025-06-24T16:21:03","date_gmt":"2025-06-24T16:21:03","guid":{"rendered":"http:\/\/concomitentes.vl22350.dinaserver.com\/protagonistas\/maria-auxiliadora-galvez\/"},"modified":"2025-06-24T16:21:03","modified_gmt":"2025-06-24T16:21:03","slug":"maria-auxiliadora-galvez","status":"publish","type":"participante","link":"https:\/\/concomitentes.org\/en\/protagonistas\/maria-auxiliadora-galvez\/","title":{"rendered":"Mar\u00eda Auxiliadora G\u00e1lvez"},"content":{"rendered":"<p>Architect by the E.T.S.A.M. and Doctor in Architecture. She is also a landscape architect and teacher of the Feldenkrais Method of Somatic Education. She has been teaching at the university since 1998. In 2016 she founded the \"Plataforma de Som\u00e1tica aplicada a la Arquitectura y el Paisaje\"-PSAAP, where aspects of ecology are addressed from the experience of the body in art, and in architectural, urban and landscape design. She has been awarded prizes in national and international competitions, including prizes in the VI, VII and IX Europan. She has recently collaborated with institutions such as the Municipal Gallery in Porto, the Tanz Quartier in Vienna and the Reina Sofia Museum in Madrid. His work has been published in the monograph \"Excepto 21. Active Cartographies\" (2008) and is the author of \"Somatic Space. Cuerpos M\u00faltiples\" (2019) and \"Descampados\" (2022). She is a member of the research board of the \"Centre for Sensory Studies\" (Canada) and participates in the project \"Navigating Dizziness Together\".<\/p>","protected":false},"featured_media":0,"template":"","meta":{"_acf_changed":false},"perfil":[9],"class_list":["post-501","participante","type-participante","status-publish","hentry","perfil-artista"],"acf":[],"yoast_head":"<!-- This site is optimized with the Yoast SEO plugin v27.5 - https:\/\/yoast.com\/product\/yoast-seo-wordpress\/ -->\n<title>Mar\u00eda Auxiliadora G\u00e1lvez - Concomitentes<\/title>\n<meta name=\"robots\" content=\"index, follow, max-snippet:-1, max-image-preview:large, max-video-preview:-1\" \/>\n<link rel=\"canonical\" href=\"https:\/\/concomitentes.org\/en\/protagonists\/maria-auxiliadora-galvez\/\" \/>\n<meta property=\"og:locale\" content=\"en_GB\" \/>\n<meta property=\"og:type\" content=\"article\" \/>\n<meta property=\"og:title\" content=\"Mar\u00eda Auxiliadora G\u00e1lvez - Concomitentes\" \/>\n<meta property=\"og:description\" content=\"Arquitecta por la E.T.S.A.M y Doctora en Arquitectura. Es adem\u00e1s Paisajista y Profesora del M\u00e9todo Feldenkrais de Educaci\u00f3n Som\u00e1tica. Desde 1998 desarrolla su labor docente en la universidad. En 2016 [&hellip;]\" \/>\n<meta property=\"og:url\" content=\"https:\/\/concomitentes.org\/en\/protagonists\/maria-auxiliadora-galvez\/\" \/>\n<meta property=\"og:site_name\" content=\"Concomitentes\" \/>\n<meta name=\"twitter:card\" content=\"summary_large_image\" \/>\n<meta name=\"twitter:label1\" content=\"Estimated reading time\" \/>\n\t<meta name=\"twitter:data1\" content=\"1 minute\" \/>\n<script type=\"application\/ld+json\" class=\"yoast-schema-graph\">{\"@context\":\"https:\\\/\\\/schema.org\",\"@graph\":[{\"@type\":\"WebPage\",\"@id\":\"https:\\\/\\\/concomitentes.org\\\/protagonistas\\\/maria-auxiliadora-galvez\\\/\",\"url\":\"https:\\\/\\\/concomitentes.org\\\/protagonistas\\\/maria-auxiliadora-galvez\\\/\",\"name\":\"Mar\u00eda Auxiliadora G\u00e1lvez - Concomitentes\",\"isPartOf\":{\"@id\":\"https:\\\/\\\/concomitentes.org\\\/en\\\/#website\"},\"datePublished\":\"2025-06-24T16:21:03+00:00\",\"breadcrumb\":{\"@id\":\"https:\\\/\\\/concomitentes.org\\\/protagonistas\\\/maria-auxiliadora-galvez\\\/#breadcrumb\"},\"inLanguage\":\"en-GB\",\"potentialAction\":[{\"@type\":\"ReadAction\",\"target\":[\"https:\\\/\\\/concomitentes.org\\\/protagonistas\\\/maria-auxiliadora-galvez\\\/\"]}]},{\"@type\":\"BreadcrumbList\",\"@id\":\"https:\\\/\\\/concomitentes.org\\\/protagonistas\\\/maria-auxiliadora-galvez\\\/#breadcrumb\",\"itemListElement\":[{\"@type\":\"ListItem\",\"position\":1,\"name\":\"Portada\",\"item\":\"https:\\\/\\\/concomitentes.org\\\/\"},{\"@type\":\"ListItem\",\"position\":2,\"name\":\"Protagonistas\",\"item\":\"https:\\\/\\\/concomitentes.org\\\/en\\\/participantes\\\/\"},{\"@type\":\"ListItem\",\"position\":3,\"name\":\"Mar\u00eda Auxiliadora G\u00e1lvez\"}]},{\"@type\":\"WebSite\",\"@id\":\"https:\\\/\\\/concomitentes.org\\\/en\\\/#website\",\"url\":\"https:\\\/\\\/concomitentes.org\\\/en\\\/\",\"name\":\"Concomitentes\",\"description\":\"Concomitentes promueve la creaci\u00f3n de obras de arte y media entre la sociedad civil que las encarga y los\\\/las artistas que las producen.\",\"potentialAction\":[{\"@type\":\"SearchAction\",\"target\":{\"@type\":\"EntryPoint\",\"urlTemplate\":\"https:\\\/\\\/concomitentes.org\\\/en\\\/?s={search_term_string}\"},\"query-input\":{\"@type\":\"PropertyValueSpecification\",\"valueRequired\":true,\"valueName\":\"search_term_string\"}}],\"inLanguage\":\"en-GB\"}]}<\/script>\n<!-- \/ Yoast SEO plugin. -->","yoast_head_json":{"title":"Mar\u00eda Auxiliadora G\u00e1lvez - Members of the Committee","robots":{"index":"index","follow":"follow","max-snippet":"max-snippet:-1","max-image-preview":"max-image-preview:large","max-video-preview":"max-video-preview:-1"},"canonical":"https:\/\/concomitentes.org\/en\/protagonists\/maria-auxiliadora-galvez\/","og_locale":"en_GB","og_type":"article","og_title":"Mar\u00eda Auxiliadora G\u00e1lvez - Concomitentes","og_description":"Arquitecta por la E.T.S.A.M y Doctora en Arquitectura. Es adem\u00e1s Paisajista y Profesora del M\u00e9todo Feldenkrais de Educaci\u00f3n Som\u00e1tica. Desde 1998 desarrolla su labor docente en la universidad. En 2016 [&hellip;]","og_url":"https:\/\/concomitentes.org\/en\/protagonists\/maria-auxiliadora-galvez\/","og_site_name":"Concomitentes","twitter_card":"summary_large_image","twitter_misc":{"Estimated reading time":"1 minute"},"schema":{"@context":"https:\/\/schema.org","@graph":[{"@type":"WebPage","@id":"https:\/\/concomitentes.org\/protagonistas\/maria-auxiliadora-galvez\/","url":"https:\/\/concomitentes.org\/protagonistas\/maria-auxiliadora-galvez\/","name":"Mar\u00eda Auxiliadora G\u00e1lvez - Members of the Committee","isPartOf":{"@id":"https:\/\/concomitentes.org\/en\/#website"},"datePublished":"2025-06-24T16:21:03+00:00","breadcrumb":{"@id":"https:\/\/concomitentes.org\/protagonistas\/maria-auxiliadora-galvez\/#breadcrumb"},"inLanguage":"en-GB","potentialAction":[{"@type":"ReadAction","target":["https:\/\/concomitentes.org\/protagonistas\/maria-auxiliadora-galvez\/"]}]},{"@type":"BreadcrumbList","@id":"https:\/\/concomitentes.org\/protagonistas\/maria-auxiliadora-galvez\/#breadcrumb","itemListElement":[{"@type":"ListItem","position":1,"name":"Portada","item":"https:\/\/concomitentes.org\/"},{"@type":"ListItem","position":2,"name":"Protagonistas","item":"https:\/\/concomitentes.org\/en\/participantes\/"},{"@type":"ListItem","position":3,"name":"Mar\u00eda Auxiliadora G\u00e1lvez"}]},{"@type":"WebSite","@id":"https:\/\/concomitentes.org\/en\/#website","url":"https:\/\/concomitentes.org\/en\/","name":"Concomitentes","description":"Concomitentes promotes the creation of works of art and mediates between the civil society that commissions them and the artists who produce them.","potentialAction":[{"@type":"SearchAction","target":{"@type":"EntryPoint","urlTemplate":"https:\/\/concomitentes.org\/en\/?s={search_term_string}"},"query-input":{"@type":"PropertyValueSpecification","valueRequired":true,"valueName":"search_term_string"}}],"inLanguage":"en-GB"}]}},"_links":{"self":[{"href":"https:\/\/concomitentes.org\/en\/wp-json\/wp\/v2\/participante\/501","targetHints":{"allow":["GET"]}}],"collection":[{"href":"https:\/\/concomitentes.org\/en\/wp-json\/wp\/v2\/participante"}],"about":[{"href":"https:\/\/concomitentes.org\/en\/wp-json\/wp\/v2\/types\/participante"}],"wp:attachment":[{"href":"https:\/\/concomitentes.org\/en\/wp-json\/wp\/v2\/media?parent=501"}],"wp:term":[{"taxonomy":"perfil","embeddable":true,"href":"https:\/\/concomitentes.org\/en\/wp-json\/wp\/v2\/perfil?post=501"}],"curies":[{"name":"wp","href":"https:\/\/api.w.org\/{rel}","templated":true}]}}

María Auxiliadora Gálvez

<p>Architect by the E.T.S.A.M. and Doctor in Architecture. She is also a landscape architect and teacher of the Feldenkrais Method of Somatic Education. She has been teaching at the university since 1998. In 2016 she founded the "Plataforma de Somática aplicada a la Arquitectura y el Paisaje"-PSAAP, where aspects of ecology are addressed from the experience of the body in art, and in architectural, urban and landscape design. She has been awarded prizes in national and international competitions, including prizes in the VI, VII and IX Europan. She has recently collaborated with institutions such as the Municipal Gallery in Porto, the Tanz Quartier in Vienna and the Reina Sofia Museum in Madrid. His work has been published in the monograph "Excepto 21. Active Cartographies" (2008) and is the author of "Somatic Space. Cuerpos Múltiples" (2019) and "Descampados" (2022). She is a member of the research board of the "Centre for Sensory Studies" (Canada) and participates in the project "Navigating Dizziness Together".</p>

<!-- This site is optimized with the Yoast SEO plugin v27.5 - https://yoast.com/product/yoast-seo-wordpress/ -->
<title>María Auxiliadora Gálvez - Concomitentes</title>
<meta name="robots" content="index, follow, max-snippet:-1, max-image-preview:large, max-video-preview:-1" />
<link rel="canonical" href="https://concomitentes.org/en/protagonists/maria-auxiliadora-galvez/" />
<meta property="og:locale" content="en_GB" />
<meta property="og:type" content="article" />
<meta property="og:title" content="María Auxiliadora Gálvez - Concomitentes" />
<meta property="og:description" content="Arquitecta por la E.T.S.A.M y Doctora en Arquitectura. Es además Paisajista y Profesora del Método Feldenkrais de Educación Somática. Desde 1998 desarrolla su labor docente en la universidad. En 2016 [&hellip;]" />
<meta property="og:url" content="https://concomitentes.org/en/protagonists/maria-auxiliadora-galvez/" />
<meta property="og:site_name" content="Concomitentes" />
<meta name="twitter:card" content="summary_large_image" />
<meta name="twitter:label1" content="Estimated reading time" />
	<meta name="twitter:data1" content="1 minute" />
<script type="application/ld+json" class="yoast-schema-graph">{"@context":"https:\/\/schema.org","@graph":[{"@type":"WebPage","@id":"https:\/\/concomitentes.org\/protagonistas\/maria-auxiliadora-galvez\/","url":"https:\/\/concomitentes.org\/protagonistas\/maria-auxiliadora-galvez\/","name":"María Auxiliadora Gálvez - Concomitentes","isPartOf":{"@id":"https:\/\/concomitentes.org\/en\/#website"},"datePublished":"2025-06-24T16:21:03+00:00","breadcrumb":{"@id":"https:\/\/concomitentes.org\/protagonistas\/maria-auxiliadora-galvez\/#breadcrumb"},"inLanguage":"en-GB","potentialAction":[{"@type":"ReadAction","target":["https:\/\/concomitentes.org\/protagonistas\/maria-auxiliadora-galvez\/"]}]},{"@type":"BreadcrumbList","@id":"https:\/\/concomitentes.org\/protagonistas\/maria-auxiliadora-galvez\/#breadcrumb","itemListElement":[{"@type":"ListItem","position":1,"name":"Portada","item":"https:\/\/concomitentes.org\/"},{"@type":"ListItem","position":2,"name":"Protagonistas","item":"https:\/\/concomitentes.org\/en\/participantes\/"},{"@type":"ListItem","position":3,"name":"María Auxiliadora Gálvez"}]},{"@type":"WebSite","@id":"https:\/\/concomitentes.org\/en\/#website","url":"https:\/\/concomitentes.org\/en\/","name":"Concomitentes","description":"Concomitentes promueve la creación de obras de arte y media entre la sociedad civil que las encarga y los\/las artistas que las producen.","potentialAction":[{"@type":"SearchAction","target":{"@type":"EntryPoint","urlTemplate":"https:\/\/concomitentes.org\/en\/?s={search_term_string}"},"query-input":{"@type":"PropertyValueSpecification","valueRequired":true,"valueName":"search_term_string"}}],"inLanguage":"en-GB"}]}</script>
<!-- / Yoast SEO plugin. -->

María Auxiliadora Gálvez - Members of the Committee

María Auxiliadora Gálvez - Concomitentes

Arquitecta por la E.T.S.A.M y Doctora en Arquitectura. Es además Paisajista y Profesora del Método Feldenkrais de Educación Somática. Desde 1998 desarrolla su labor docente en la universidad. En 2016 [&hellip;]
