{"id":497,"date":"2025-06-24T16:21:03","date_gmt":"2025-06-24T16:21:03","guid":{"rendered":"http:\/\/concomitentes.vl22350.dinaserver.com\/protagonistas\/carme-nogueira\/"},"modified":"2025-06-24T16:21:03","modified_gmt":"2025-06-24T16:21:03","slug":"carme-nogueira","status":"publish","type":"participante","link":"https:\/\/concomitentes.org\/en\/protagonistas\/carme-nogueira\/","title":{"rendered":"Carme Nogueira"},"content":{"rendered":"<p>Her artistic career has been marked by working with processes of subjectivisation and the normalising function of spaces through research processes. Her concerns are related to intimacy, public and domestic space, urban spaces and gender with devices and actions that activate spectators, promoting other narratives.<\/p>\n<p>She holds a degree in Fine Arts from the University of Salamanca and a PhD from the University of Vigo. She was associate professor and researcher at UVigo and scholarship holder at the Hochschule der K\u00fcnste, Berlin. She has held residencies at Witte Rook (Breda, 2020), Bulegoa z\/b (Bilbao 2017) and PROGRAM (Berlin 2010).<\/p>\n<p>Some of his latest projects are Tenerife, (Tenerife, 2020) curated by Catalina Lozano; Pinofranqueado por los ni\u00f1os, (C\u00e1ceres, 2019) curated by Jorge D\u00edez; Vida Gallega, (Madrid, 2018) curated by Tamara D\u00edaz Bringas or Noticias Ordinarias del Norte, (Madrid, 2018) curated by Lola Hinojosa.<\/p>","protected":false},"featured_media":0,"template":"","meta":{"_acf_changed":false},"perfil":[9],"class_list":["post-497","participante","type-participante","status-publish","hentry","perfil-artista"],"acf":[],"yoast_head":"<!-- This site is optimized with the Yoast SEO plugin v27.5 - https:\/\/yoast.com\/product\/yoast-seo-wordpress\/ -->\n<title>Carme Nogueira - Concomitentes<\/title>\n<meta name=\"robots\" content=\"index, follow, max-snippet:-1, max-image-preview:large, max-video-preview:-1\" \/>\n<link rel=\"canonical\" href=\"https:\/\/concomitentes.org\/en\/protagonists\/carme-nogueira\/\" \/>\n<meta property=\"og:locale\" content=\"en_GB\" \/>\n<meta property=\"og:type\" content=\"article\" \/>\n<meta property=\"og:title\" content=\"Carme Nogueira - Concomitentes\" \/>\n<meta property=\"og:description\" content=\"Su trayectoria art\u00edstica ha estado marcada por el trabajo con procesos de subjetivizaci\u00f3n y la funci\u00f3n normalizadora de los espacios a trav\u00e9s de procesos de investigaci\u00f3n. Sus preocupaciones est\u00e1n relacionadas [&hellip;]\" \/>\n<meta property=\"og:url\" content=\"https:\/\/concomitentes.org\/en\/protagonists\/carme-nogueira\/\" \/>\n<meta property=\"og:site_name\" content=\"Concomitentes\" \/>\n<meta name=\"twitter:card\" content=\"summary_large_image\" \/>\n<meta name=\"twitter:label1\" content=\"Estimated reading time\" \/>\n\t<meta name=\"twitter:data1\" content=\"1 minute\" \/>\n<script type=\"application\/ld+json\" class=\"yoast-schema-graph\">{\"@context\":\"https:\\\/\\\/schema.org\",\"@graph\":[{\"@type\":\"WebPage\",\"@id\":\"https:\\\/\\\/concomitentes.org\\\/protagonistas\\\/carme-nogueira\\\/\",\"url\":\"https:\\\/\\\/concomitentes.org\\\/protagonistas\\\/carme-nogueira\\\/\",\"name\":\"Carme Nogueira - Concomitentes\",\"isPartOf\":{\"@id\":\"https:\\\/\\\/concomitentes.org\\\/en\\\/#website\"},\"datePublished\":\"2025-06-24T16:21:03+00:00\",\"breadcrumb\":{\"@id\":\"https:\\\/\\\/concomitentes.org\\\/protagonistas\\\/carme-nogueira\\\/#breadcrumb\"},\"inLanguage\":\"en-GB\",\"potentialAction\":[{\"@type\":\"ReadAction\",\"target\":[\"https:\\\/\\\/concomitentes.org\\\/protagonistas\\\/carme-nogueira\\\/\"]}]},{\"@type\":\"BreadcrumbList\",\"@id\":\"https:\\\/\\\/concomitentes.org\\\/protagonistas\\\/carme-nogueira\\\/#breadcrumb\",\"itemListElement\":[{\"@type\":\"ListItem\",\"position\":1,\"name\":\"Portada\",\"item\":\"https:\\\/\\\/concomitentes.org\\\/\"},{\"@type\":\"ListItem\",\"position\":2,\"name\":\"Protagonistas\",\"item\":\"https:\\\/\\\/concomitentes.org\\\/en\\\/participantes\\\/\"},{\"@type\":\"ListItem\",\"position\":3,\"name\":\"Carme Nogueira\"}]},{\"@type\":\"WebSite\",\"@id\":\"https:\\\/\\\/concomitentes.org\\\/en\\\/#website\",\"url\":\"https:\\\/\\\/concomitentes.org\\\/en\\\/\",\"name\":\"Concomitentes\",\"description\":\"Concomitentes promueve la creaci\u00f3n de obras de arte y media entre la sociedad civil que las encarga y los\\\/las artistas que las producen.\",\"potentialAction\":[{\"@type\":\"SearchAction\",\"target\":{\"@type\":\"EntryPoint\",\"urlTemplate\":\"https:\\\/\\\/concomitentes.org\\\/en\\\/?s={search_term_string}\"},\"query-input\":{\"@type\":\"PropertyValueSpecification\",\"valueRequired\":true,\"valueName\":\"search_term_string\"}}],\"inLanguage\":\"en-GB\"}]}<\/script>\n<!-- \/ Yoast SEO plugin. -->","yoast_head_json":{"title":"Carme Nogueira - Contributors","robots":{"index":"index","follow":"follow","max-snippet":"max-snippet:-1","max-image-preview":"max-image-preview:large","max-video-preview":"max-video-preview:-1"},"canonical":"https:\/\/concomitentes.org\/en\/protagonists\/carme-nogueira\/","og_locale":"en_GB","og_type":"article","og_title":"Carme Nogueira - Concomitentes","og_description":"Su trayectoria art\u00edstica ha estado marcada por el trabajo con procesos de subjetivizaci\u00f3n y la funci\u00f3n normalizadora de los espacios a trav\u00e9s de procesos de investigaci\u00f3n. Sus preocupaciones est\u00e1n relacionadas [&hellip;]","og_url":"https:\/\/concomitentes.org\/en\/protagonists\/carme-nogueira\/","og_site_name":"Concomitentes","twitter_card":"summary_large_image","twitter_misc":{"Estimated reading time":"1 minute"},"schema":{"@context":"https:\/\/schema.org","@graph":[{"@type":"WebPage","@id":"https:\/\/concomitentes.org\/protagonistas\/carme-nogueira\/","url":"https:\/\/concomitentes.org\/protagonistas\/carme-nogueira\/","name":"Carme Nogueira - Contributors","isPartOf":{"@id":"https:\/\/concomitentes.org\/en\/#website"},"datePublished":"2025-06-24T16:21:03+00:00","breadcrumb":{"@id":"https:\/\/concomitentes.org\/protagonistas\/carme-nogueira\/#breadcrumb"},"inLanguage":"en-GB","potentialAction":[{"@type":"ReadAction","target":["https:\/\/concomitentes.org\/protagonistas\/carme-nogueira\/"]}]},{"@type":"BreadcrumbList","@id":"https:\/\/concomitentes.org\/protagonistas\/carme-nogueira\/#breadcrumb","itemListElement":[{"@type":"ListItem","position":1,"name":"Portada","item":"https:\/\/concomitentes.org\/"},{"@type":"ListItem","position":2,"name":"Protagonistas","item":"https:\/\/concomitentes.org\/en\/participantes\/"},{"@type":"ListItem","position":3,"name":"Carme Nogueira"}]},{"@type":"WebSite","@id":"https:\/\/concomitentes.org\/en\/#website","url":"https:\/\/concomitentes.org\/en\/","name":"Concomitentes","description":"Concomitentes promotes the creation of works of art and mediates between the civil society that commissions them and the artists who produce them.","potentialAction":[{"@type":"SearchAction","target":{"@type":"EntryPoint","urlTemplate":"https:\/\/concomitentes.org\/en\/?s={search_term_string}"},"query-input":{"@type":"PropertyValueSpecification","valueRequired":true,"valueName":"search_term_string"}}],"inLanguage":"en-GB"}]}},"_links":{"self":[{"href":"https:\/\/concomitentes.org\/en\/wp-json\/wp\/v2\/participante\/497","targetHints":{"allow":["GET"]}}],"collection":[{"href":"https:\/\/concomitentes.org\/en\/wp-json\/wp\/v2\/participante"}],"about":[{"href":"https:\/\/concomitentes.org\/en\/wp-json\/wp\/v2\/types\/participante"}],"wp:attachment":[{"href":"https:\/\/concomitentes.org\/en\/wp-json\/wp\/v2\/media?parent=497"}],"wp:term":[{"taxonomy":"perfil","embeddable":true,"href":"https:\/\/concomitentes.org\/en\/wp-json\/wp\/v2\/perfil?post=497"}],"curies":[{"name":"wp","href":"https:\/\/api.w.org\/{rel}","templated":true}]}}

<p>Her artistic career has been marked by working with processes of subjectivisation and the normalising function of spaces through research processes. Her concerns are related to intimacy, public and domestic space, urban spaces and gender with devices and actions that activate spectators, promoting other narratives.</p>
<p>She holds a degree in Fine Arts from the University of Salamanca and a PhD from the University of Vigo. She was associate professor and researcher at UVigo and scholarship holder at the Hochschule der Künste, Berlin. She has held residencies at Witte Rook (Breda, 2020), Bulegoa z/b (Bilbao 2017) and PROGRAM (Berlin 2010).</p>
<p>Some of his latest projects are Tenerife, (Tenerife, 2020) curated by Catalina Lozano; Pinofranqueado por los niños, (Cáceres, 2019) curated by Jorge Díez; Vida Gallega, (Madrid, 2018) curated by Tamara Díaz Bringas or Noticias Ordinarias del Norte, (Madrid, 2018) curated by Lola Hinojosa.</p>

<!-- This site is optimized with the Yoast SEO plugin v27.5 - https://yoast.com/product/yoast-seo-wordpress/ -->
<title>Carme Nogueira - Concomitentes</title>
<meta name="robots" content="index, follow, max-snippet:-1, max-image-preview:large, max-video-preview:-1" />
<link rel="canonical" href="https://concomitentes.org/en/protagonists/carme-nogueira/" />
<meta property="og:locale" content="en_GB" />
<meta property="og:type" content="article" />
<meta property="og:title" content="Carme Nogueira - Concomitentes" />
<meta property="og:description" content="Su trayectoria artística ha estado marcada por el trabajo con procesos de subjetivización y la función normalizadora de los espacios a través de procesos de investigación. Sus preocupaciones están relacionadas [&hellip;]" />
<meta property="og:url" content="https://concomitentes.org/en/protagonists/carme-nogueira/" />
<meta property="og:site_name" content="Concomitentes" />
<meta name="twitter:card" content="summary_large_image" />
<meta name="twitter:label1" content="Estimated reading time" />
	<meta name="twitter:data1" content="1 minute" />
<script type="application/ld+json" class="yoast-schema-graph">{"@context":"https:\/\/schema.org","@graph":[{"@type":"WebPage","@id":"https:\/\/concomitentes.org\/protagonistas\/carme-nogueira\/","url":"https:\/\/concomitentes.org\/protagonistas\/carme-nogueira\/","name":"Carme Nogueira - Concomitentes","isPartOf":{"@id":"https:\/\/concomitentes.org\/en\/#website"},"datePublished":"2025-06-24T16:21:03+00:00","breadcrumb":{"@id":"https:\/\/concomitentes.org\/protagonistas\/carme-nogueira\/#breadcrumb"},"inLanguage":"en-GB","potentialAction":[{"@type":"ReadAction","target":["https:\/\/concomitentes.org\/protagonistas\/carme-nogueira\/"]}]},{"@type":"BreadcrumbList","@id":"https:\/\/concomitentes.org\/protagonistas\/carme-nogueira\/#breadcrumb","itemListElement":[{"@type":"ListItem","position":1,"name":"Portada","item":"https:\/\/concomitentes.org\/"},{"@type":"ListItem","position":2,"name":"Protagonistas","item":"https:\/\/concomitentes.org\/en\/participantes\/"},{"@type":"ListItem","position":3,"name":"Carme Nogueira"}]},{"@type":"WebSite","@id":"https:\/\/concomitentes.org\/en\/#website","url":"https:\/\/concomitentes.org\/en\/","name":"Concomitentes","description":"Concomitentes promueve la creación de obras de arte y media entre la sociedad civil que las encarga y los\/las artistas que las producen.","potentialAction":[{"@type":"SearchAction","target":{"@type":"EntryPoint","urlTemplate":"https:\/\/concomitentes.org\/en\/?s={search_term_string}"},"query-input":{"@type":"PropertyValueSpecification","valueRequired":true,"valueName":"search_term_string"}}],"inLanguage":"en-GB"}]}</script>
<!-- / Yoast SEO plugin. -->

Su trayectoria artística ha estado marcada por el trabajo con procesos de subjetivización y la función normalizadora de los espacios a través de procesos de investigación. Sus preocupaciones están relacionadas [&hellip;]
