{"id":480,"date":"2025-06-24T16:21:00","date_gmt":"2025-06-24T16:21:00","guid":{"rendered":"http:\/\/concomitentes.vl22350.dinaserver.com\/protagonistas\/ivan-argote\/"},"modified":"2025-06-24T16:21:00","modified_gmt":"2025-06-24T16:21:00","slug":"ivan-argote","status":"publish","type":"participante","link":"https:\/\/concomitentes.org\/en\/protagonistas\/ivan-argote\/","title":{"rendered":"Iv\u00e1n Argote"},"content":{"rendered":"<p>Iv\u00e1n Argote (Bogot\u00e1, 1983) is a Colombian artist based in Paris, responsible for the artistic work of the concomitance of the Library of the Faculty of Fine Arts of the Complutense University in Madrid. Iv\u00e1n's work explores the relationship between history, politics and the construction of our own subjectivities, through a variety of formats including video, sculpture, collages or installations in public space, tending to raise questions about how we relate to others, the state, heritage or traditions. His works are critical, sometimes anti-systemic, and deal with the idea of bringing affection to politics and politics to affection, with a tone somewhere between the strong and the tender. Throughout his extensive career, Iv\u00e1n's work has been shown in solo exhibitions in cities such as Buenos Aires, Paris, New York, Sao Paulo, Lima, London, Bogot\u00e1, Barcelona and Madrid, and he has also participated in numerous group exhibitions.<\/p>","protected":false},"featured_media":0,"template":"","meta":{"_acf_changed":false},"perfil":[9],"class_list":["post-480","participante","type-participante","status-publish","hentry","perfil-artista"],"acf":[],"yoast_head":"<!-- This site is optimized with the Yoast SEO plugin v27.5 - https:\/\/yoast.com\/product\/yoast-seo-wordpress\/ -->\n<title>Iv\u00e1n Argote - Concomitentes<\/title>\n<meta name=\"robots\" content=\"index, follow, max-snippet:-1, max-image-preview:large, max-video-preview:-1\" \/>\n<link rel=\"canonical\" href=\"https:\/\/concomitentes.org\/en\/protagonists\/ivan-argote\/\" \/>\n<meta property=\"og:locale\" content=\"en_GB\" \/>\n<meta property=\"og:type\" content=\"article\" \/>\n<meta property=\"og:title\" content=\"Iv\u00e1n Argote - Concomitentes\" \/>\n<meta property=\"og:description\" content=\"Iv\u00e1n Argote (Bogot\u00e1, 1983) es un artista colombiano afincado en Par\u00eds, responsable de la obra art\u00edstica de la concomitancia de la Biblioteca de la Facultad de Bellas Artes de la [&hellip;]\" \/>\n<meta property=\"og:url\" content=\"https:\/\/concomitentes.org\/en\/protagonists\/ivan-argote\/\" \/>\n<meta property=\"og:site_name\" content=\"Concomitentes\" \/>\n<meta name=\"twitter:card\" content=\"summary_large_image\" \/>\n<meta name=\"twitter:label1\" content=\"Estimated reading time\" \/>\n\t<meta name=\"twitter:data1\" content=\"1 minute\" \/>\n<script type=\"application\/ld+json\" class=\"yoast-schema-graph\">{\"@context\":\"https:\\\/\\\/schema.org\",\"@graph\":[{\"@type\":\"WebPage\",\"@id\":\"https:\\\/\\\/concomitentes.org\\\/protagonistas\\\/ivan-argote\\\/\",\"url\":\"https:\\\/\\\/concomitentes.org\\\/protagonistas\\\/ivan-argote\\\/\",\"name\":\"Iv\u00e1n Argote - Concomitentes\",\"isPartOf\":{\"@id\":\"https:\\\/\\\/concomitentes.org\\\/en\\\/#website\"},\"datePublished\":\"2025-06-24T16:21:00+00:00\",\"breadcrumb\":{\"@id\":\"https:\\\/\\\/concomitentes.org\\\/protagonistas\\\/ivan-argote\\\/#breadcrumb\"},\"inLanguage\":\"en-GB\",\"potentialAction\":[{\"@type\":\"ReadAction\",\"target\":[\"https:\\\/\\\/concomitentes.org\\\/protagonistas\\\/ivan-argote\\\/\"]}]},{\"@type\":\"BreadcrumbList\",\"@id\":\"https:\\\/\\\/concomitentes.org\\\/protagonistas\\\/ivan-argote\\\/#breadcrumb\",\"itemListElement\":[{\"@type\":\"ListItem\",\"position\":1,\"name\":\"Portada\",\"item\":\"https:\\\/\\\/concomitentes.org\\\/\"},{\"@type\":\"ListItem\",\"position\":2,\"name\":\"Protagonistas\",\"item\":\"https:\\\/\\\/concomitentes.org\\\/en\\\/participantes\\\/\"},{\"@type\":\"ListItem\",\"position\":3,\"name\":\"Iv\u00e1n Argote\"}]},{\"@type\":\"WebSite\",\"@id\":\"https:\\\/\\\/concomitentes.org\\\/en\\\/#website\",\"url\":\"https:\\\/\\\/concomitentes.org\\\/en\\\/\",\"name\":\"Concomitentes\",\"description\":\"Concomitentes promueve la creaci\u00f3n de obras de arte y media entre la sociedad civil que las encarga y los\\\/las artistas que las producen.\",\"potentialAction\":[{\"@type\":\"SearchAction\",\"target\":{\"@type\":\"EntryPoint\",\"urlTemplate\":\"https:\\\/\\\/concomitentes.org\\\/en\\\/?s={search_term_string}\"},\"query-input\":{\"@type\":\"PropertyValueSpecification\",\"valueRequired\":true,\"valueName\":\"search_term_string\"}}],\"inLanguage\":\"en-GB\"}]}<\/script>\n<!-- \/ Yoast SEO plugin. -->","yoast_head_json":{"title":"Iv\u00e1n Argote - Concomitantes","robots":{"index":"index","follow":"follow","max-snippet":"max-snippet:-1","max-image-preview":"max-image-preview:large","max-video-preview":"max-video-preview:-1"},"canonical":"https:\/\/concomitentes.org\/en\/protagonists\/ivan-argote\/","og_locale":"en_GB","og_type":"article","og_title":"Iv\u00e1n Argote - Concomitentes","og_description":"Iv\u00e1n Argote (Bogot\u00e1, 1983) es un artista colombiano afincado en Par\u00eds, responsable de la obra art\u00edstica de la concomitancia de la Biblioteca de la Facultad de Bellas Artes de la [&hellip;]","og_url":"https:\/\/concomitentes.org\/en\/protagonists\/ivan-argote\/","og_site_name":"Concomitentes","twitter_card":"summary_large_image","twitter_misc":{"Estimated reading time":"1 minute"},"schema":{"@context":"https:\/\/schema.org","@graph":[{"@type":"WebPage","@id":"https:\/\/concomitentes.org\/protagonistas\/ivan-argote\/","url":"https:\/\/concomitentes.org\/protagonistas\/ivan-argote\/","name":"Iv\u00e1n Argote - Concomitantes","isPartOf":{"@id":"https:\/\/concomitentes.org\/en\/#website"},"datePublished":"2025-06-24T16:21:00+00:00","breadcrumb":{"@id":"https:\/\/concomitentes.org\/protagonistas\/ivan-argote\/#breadcrumb"},"inLanguage":"en-GB","potentialAction":[{"@type":"ReadAction","target":["https:\/\/concomitentes.org\/protagonistas\/ivan-argote\/"]}]},{"@type":"BreadcrumbList","@id":"https:\/\/concomitentes.org\/protagonistas\/ivan-argote\/#breadcrumb","itemListElement":[{"@type":"ListItem","position":1,"name":"Portada","item":"https:\/\/concomitentes.org\/"},{"@type":"ListItem","position":2,"name":"Protagonistas","item":"https:\/\/concomitentes.org\/en\/participantes\/"},{"@type":"ListItem","position":3,"name":"Iv\u00e1n Argote"}]},{"@type":"WebSite","@id":"https:\/\/concomitentes.org\/en\/#website","url":"https:\/\/concomitentes.org\/en\/","name":"Concomitentes","description":"Concomitentes promotes the creation of works of art and mediates between the civil society that commissions them and the artists who produce them.","potentialAction":[{"@type":"SearchAction","target":{"@type":"EntryPoint","urlTemplate":"https:\/\/concomitentes.org\/en\/?s={search_term_string}"},"query-input":{"@type":"PropertyValueSpecification","valueRequired":true,"valueName":"search_term_string"}}],"inLanguage":"en-GB"}]}},"_links":{"self":[{"href":"https:\/\/concomitentes.org\/en\/wp-json\/wp\/v2\/participante\/480","targetHints":{"allow":["GET"]}}],"collection":[{"href":"https:\/\/concomitentes.org\/en\/wp-json\/wp\/v2\/participante"}],"about":[{"href":"https:\/\/concomitentes.org\/en\/wp-json\/wp\/v2\/types\/participante"}],"wp:attachment":[{"href":"https:\/\/concomitentes.org\/en\/wp-json\/wp\/v2\/media?parent=480"}],"wp:term":[{"taxonomy":"perfil","embeddable":true,"href":"https:\/\/concomitentes.org\/en\/wp-json\/wp\/v2\/perfil?post=480"}],"curies":[{"name":"wp","href":"https:\/\/api.w.org\/{rel}","templated":true}]}}

Iván Argote

<p>Iván Argote (Bogotá, 1983) is a Colombian artist based in Paris, responsible for the artistic work of the concomitance of the Library of the Faculty of Fine Arts of the Complutense University in Madrid. Iván's work explores the relationship between history, politics and the construction of our own subjectivities, through a variety of formats including video, sculpture, collages or installations in public space, tending to raise questions about how we relate to others, the state, heritage or traditions. His works are critical, sometimes anti-systemic, and deal with the idea of bringing affection to politics and politics to affection, with a tone somewhere between the strong and the tender. Throughout his extensive career, Iván's work has been shown in solo exhibitions in cities such as Buenos Aires, Paris, New York, Sao Paulo, Lima, London, Bogotá, Barcelona and Madrid, and he has also participated in numerous group exhibitions.</p>

<!-- This site is optimized with the Yoast SEO plugin v27.5 - https://yoast.com/product/yoast-seo-wordpress/ -->
<title>Iván Argote - Concomitentes</title>
<meta name="robots" content="index, follow, max-snippet:-1, max-image-preview:large, max-video-preview:-1" />
<link rel="canonical" href="https://concomitentes.org/en/protagonists/ivan-argote/" />
<meta property="og:locale" content="en_GB" />
<meta property="og:type" content="article" />
<meta property="og:title" content="Iván Argote - Concomitentes" />
<meta property="og:description" content="Iván Argote (Bogotá, 1983) es un artista colombiano afincado en París, responsable de la obra artística de la concomitancia de la Biblioteca de la Facultad de Bellas Artes de la [&hellip;]" />
<meta property="og:url" content="https://concomitentes.org/en/protagonists/ivan-argote/" />
<meta property="og:site_name" content="Concomitentes" />
<meta name="twitter:card" content="summary_large_image" />
<meta name="twitter:label1" content="Estimated reading time" />
	<meta name="twitter:data1" content="1 minute" />
<script type="application/ld+json" class="yoast-schema-graph">{"@context":"https:\/\/schema.org","@graph":[{"@type":"WebPage","@id":"https:\/\/concomitentes.org\/protagonistas\/ivan-argote\/","url":"https:\/\/concomitentes.org\/protagonistas\/ivan-argote\/","name":"Iván Argote - Concomitentes","isPartOf":{"@id":"https:\/\/concomitentes.org\/en\/#website"},"datePublished":"2025-06-24T16:21:00+00:00","breadcrumb":{"@id":"https:\/\/concomitentes.org\/protagonistas\/ivan-argote\/#breadcrumb"},"inLanguage":"en-GB","potentialAction":[{"@type":"ReadAction","target":["https:\/\/concomitentes.org\/protagonistas\/ivan-argote\/"]}]},{"@type":"BreadcrumbList","@id":"https:\/\/concomitentes.org\/protagonistas\/ivan-argote\/#breadcrumb","itemListElement":[{"@type":"ListItem","position":1,"name":"Portada","item":"https:\/\/concomitentes.org\/"},{"@type":"ListItem","position":2,"name":"Protagonistas","item":"https:\/\/concomitentes.org\/en\/participantes\/"},{"@type":"ListItem","position":3,"name":"Iván Argote"}]},{"@type":"WebSite","@id":"https:\/\/concomitentes.org\/en\/#website","url":"https:\/\/concomitentes.org\/en\/","name":"Concomitentes","description":"Concomitentes promueve la creación de obras de arte y media entre la sociedad civil que las encarga y los\/las artistas que las producen.","potentialAction":[{"@type":"SearchAction","target":{"@type":"EntryPoint","urlTemplate":"https:\/\/concomitentes.org\/en\/?s={search_term_string}"},"query-input":{"@type":"PropertyValueSpecification","valueRequired":true,"valueName":"search_term_string"}}],"inLanguage":"en-GB"}]}</script>
<!-- / Yoast SEO plugin. -->

Iván Argote - Concomitantes

Iván Argote - Concomitentes

Iván Argote (Bogotá, 1983) es un artista colombiano afincado en París, responsable de la obra artística de la concomitancia de la Biblioteca de la Facultad de Bellas Artes de la [&hellip;]
