{"id":476,"date":"2025-06-24T16:21:00","date_gmt":"2025-06-24T16:21:00","guid":{"rendered":"http:\/\/concomitentes.vl22350.dinaserver.com\/protagonistas\/maria-oliver\/"},"modified":"2025-06-24T16:21:00","modified_gmt":"2025-06-24T16:21:00","slug":"maria-oliver","status":"publish","type":"participante","link":"https:\/\/concomitentes.org\/en\/protagonistas\/maria-oliver\/","title":{"rendered":"Maria Oliver"},"content":{"rendered":"<p>Maria Oliver, PhD in French philology, former university teacher, translator and sporadic poet. She has been an activist since 12 years ago, when her uncertainty led her to live with functional diversity and to see the other side of the mirror. She is a member of the Office of Independent Living in Barcelona. She has participated in different cultural audiovisual projects linked to functional diversity such as \u201cTr\u00e8vols de 4 fulles\u201d, \u201cVivir i altres ficcions\u201d, \u201cYes, we fuck\u201d, \u201cNexos\u201d, and sexual assistance - \u201cTus manos, mis manos\u201d.<\/p>\n<p><a href=\"http:\/\/forovidaindependiente.org\/\">http:\/\/forovidaindependiente.org\/<\/a><br \/>\n<a href=\"https:\/\/ovibcn.org\/\">https:\/\/ovibcn.org\/<\/a><br \/>\n<a href=\"https:\/\/asistenciasexual.org\/\">https:\/\/asistenciasexual.org\/<\/a><\/p>","protected":false},"featured_media":0,"template":"","meta":{"_acf_changed":false},"perfil":[7],"class_list":["post-476","participante","type-participante","status-publish","hentry","perfil-comitente"],"acf":[],"yoast_head":"<!-- This site is optimized with the Yoast SEO plugin v27.5 - https:\/\/yoast.com\/product\/yoast-seo-wordpress\/ -->\n<title>Maria Oliver - Concomitentes<\/title>\n<meta name=\"robots\" content=\"index, follow, max-snippet:-1, max-image-preview:large, max-video-preview:-1\" \/>\n<link rel=\"canonical\" href=\"https:\/\/concomitentes.org\/en\/protagonists\/maria-oliver\/\" \/>\n<meta property=\"og:locale\" content=\"en_GB\" \/>\n<meta property=\"og:type\" content=\"article\" \/>\n<meta property=\"og:title\" content=\"Maria Oliver - Concomitentes\" \/>\n<meta property=\"og:description\" content=\"Maria Oliver, doctora en filolog\u00eda francesa, ex-profesora universitaria, traductora y poeta espor\u00e1dica. Activista desde que hace 12 a\u00f1os la vida, su incertidumbre la llev\u00f3 a vivir con diversidad funcional y [&hellip;]\" \/>\n<meta property=\"og:url\" content=\"https:\/\/concomitentes.org\/en\/protagonists\/maria-oliver\/\" \/>\n<meta property=\"og:site_name\" content=\"Concomitentes\" \/>\n<meta name=\"twitter:card\" content=\"summary_large_image\" \/>\n<script type=\"application\/ld+json\" class=\"yoast-schema-graph\">{\"@context\":\"https:\\\/\\\/schema.org\",\"@graph\":[{\"@type\":\"WebPage\",\"@id\":\"https:\\\/\\\/concomitentes.org\\\/protagonistas\\\/maria-oliver\\\/\",\"url\":\"https:\\\/\\\/concomitentes.org\\\/protagonistas\\\/maria-oliver\\\/\",\"name\":\"Maria Oliver - Concomitentes\",\"isPartOf\":{\"@id\":\"https:\\\/\\\/concomitentes.org\\\/en\\\/#website\"},\"datePublished\":\"2025-06-24T16:21:00+00:00\",\"breadcrumb\":{\"@id\":\"https:\\\/\\\/concomitentes.org\\\/protagonistas\\\/maria-oliver\\\/#breadcrumb\"},\"inLanguage\":\"en-GB\",\"potentialAction\":[{\"@type\":\"ReadAction\",\"target\":[\"https:\\\/\\\/concomitentes.org\\\/protagonistas\\\/maria-oliver\\\/\"]}]},{\"@type\":\"BreadcrumbList\",\"@id\":\"https:\\\/\\\/concomitentes.org\\\/protagonistas\\\/maria-oliver\\\/#breadcrumb\",\"itemListElement\":[{\"@type\":\"ListItem\",\"position\":1,\"name\":\"Portada\",\"item\":\"https:\\\/\\\/concomitentes.org\\\/\"},{\"@type\":\"ListItem\",\"position\":2,\"name\":\"Protagonistas\",\"item\":\"https:\\\/\\\/concomitentes.org\\\/en\\\/participantes\\\/\"},{\"@type\":\"ListItem\",\"position\":3,\"name\":\"Maria Oliver\"}]},{\"@type\":\"WebSite\",\"@id\":\"https:\\\/\\\/concomitentes.org\\\/en\\\/#website\",\"url\":\"https:\\\/\\\/concomitentes.org\\\/en\\\/\",\"name\":\"Concomitentes\",\"description\":\"Concomitentes promueve la creaci\u00f3n de obras de arte y media entre la sociedad civil que las encarga y los\\\/las artistas que las producen.\",\"potentialAction\":[{\"@type\":\"SearchAction\",\"target\":{\"@type\":\"EntryPoint\",\"urlTemplate\":\"https:\\\/\\\/concomitentes.org\\\/en\\\/?s={search_term_string}\"},\"query-input\":{\"@type\":\"PropertyValueSpecification\",\"valueRequired\":true,\"valueName\":\"search_term_string\"}}],\"inLanguage\":\"en-GB\"}]}<\/script>\n<!-- \/ Yoast SEO plugin. -->","yoast_head_json":{"title":"Maria Oliver - Contributors","robots":{"index":"index","follow":"follow","max-snippet":"max-snippet:-1","max-image-preview":"max-image-preview:large","max-video-preview":"max-video-preview:-1"},"canonical":"https:\/\/concomitentes.org\/en\/protagonists\/maria-oliver\/","og_locale":"en_GB","og_type":"article","og_title":"Maria Oliver - Concomitentes","og_description":"Maria Oliver, doctora en filolog\u00eda francesa, ex-profesora universitaria, traductora y poeta espor\u00e1dica. Activista desde que hace 12 a\u00f1os la vida, su incertidumbre la llev\u00f3 a vivir con diversidad funcional y [&hellip;]","og_url":"https:\/\/concomitentes.org\/en\/protagonists\/maria-oliver\/","og_site_name":"Concomitentes","twitter_card":"summary_large_image","schema":{"@context":"https:\/\/schema.org","@graph":[{"@type":"WebPage","@id":"https:\/\/concomitentes.org\/protagonistas\/maria-oliver\/","url":"https:\/\/concomitentes.org\/protagonistas\/maria-oliver\/","name":"Maria Oliver - Contributors","isPartOf":{"@id":"https:\/\/concomitentes.org\/en\/#website"},"datePublished":"2025-06-24T16:21:00+00:00","breadcrumb":{"@id":"https:\/\/concomitentes.org\/protagonistas\/maria-oliver\/#breadcrumb"},"inLanguage":"en-GB","potentialAction":[{"@type":"ReadAction","target":["https:\/\/concomitentes.org\/protagonistas\/maria-oliver\/"]}]},{"@type":"BreadcrumbList","@id":"https:\/\/concomitentes.org\/protagonistas\/maria-oliver\/#breadcrumb","itemListElement":[{"@type":"ListItem","position":1,"name":"Portada","item":"https:\/\/concomitentes.org\/"},{"@type":"ListItem","position":2,"name":"Protagonistas","item":"https:\/\/concomitentes.org\/en\/participantes\/"},{"@type":"ListItem","position":3,"name":"Maria Oliver"}]},{"@type":"WebSite","@id":"https:\/\/concomitentes.org\/en\/#website","url":"https:\/\/concomitentes.org\/en\/","name":"Concomitentes","description":"Concomitentes promotes the creation of works of art and mediates between the civil society that commissions them and the artists who produce them.","potentialAction":[{"@type":"SearchAction","target":{"@type":"EntryPoint","urlTemplate":"https:\/\/concomitentes.org\/en\/?s={search_term_string}"},"query-input":{"@type":"PropertyValueSpecification","valueRequired":true,"valueName":"search_term_string"}}],"inLanguage":"en-GB"}]}},"_links":{"self":[{"href":"https:\/\/concomitentes.org\/en\/wp-json\/wp\/v2\/participante\/476","targetHints":{"allow":["GET"]}}],"collection":[{"href":"https:\/\/concomitentes.org\/en\/wp-json\/wp\/v2\/participante"}],"about":[{"href":"https:\/\/concomitentes.org\/en\/wp-json\/wp\/v2\/types\/participante"}],"wp:attachment":[{"href":"https:\/\/concomitentes.org\/en\/wp-json\/wp\/v2\/media?parent=476"}],"wp:term":[{"taxonomy":"perfil","embeddable":true,"href":"https:\/\/concomitentes.org\/en\/wp-json\/wp\/v2\/perfil?post=476"}],"curies":[{"name":"wp","href":"https:\/\/api.w.org\/{rel}","templated":true}]}}

<p>Maria Oliver, PhD in French philology, former university teacher, translator and sporadic poet. She has been an activist since 12 years ago, when her uncertainty led her to live with functional diversity and to see the other side of the mirror. She is a member of the Office of Independent Living in Barcelona. She has participated in different cultural audiovisual projects linked to functional diversity such as “Trèvols de 4 fulles”, “Vivir i altres ficcions”, “Yes, we fuck”, “Nexos”, and sexual assistance - “Tus manos, mis manos”.</p>
<p><a href="http://forovidaindependiente.org/">http://forovidaindependiente.org/</a><br />
<a href="https://ovibcn.org/">https://ovibcn.org/</a><br />
<a href="https://asistenciasexual.org/">https://asistenciasexual.org/</a></p>

<!-- This site is optimized with the Yoast SEO plugin v27.5 - https://yoast.com/product/yoast-seo-wordpress/ -->
<title>Maria Oliver - Concomitentes</title>
<meta name="robots" content="index, follow, max-snippet:-1, max-image-preview:large, max-video-preview:-1" />
<link rel="canonical" href="https://concomitentes.org/en/protagonists/maria-oliver/" />
<meta property="og:locale" content="en_GB" />
<meta property="og:type" content="article" />
<meta property="og:title" content="Maria Oliver - Concomitentes" />
<meta property="og:description" content="Maria Oliver, doctora en filología francesa, ex-profesora universitaria, traductora y poeta esporádica. Activista desde que hace 12 años la vida, su incertidumbre la llevó a vivir con diversidad funcional y [&hellip;]" />
<meta property="og:url" content="https://concomitentes.org/en/protagonists/maria-oliver/" />
<meta property="og:site_name" content="Concomitentes" />
<meta name="twitter:card" content="summary_large_image" />
<script type="application/ld+json" class="yoast-schema-graph">{"@context":"https:\/\/schema.org","@graph":[{"@type":"WebPage","@id":"https:\/\/concomitentes.org\/protagonistas\/maria-oliver\/","url":"https:\/\/concomitentes.org\/protagonistas\/maria-oliver\/","name":"Maria Oliver - Concomitentes","isPartOf":{"@id":"https:\/\/concomitentes.org\/en\/#website"},"datePublished":"2025-06-24T16:21:00+00:00","breadcrumb":{"@id":"https:\/\/concomitentes.org\/protagonistas\/maria-oliver\/#breadcrumb"},"inLanguage":"en-GB","potentialAction":[{"@type":"ReadAction","target":["https:\/\/concomitentes.org\/protagonistas\/maria-oliver\/"]}]},{"@type":"BreadcrumbList","@id":"https:\/\/concomitentes.org\/protagonistas\/maria-oliver\/#breadcrumb","itemListElement":[{"@type":"ListItem","position":1,"name":"Portada","item":"https:\/\/concomitentes.org\/"},{"@type":"ListItem","position":2,"name":"Protagonistas","item":"https:\/\/concomitentes.org\/en\/participantes\/"},{"@type":"ListItem","position":3,"name":"Maria Oliver"}]},{"@type":"WebSite","@id":"https:\/\/concomitentes.org\/en\/#website","url":"https:\/\/concomitentes.org\/en\/","name":"Concomitentes","description":"Concomitentes promueve la creación de obras de arte y media entre la sociedad civil que las encarga y los\/las artistas que las producen.","potentialAction":[{"@type":"SearchAction","target":{"@type":"EntryPoint","urlTemplate":"https:\/\/concomitentes.org\/en\/?s={search_term_string}"},"query-input":{"@type":"PropertyValueSpecification","valueRequired":true,"valueName":"search_term_string"}}],"inLanguage":"en-GB"}]}</script>
<!-- / Yoast SEO plugin. -->

Maria Oliver, doctora en filología francesa, ex-profesora universitaria, traductora y poeta esporádica. Activista desde que hace 12 años la vida, su incertidumbre la llevó a vivir con diversidad funcional y [&hellip;]
