{"id":475,"date":"2025-06-24T16:21:00","date_gmt":"2025-06-24T16:21:00","guid":{"rendered":"http:\/\/concomitentes.vl22350.dinaserver.com\/protagonistas\/antonio-centeno\/"},"modified":"2025-06-24T16:21:00","modified_gmt":"2025-06-24T16:21:00","slug":"antonio-centeno","status":"publish","type":"participante","link":"https:\/\/concomitentes.org\/en\/protagonistas\/antonio-centeno\/","title":{"rendered":"Antonio Centeno"},"content":{"rendered":"<p>Antonio Centeno Ortiz was born in 1971 in Montcada i Reixac, and has lived in Barcelona since 1999. He acquired his functional diversity (tetraplegia) at the age of 13. He holds a degree in Mathematics from the University of Barcelona and worked as a secondary school mathematics teacher from 1998 to 2010.<br \/>\nHe has been a member of the Independent Living and Diversity Forum since 2004, and one of the 9 founding members of the Barcelona Independent Living Office in 2006. He has promoted different cultural audiovisual projects related to functional diversity - \"Tr\u00e8vols de 4 fulles\", \"Vivir i altres ficcions\", \"Yes, we fuck\", \"Nexos\", and sexual assistance - \"Tus manos, mis manos\". <\/p>\n<p><a href=\"http:\/\/forovidaindependiente.org\/\">http:\/\/forovidaindependiente.org\/<\/a><br \/>\n<a href=\"https:\/\/ovibcn.org\/\">https:\/\/ovibcn.org\/<\/a><br \/>\n<a href=\"https:\/\/asistenciasexual.org\/\">https:\/\/asistenciasexual.org\/<\/a><\/p>","protected":false},"featured_media":0,"template":"","meta":{"_acf_changed":false},"perfil":[7],"class_list":["post-475","participante","type-participante","status-publish","hentry","perfil-comitente"],"acf":[],"yoast_head":"<!-- This site is optimized with the Yoast SEO plugin v27.5 - https:\/\/yoast.com\/product\/yoast-seo-wordpress\/ -->\n<title>Antonio Centeno - Concomitentes<\/title>\n<meta name=\"robots\" content=\"index, follow, max-snippet:-1, max-image-preview:large, max-video-preview:-1\" \/>\n<link rel=\"canonical\" href=\"https:\/\/concomitentes.org\/en\/protagonists\/antonio-centeno\/\" \/>\n<meta property=\"og:locale\" content=\"en_GB\" \/>\n<meta property=\"og:type\" content=\"article\" \/>\n<meta property=\"og:title\" content=\"Antonio Centeno - Concomitentes\" \/>\n<meta property=\"og:description\" content=\"Antonio Centeno Ortiz naci\u00f3 en 1971 en Montcada i Reixac, y vive en Barcelona desde 1999. Adquiri\u00f3 su diversidad funcional (tetraplej\u00eda) a los 13 a\u00f1os. Licenciado en Matem\u00e1ticas por la [&hellip;]\" \/>\n<meta property=\"og:url\" content=\"https:\/\/concomitentes.org\/en\/protagonists\/antonio-centeno\/\" \/>\n<meta property=\"og:site_name\" content=\"Concomitentes\" \/>\n<meta name=\"twitter:card\" content=\"summary_large_image\" \/>\n<meta name=\"twitter:label1\" content=\"Estimated reading time\" \/>\n\t<meta name=\"twitter:data1\" content=\"1 minute\" \/>\n<script type=\"application\/ld+json\" class=\"yoast-schema-graph\">{\"@context\":\"https:\\\/\\\/schema.org\",\"@graph\":[{\"@type\":\"WebPage\",\"@id\":\"https:\\\/\\\/concomitentes.org\\\/protagonistas\\\/antonio-centeno\\\/\",\"url\":\"https:\\\/\\\/concomitentes.org\\\/protagonistas\\\/antonio-centeno\\\/\",\"name\":\"Antonio Centeno - Concomitentes\",\"isPartOf\":{\"@id\":\"https:\\\/\\\/concomitentes.org\\\/en\\\/#website\"},\"datePublished\":\"2025-06-24T16:21:00+00:00\",\"breadcrumb\":{\"@id\":\"https:\\\/\\\/concomitentes.org\\\/protagonistas\\\/antonio-centeno\\\/#breadcrumb\"},\"inLanguage\":\"en-GB\",\"potentialAction\":[{\"@type\":\"ReadAction\",\"target\":[\"https:\\\/\\\/concomitentes.org\\\/protagonistas\\\/antonio-centeno\\\/\"]}]},{\"@type\":\"BreadcrumbList\",\"@id\":\"https:\\\/\\\/concomitentes.org\\\/protagonistas\\\/antonio-centeno\\\/#breadcrumb\",\"itemListElement\":[{\"@type\":\"ListItem\",\"position\":1,\"name\":\"Portada\",\"item\":\"https:\\\/\\\/concomitentes.org\\\/\"},{\"@type\":\"ListItem\",\"position\":2,\"name\":\"Protagonistas\",\"item\":\"https:\\\/\\\/concomitentes.org\\\/en\\\/participantes\\\/\"},{\"@type\":\"ListItem\",\"position\":3,\"name\":\"Antonio Centeno\"}]},{\"@type\":\"WebSite\",\"@id\":\"https:\\\/\\\/concomitentes.org\\\/en\\\/#website\",\"url\":\"https:\\\/\\\/concomitentes.org\\\/en\\\/\",\"name\":\"Concomitentes\",\"description\":\"Concomitentes promueve la creaci\u00f3n de obras de arte y media entre la sociedad civil que las encarga y los\\\/las artistas que las producen.\",\"potentialAction\":[{\"@type\":\"SearchAction\",\"target\":{\"@type\":\"EntryPoint\",\"urlTemplate\":\"https:\\\/\\\/concomitentes.org\\\/en\\\/?s={search_term_string}\"},\"query-input\":{\"@type\":\"PropertyValueSpecification\",\"valueRequired\":true,\"valueName\":\"search_term_string\"}}],\"inLanguage\":\"en-GB\"}]}<\/script>\n<!-- \/ Yoast SEO plugin. -->","yoast_head_json":{"title":"Antonio Centeno - Contributors","robots":{"index":"index","follow":"follow","max-snippet":"max-snippet:-1","max-image-preview":"max-image-preview:large","max-video-preview":"max-video-preview:-1"},"canonical":"https:\/\/concomitentes.org\/en\/protagonists\/antonio-centeno\/","og_locale":"en_GB","og_type":"article","og_title":"Antonio Centeno - Concomitentes","og_description":"Antonio Centeno Ortiz naci\u00f3 en 1971 en Montcada i Reixac, y vive en Barcelona desde 1999. Adquiri\u00f3 su diversidad funcional (tetraplej\u00eda) a los 13 a\u00f1os. Licenciado en Matem\u00e1ticas por la [&hellip;]","og_url":"https:\/\/concomitentes.org\/en\/protagonists\/antonio-centeno\/","og_site_name":"Concomitentes","twitter_card":"summary_large_image","twitter_misc":{"Estimated reading time":"1 minute"},"schema":{"@context":"https:\/\/schema.org","@graph":[{"@type":"WebPage","@id":"https:\/\/concomitentes.org\/protagonistas\/antonio-centeno\/","url":"https:\/\/concomitentes.org\/protagonistas\/antonio-centeno\/","name":"Antonio Centeno - Contributors","isPartOf":{"@id":"https:\/\/concomitentes.org\/en\/#website"},"datePublished":"2025-06-24T16:21:00+00:00","breadcrumb":{"@id":"https:\/\/concomitentes.org\/protagonistas\/antonio-centeno\/#breadcrumb"},"inLanguage":"en-GB","potentialAction":[{"@type":"ReadAction","target":["https:\/\/concomitentes.org\/protagonistas\/antonio-centeno\/"]}]},{"@type":"BreadcrumbList","@id":"https:\/\/concomitentes.org\/protagonistas\/antonio-centeno\/#breadcrumb","itemListElement":[{"@type":"ListItem","position":1,"name":"Portada","item":"https:\/\/concomitentes.org\/"},{"@type":"ListItem","position":2,"name":"Protagonistas","item":"https:\/\/concomitentes.org\/en\/participantes\/"},{"@type":"ListItem","position":3,"name":"Antonio Centeno"}]},{"@type":"WebSite","@id":"https:\/\/concomitentes.org\/en\/#website","url":"https:\/\/concomitentes.org\/en\/","name":"Concomitentes","description":"Concomitentes promotes the creation of works of art and mediates between the civil society that commissions them and the artists who produce them.","potentialAction":[{"@type":"SearchAction","target":{"@type":"EntryPoint","urlTemplate":"https:\/\/concomitentes.org\/en\/?s={search_term_string}"},"query-input":{"@type":"PropertyValueSpecification","valueRequired":true,"valueName":"search_term_string"}}],"inLanguage":"en-GB"}]}},"_links":{"self":[{"href":"https:\/\/concomitentes.org\/en\/wp-json\/wp\/v2\/participante\/475","targetHints":{"allow":["GET"]}}],"collection":[{"href":"https:\/\/concomitentes.org\/en\/wp-json\/wp\/v2\/participante"}],"about":[{"href":"https:\/\/concomitentes.org\/en\/wp-json\/wp\/v2\/types\/participante"}],"wp:attachment":[{"href":"https:\/\/concomitentes.org\/en\/wp-json\/wp\/v2\/media?parent=475"}],"wp:term":[{"taxonomy":"perfil","embeddable":true,"href":"https:\/\/concomitentes.org\/en\/wp-json\/wp\/v2\/perfil?post=475"}],"curies":[{"name":"wp","href":"https:\/\/api.w.org\/{rel}","templated":true}]}}

<p>Antonio Centeno Ortiz was born in 1971 in Montcada i Reixac, and has lived in Barcelona since 1999. He acquired his functional diversity (tetraplegia) at the age of 13. He holds a degree in Mathematics from the University of Barcelona and worked as a secondary school mathematics teacher from 1998 to 2010.<br />
He has been a member of the Independent Living and Diversity Forum since 2004, and one of the 9 founding members of the Barcelona Independent Living Office in 2006. He has promoted different cultural audiovisual projects related to functional diversity - "Trèvols de 4 fulles", "Vivir i altres ficcions", "Yes, we fuck", "Nexos", and sexual assistance - "Tus manos, mis manos". </p>
<p><a href="http://forovidaindependiente.org/">http://forovidaindependiente.org/</a><br />
<a href="https://ovibcn.org/">https://ovibcn.org/</a><br />
<a href="https://asistenciasexual.org/">https://asistenciasexual.org/</a></p>

<!-- This site is optimized with the Yoast SEO plugin v27.5 - https://yoast.com/product/yoast-seo-wordpress/ -->
<title>Antonio Centeno - Concomitentes</title>
<meta name="robots" content="index, follow, max-snippet:-1, max-image-preview:large, max-video-preview:-1" />
<link rel="canonical" href="https://concomitentes.org/en/protagonists/antonio-centeno/" />
<meta property="og:locale" content="en_GB" />
<meta property="og:type" content="article" />
<meta property="og:title" content="Antonio Centeno - Concomitentes" />
<meta property="og:description" content="Antonio Centeno Ortiz nació en 1971 en Montcada i Reixac, y vive en Barcelona desde 1999. Adquirió su diversidad funcional (tetraplejía) a los 13 años. Licenciado en Matemáticas por la [&hellip;]" />
<meta property="og:url" content="https://concomitentes.org/en/protagonists/antonio-centeno/" />
<meta property="og:site_name" content="Concomitentes" />
<meta name="twitter:card" content="summary_large_image" />
<meta name="twitter:label1" content="Estimated reading time" />
	<meta name="twitter:data1" content="1 minute" />
<script type="application/ld+json" class="yoast-schema-graph">{"@context":"https:\/\/schema.org","@graph":[{"@type":"WebPage","@id":"https:\/\/concomitentes.org\/protagonistas\/antonio-centeno\/","url":"https:\/\/concomitentes.org\/protagonistas\/antonio-centeno\/","name":"Antonio Centeno - Concomitentes","isPartOf":{"@id":"https:\/\/concomitentes.org\/en\/#website"},"datePublished":"2025-06-24T16:21:00+00:00","breadcrumb":{"@id":"https:\/\/concomitentes.org\/protagonistas\/antonio-centeno\/#breadcrumb"},"inLanguage":"en-GB","potentialAction":[{"@type":"ReadAction","target":["https:\/\/concomitentes.org\/protagonistas\/antonio-centeno\/"]}]},{"@type":"BreadcrumbList","@id":"https:\/\/concomitentes.org\/protagonistas\/antonio-centeno\/#breadcrumb","itemListElement":[{"@type":"ListItem","position":1,"name":"Portada","item":"https:\/\/concomitentes.org\/"},{"@type":"ListItem","position":2,"name":"Protagonistas","item":"https:\/\/concomitentes.org\/en\/participantes\/"},{"@type":"ListItem","position":3,"name":"Antonio Centeno"}]},{"@type":"WebSite","@id":"https:\/\/concomitentes.org\/en\/#website","url":"https:\/\/concomitentes.org\/en\/","name":"Concomitentes","description":"Concomitentes promueve la creación de obras de arte y media entre la sociedad civil que las encarga y los\/las artistas que las producen.","potentialAction":[{"@type":"SearchAction","target":{"@type":"EntryPoint","urlTemplate":"https:\/\/concomitentes.org\/en\/?s={search_term_string}"},"query-input":{"@type":"PropertyValueSpecification","valueRequired":true,"valueName":"search_term_string"}}],"inLanguage":"en-GB"}]}</script>
<!-- / Yoast SEO plugin. -->

Antonio Centeno Ortiz nació en 1971 en Montcada i Reixac, y vive en Barcelona desde 1999. Adquirió su diversidad funcional (tetraplejía) a los 13 años. Licenciado en Matemáticas por la [&hellip;]
