{"id":467,"date":"2025-06-24T16:19:45","date_gmt":"2025-06-24T16:19:45","guid":{"rendered":"http:\/\/concomitentes.vl22350.dinaserver.com\/protagonistas\/veronica-valentini\/"},"modified":"2026-03-05T12:24:56","modified_gmt":"2026-03-05T12:24:56","slug":"veronica-valentini","status":"publish","type":"participante","link":"https:\/\/concomitentes.org\/en\/protagonistas\/veronica-valentini\/","title":{"rendered":"Veronica Valentini"},"content":{"rendered":"<p><span style=\"font-weight: 400;\">Veronica Valentini is a curator, educator and researcher whose practice is situated at the intersection between visual arts, critical education and social context. Since 2022 she has been directing the international residency and research network programmes at Hangar, a centre for artistic production and research in Barcelona.<\/span><span style=\"font-weight: 400;\"><br \/>\n<\/span><span style=\"font-weight: 400;\">Her work focuses on the creation of new audiences, cultural rights, accessibility and experimental institutionality from an intersectional perspective, and conceives curatorial practice as a relational exercise that listens to contexts, choreographs affects, knowledge and diverse bodies, and cultivates links towards new ways of being and doing together.<\/span><span style=\"font-weight: 400;\"><br \/>\n<\/span><span style=\"font-weight: 400;\">As a founding member of Concomitentes, she has been a mediator of the project Diversorium. Artes en vivo y espacio de convivencias. She is also founder and director of E.M.M.A. and BAR project, independent platforms from which she promotes research, training (BAR TOOL), residencies and exhibitions at HAUS - Espai d'Art i Pr\u00e0ctiques Contempor\u00e0nies, contributing to articulate collaborative networks, experimental pedagogies and spaces for situated thought.<\/span><\/p>\n<p><br style=\"font-weight: 400;\" \/><br style=\"font-weight: 400;\" \/><\/p>","protected":false},"featured_media":0,"template":"","meta":{"_acf_changed":true},"perfil":[8],"class_list":["post-467","participante","type-participante","status-publish","hentry","perfil-mediador"],"acf":[],"yoast_head":"<!-- This site is optimized with the Yoast SEO plugin v27.5 - https:\/\/yoast.com\/product\/yoast-seo-wordpress\/ -->\n<title>Veronica Valentini - Concomitentes<\/title>\n<meta name=\"robots\" content=\"index, follow, max-snippet:-1, max-image-preview:large, max-video-preview:-1\" \/>\n<link rel=\"canonical\" href=\"https:\/\/concomitentes.org\/en\/protagonists\/veronica-valentini\/\" \/>\n<meta property=\"og:locale\" content=\"en_GB\" \/>\n<meta property=\"og:type\" content=\"article\" \/>\n<meta property=\"og:title\" content=\"Veronica Valentini - Concomitentes\" \/>\n<meta property=\"og:description\" content=\"Veronica Valentini es comisaria, educadora e investigadora cuya pr\u00e1ctica se sit\u00faa en la intersecci\u00f3n entre las artes visuales, la educaci\u00f3n cr\u00edtica y el contexto social. Desde 2022 dirige los programas [&hellip;]\" \/>\n<meta property=\"og:url\" content=\"https:\/\/concomitentes.org\/en\/protagonists\/veronica-valentini\/\" \/>\n<meta property=\"og:site_name\" content=\"Concomitentes\" \/>\n<meta property=\"article:modified_time\" content=\"2026-03-05T12:24:56+00:00\" \/>\n<meta name=\"twitter:card\" content=\"summary_large_image\" \/>\n<meta name=\"twitter:label1\" content=\"Estimated reading time\" \/>\n\t<meta name=\"twitter:data1\" content=\"1 minute\" \/>\n<script type=\"application\/ld+json\" class=\"yoast-schema-graph\">{\"@context\":\"https:\\\/\\\/schema.org\",\"@graph\":[{\"@type\":\"WebPage\",\"@id\":\"https:\\\/\\\/concomitentes.org\\\/protagonistas\\\/veronica-valentini\\\/\",\"url\":\"https:\\\/\\\/concomitentes.org\\\/protagonistas\\\/veronica-valentini\\\/\",\"name\":\"Veronica Valentini - Concomitentes\",\"isPartOf\":{\"@id\":\"https:\\\/\\\/concomitentes.org\\\/en\\\/#website\"},\"datePublished\":\"2025-06-24T16:19:45+00:00\",\"dateModified\":\"2026-03-05T12:24:56+00:00\",\"breadcrumb\":{\"@id\":\"https:\\\/\\\/concomitentes.org\\\/protagonistas\\\/veronica-valentini\\\/#breadcrumb\"},\"inLanguage\":\"en-GB\",\"potentialAction\":[{\"@type\":\"ReadAction\",\"target\":[\"https:\\\/\\\/concomitentes.org\\\/protagonistas\\\/veronica-valentini\\\/\"]}]},{\"@type\":\"BreadcrumbList\",\"@id\":\"https:\\\/\\\/concomitentes.org\\\/protagonistas\\\/veronica-valentini\\\/#breadcrumb\",\"itemListElement\":[{\"@type\":\"ListItem\",\"position\":1,\"name\":\"Portada\",\"item\":\"https:\\\/\\\/concomitentes.org\\\/\"},{\"@type\":\"ListItem\",\"position\":2,\"name\":\"Protagonistas\",\"item\":\"https:\\\/\\\/concomitentes.org\\\/en\\\/participantes\\\/\"},{\"@type\":\"ListItem\",\"position\":3,\"name\":\"Veronica Valentini\"}]},{\"@type\":\"WebSite\",\"@id\":\"https:\\\/\\\/concomitentes.org\\\/en\\\/#website\",\"url\":\"https:\\\/\\\/concomitentes.org\\\/en\\\/\",\"name\":\"Concomitentes\",\"description\":\"Concomitentes promueve la creaci\u00f3n de obras de arte y media entre la sociedad civil que las encarga y los\\\/las artistas que las producen.\",\"potentialAction\":[{\"@type\":\"SearchAction\",\"target\":{\"@type\":\"EntryPoint\",\"urlTemplate\":\"https:\\\/\\\/concomitentes.org\\\/en\\\/?s={search_term_string}\"},\"query-input\":{\"@type\":\"PropertyValueSpecification\",\"valueRequired\":true,\"valueName\":\"search_term_string\"}}],\"inLanguage\":\"en-GB\"}]}<\/script>\n<!-- \/ Yoast SEO plugin. -->","yoast_head_json":{"title":"Veronica Valentini - Contributors","robots":{"index":"index","follow":"follow","max-snippet":"max-snippet:-1","max-image-preview":"max-image-preview:large","max-video-preview":"max-video-preview:-1"},"canonical":"https:\/\/concomitentes.org\/en\/protagonists\/veronica-valentini\/","og_locale":"en_GB","og_type":"article","og_title":"Veronica Valentini - Concomitentes","og_description":"Veronica Valentini es comisaria, educadora e investigadora cuya pr\u00e1ctica se sit\u00faa en la intersecci\u00f3n entre las artes visuales, la educaci\u00f3n cr\u00edtica y el contexto social. Desde 2022 dirige los programas [&hellip;]","og_url":"https:\/\/concomitentes.org\/en\/protagonists\/veronica-valentini\/","og_site_name":"Concomitentes","article_modified_time":"2026-03-05T12:24:56+00:00","twitter_card":"summary_large_image","twitter_misc":{"Estimated reading time":"1 minute"},"schema":{"@context":"https:\/\/schema.org","@graph":[{"@type":"WebPage","@id":"https:\/\/concomitentes.org\/protagonistas\/veronica-valentini\/","url":"https:\/\/concomitentes.org\/protagonistas\/veronica-valentini\/","name":"Veronica Valentini - Contributors","isPartOf":{"@id":"https:\/\/concomitentes.org\/en\/#website"},"datePublished":"2025-06-24T16:19:45+00:00","dateModified":"2026-03-05T12:24:56+00:00","breadcrumb":{"@id":"https:\/\/concomitentes.org\/protagonistas\/veronica-valentini\/#breadcrumb"},"inLanguage":"en-GB","potentialAction":[{"@type":"ReadAction","target":["https:\/\/concomitentes.org\/protagonistas\/veronica-valentini\/"]}]},{"@type":"BreadcrumbList","@id":"https:\/\/concomitentes.org\/protagonistas\/veronica-valentini\/#breadcrumb","itemListElement":[{"@type":"ListItem","position":1,"name":"Portada","item":"https:\/\/concomitentes.org\/"},{"@type":"ListItem","position":2,"name":"Protagonistas","item":"https:\/\/concomitentes.org\/en\/participantes\/"},{"@type":"ListItem","position":3,"name":"Veronica Valentini"}]},{"@type":"WebSite","@id":"https:\/\/concomitentes.org\/en\/#website","url":"https:\/\/concomitentes.org\/en\/","name":"Concomitentes","description":"Concomitentes promotes the creation of works of art and mediates between the civil society that commissions them and the artists who produce them.","potentialAction":[{"@type":"SearchAction","target":{"@type":"EntryPoint","urlTemplate":"https:\/\/concomitentes.org\/en\/?s={search_term_string}"},"query-input":{"@type":"PropertyValueSpecification","valueRequired":true,"valueName":"search_term_string"}}],"inLanguage":"en-GB"}]}},"_links":{"self":[{"href":"https:\/\/concomitentes.org\/en\/wp-json\/wp\/v2\/participante\/467","targetHints":{"allow":["GET"]}}],"collection":[{"href":"https:\/\/concomitentes.org\/en\/wp-json\/wp\/v2\/participante"}],"about":[{"href":"https:\/\/concomitentes.org\/en\/wp-json\/wp\/v2\/types\/participante"}],"wp:attachment":[{"href":"https:\/\/concomitentes.org\/en\/wp-json\/wp\/v2\/media?parent=467"}],"wp:term":[{"taxonomy":"perfil","embeddable":true,"href":"https:\/\/concomitentes.org\/en\/wp-json\/wp\/v2\/perfil?post=467"}],"curies":[{"name":"wp","href":"https:\/\/api.w.org\/{rel}","templated":true}]}}

<p><span style="font-weight: 400;">Veronica Valentini is a curator, educator and researcher whose practice is situated at the intersection between visual arts, critical education and social context. Since 2022 she has been directing the international residency and research network programmes at Hangar, a centre for artistic production and research in Barcelona.</span><span style="font-weight: 400;"><br />
</span><span style="font-weight: 400;">Her work focuses on the creation of new audiences, cultural rights, accessibility and experimental institutionality from an intersectional perspective, and conceives curatorial practice as a relational exercise that listens to contexts, choreographs affects, knowledge and diverse bodies, and cultivates links towards new ways of being and doing together.</span><span style="font-weight: 400;"><br />
</span><span style="font-weight: 400;">As a founding member of Concomitentes, she has been a mediator of the project Diversorium. Artes en vivo y espacio de convivencias. She is also founder and director of E.M.M.A. and BAR project, independent platforms from which she promotes research, training (BAR TOOL), residencies and exhibitions at HAUS - Espai d'Art i Pràctiques Contemporànies, contributing to articulate collaborative networks, experimental pedagogies and spaces for situated thought.</span></p>
<p><br style="font-weight: 400;" /><br style="font-weight: 400;" /></p>

<!-- This site is optimized with the Yoast SEO plugin v27.5 - https://yoast.com/product/yoast-seo-wordpress/ -->
<title>Veronica Valentini - Concomitentes</title>
<meta name="robots" content="index, follow, max-snippet:-1, max-image-preview:large, max-video-preview:-1" />
<link rel="canonical" href="https://concomitentes.org/en/protagonists/veronica-valentini/" />
<meta property="og:locale" content="en_GB" />
<meta property="og:type" content="article" />
<meta property="og:title" content="Veronica Valentini - Concomitentes" />
<meta property="og:description" content="Veronica Valentini es comisaria, educadora e investigadora cuya práctica se sitúa en la intersección entre las artes visuales, la educación crítica y el contexto social. Desde 2022 dirige los programas [&hellip;]" />
<meta property="og:url" content="https://concomitentes.org/en/protagonists/veronica-valentini/" />
<meta property="og:site_name" content="Concomitentes" />
<meta property="article:modified_time" content="2026-03-05T12:24:56+00:00" />
<meta name="twitter:card" content="summary_large_image" />
<meta name="twitter:label1" content="Estimated reading time" />
	<meta name="twitter:data1" content="1 minute" />
<script type="application/ld+json" class="yoast-schema-graph">{"@context":"https:\/\/schema.org","@graph":[{"@type":"WebPage","@id":"https:\/\/concomitentes.org\/protagonistas\/veronica-valentini\/","url":"https:\/\/concomitentes.org\/protagonistas\/veronica-valentini\/","name":"Veronica Valentini - Concomitentes","isPartOf":{"@id":"https:\/\/concomitentes.org\/en\/#website"},"datePublished":"2025-06-24T16:19:45+00:00","dateModified":"2026-03-05T12:24:56+00:00","breadcrumb":{"@id":"https:\/\/concomitentes.org\/protagonistas\/veronica-valentini\/#breadcrumb"},"inLanguage":"en-GB","potentialAction":[{"@type":"ReadAction","target":["https:\/\/concomitentes.org\/protagonistas\/veronica-valentini\/"]}]},{"@type":"BreadcrumbList","@id":"https:\/\/concomitentes.org\/protagonistas\/veronica-valentini\/#breadcrumb","itemListElement":[{"@type":"ListItem","position":1,"name":"Portada","item":"https:\/\/concomitentes.org\/"},{"@type":"ListItem","position":2,"name":"Protagonistas","item":"https:\/\/concomitentes.org\/en\/participantes\/"},{"@type":"ListItem","position":3,"name":"Veronica Valentini"}]},{"@type":"WebSite","@id":"https:\/\/concomitentes.org\/en\/#website","url":"https:\/\/concomitentes.org\/en\/","name":"Concomitentes","description":"Concomitentes promueve la creación de obras de arte y media entre la sociedad civil que las encarga y los\/las artistas que las producen.","potentialAction":[{"@type":"SearchAction","target":{"@type":"EntryPoint","urlTemplate":"https:\/\/concomitentes.org\/en\/?s={search_term_string}"},"query-input":{"@type":"PropertyValueSpecification","valueRequired":true,"valueName":"search_term_string"}}],"inLanguage":"en-GB"}]}</script>
<!-- / Yoast SEO plugin. -->

Veronica Valentini es comisaria, educadora e investigadora cuya práctica se sitúa en la intersección entre las artes visuales, la educación crítica y el contexto social. Desde 2022 dirige los programas [&hellip;]
