{"id":465,"date":"2025-06-24T16:17:39","date_gmt":"2025-06-24T16:17:39","guid":{"rendered":"http:\/\/concomitentes.vl22350.dinaserver.com\/protagonistas\/lara-dopazo-ruibal\/"},"modified":"2025-06-24T16:17:39","modified_gmt":"2025-06-24T16:17:39","slug":"lara-dopazo-ruibal","status":"publish","type":"participante","link":"https:\/\/concomitentes.org\/en\/protagonistas\/lara-dopazo-ruibal\/","title":{"rendered":"Lara Dopazo Ruibal"},"content":{"rendered":"<p>Poeta e narradora popular contempor\u00e1nea. Fellow at the Academia de Roma in 2019, member of the Programa de Estudos en Man Com\u00fans, Ruralidades e Feminismos. En 2017 ga\u00f1ou o premio de poes\u00eda Fiz Vergara Vilari\u00f1o co poemaio \u00abClaus e o alacr\u00e1n\u00bb. In 2015 she won the Francisco A\u00f1\u00f3n poetry contest with the poem \u00abOvella\u00bb and the first edition of the Nortear Literary Prize with the story \u00abClementina\u00bb.\u00bb<\/p>","protected":false},"featured_media":0,"template":"","meta":{"_acf_changed":false},"perfil":[7],"class_list":["post-465","participante","type-participante","status-publish","hentry","perfil-comitente"],"acf":[],"yoast_head":"<!-- This site is optimized with the Yoast SEO plugin v27.5 - https:\/\/yoast.com\/product\/yoast-seo-wordpress\/ -->\n<title>Lara Dopazo Ruibal - Concomitentes<\/title>\n<meta name=\"robots\" content=\"index, follow, max-snippet:-1, max-image-preview:large, max-video-preview:-1\" \/>\n<link rel=\"canonical\" href=\"https:\/\/concomitentes.org\/en\/protagonists\/lara-dopazo-ruibal\/\" \/>\n<meta property=\"og:locale\" content=\"en_GB\" \/>\n<meta property=\"og:type\" content=\"article\" \/>\n<meta property=\"og:title\" content=\"Lara Dopazo Ruibal - Concomitentes\" \/>\n<meta property=\"og:description\" content=\"Poeta e narradora popular contempor\u00e1nea. Bolseira na Academia de Roma no 2019, comuneira no Programa de Estudos en Man Com\u00fan Com\u00fans, Ruralidades e Feminismos. En 2017 ga\u00f1ou o premio de [&hellip;]\" \/>\n<meta property=\"og:url\" content=\"https:\/\/concomitentes.org\/en\/protagonists\/lara-dopazo-ruibal\/\" \/>\n<meta property=\"og:site_name\" content=\"Concomitentes\" \/>\n<meta name=\"twitter:card\" content=\"summary_large_image\" \/>\n<script type=\"application\/ld+json\" class=\"yoast-schema-graph\">{\"@context\":\"https:\\\/\\\/schema.org\",\"@graph\":[{\"@type\":\"WebPage\",\"@id\":\"https:\\\/\\\/concomitentes.org\\\/protagonistas\\\/lara-dopazo-ruibal\\\/\",\"url\":\"https:\\\/\\\/concomitentes.org\\\/protagonistas\\\/lara-dopazo-ruibal\\\/\",\"name\":\"Lara Dopazo Ruibal - Concomitentes\",\"isPartOf\":{\"@id\":\"https:\\\/\\\/concomitentes.org\\\/en\\\/#website\"},\"datePublished\":\"2025-06-24T16:17:39+00:00\",\"breadcrumb\":{\"@id\":\"https:\\\/\\\/concomitentes.org\\\/protagonistas\\\/lara-dopazo-ruibal\\\/#breadcrumb\"},\"inLanguage\":\"en-GB\",\"potentialAction\":[{\"@type\":\"ReadAction\",\"target\":[\"https:\\\/\\\/concomitentes.org\\\/protagonistas\\\/lara-dopazo-ruibal\\\/\"]}]},{\"@type\":\"BreadcrumbList\",\"@id\":\"https:\\\/\\\/concomitentes.org\\\/protagonistas\\\/lara-dopazo-ruibal\\\/#breadcrumb\",\"itemListElement\":[{\"@type\":\"ListItem\",\"position\":1,\"name\":\"Portada\",\"item\":\"https:\\\/\\\/concomitentes.org\\\/\"},{\"@type\":\"ListItem\",\"position\":2,\"name\":\"Protagonistas\",\"item\":\"https:\\\/\\\/concomitentes.org\\\/en\\\/participantes\\\/\"},{\"@type\":\"ListItem\",\"position\":3,\"name\":\"Lara Dopazo Ruibal\"}]},{\"@type\":\"WebSite\",\"@id\":\"https:\\\/\\\/concomitentes.org\\\/en\\\/#website\",\"url\":\"https:\\\/\\\/concomitentes.org\\\/en\\\/\",\"name\":\"Concomitentes\",\"description\":\"Concomitentes promueve la creaci\u00f3n de obras de arte y media entre la sociedad civil que las encarga y los\\\/las artistas que las producen.\",\"potentialAction\":[{\"@type\":\"SearchAction\",\"target\":{\"@type\":\"EntryPoint\",\"urlTemplate\":\"https:\\\/\\\/concomitentes.org\\\/en\\\/?s={search_term_string}\"},\"query-input\":{\"@type\":\"PropertyValueSpecification\",\"valueRequired\":true,\"valueName\":\"search_term_string\"}}],\"inLanguage\":\"en-GB\"}]}<\/script>\n<!-- \/ Yoast SEO plugin. -->","yoast_head_json":{"title":"Lara Dopazo Ruibal - Concomitantes","robots":{"index":"index","follow":"follow","max-snippet":"max-snippet:-1","max-image-preview":"max-image-preview:large","max-video-preview":"max-video-preview:-1"},"canonical":"https:\/\/concomitentes.org\/en\/protagonists\/lara-dopazo-ruibal\/","og_locale":"en_GB","og_type":"article","og_title":"Lara Dopazo Ruibal - Concomitentes","og_description":"Poeta e narradora popular contempor\u00e1nea. Bolseira na Academia de Roma no 2019, comuneira no Programa de Estudos en Man Com\u00fan Com\u00fans, Ruralidades e Feminismos. En 2017 ga\u00f1ou o premio de [&hellip;]","og_url":"https:\/\/concomitentes.org\/en\/protagonists\/lara-dopazo-ruibal\/","og_site_name":"Concomitentes","twitter_card":"summary_large_image","schema":{"@context":"https:\/\/schema.org","@graph":[{"@type":"WebPage","@id":"https:\/\/concomitentes.org\/protagonistas\/lara-dopazo-ruibal\/","url":"https:\/\/concomitentes.org\/protagonistas\/lara-dopazo-ruibal\/","name":"Lara Dopazo Ruibal - Concomitantes","isPartOf":{"@id":"https:\/\/concomitentes.org\/en\/#website"},"datePublished":"2025-06-24T16:17:39+00:00","breadcrumb":{"@id":"https:\/\/concomitentes.org\/protagonistas\/lara-dopazo-ruibal\/#breadcrumb"},"inLanguage":"en-GB","potentialAction":[{"@type":"ReadAction","target":["https:\/\/concomitentes.org\/protagonistas\/lara-dopazo-ruibal\/"]}]},{"@type":"BreadcrumbList","@id":"https:\/\/concomitentes.org\/protagonistas\/lara-dopazo-ruibal\/#breadcrumb","itemListElement":[{"@type":"ListItem","position":1,"name":"Portada","item":"https:\/\/concomitentes.org\/"},{"@type":"ListItem","position":2,"name":"Protagonistas","item":"https:\/\/concomitentes.org\/en\/participantes\/"},{"@type":"ListItem","position":3,"name":"Lara Dopazo Ruibal"}]},{"@type":"WebSite","@id":"https:\/\/concomitentes.org\/en\/#website","url":"https:\/\/concomitentes.org\/en\/","name":"Concomitentes","description":"Concomitentes promotes the creation of works of art and mediates between the civil society that commissions them and the artists who produce them.","potentialAction":[{"@type":"SearchAction","target":{"@type":"EntryPoint","urlTemplate":"https:\/\/concomitentes.org\/en\/?s={search_term_string}"},"query-input":{"@type":"PropertyValueSpecification","valueRequired":true,"valueName":"search_term_string"}}],"inLanguage":"en-GB"}]}},"_links":{"self":[{"href":"https:\/\/concomitentes.org\/en\/wp-json\/wp\/v2\/participante\/465","targetHints":{"allow":["GET"]}}],"collection":[{"href":"https:\/\/concomitentes.org\/en\/wp-json\/wp\/v2\/participante"}],"about":[{"href":"https:\/\/concomitentes.org\/en\/wp-json\/wp\/v2\/types\/participante"}],"wp:attachment":[{"href":"https:\/\/concomitentes.org\/en\/wp-json\/wp\/v2\/media?parent=465"}],"wp:term":[{"taxonomy":"perfil","embeddable":true,"href":"https:\/\/concomitentes.org\/en\/wp-json\/wp\/v2\/perfil?post=465"}],"curies":[{"name":"wp","href":"https:\/\/api.w.org\/{rel}","templated":true}]}}

<p>Poeta e narradora popular contemporánea. Fellow at the Academia de Roma in 2019, member of the Programa de Estudos en Man Comúns, Ruralidades e Feminismos. En 2017 gañou o premio de poesía Fiz Vergara Vilariño co poemaio «Claus e o alacrán». In 2015 she won the Francisco Añón poetry contest with the poem «Ovella» and the first edition of the Nortear Literary Prize with the story «Clementina».»</p>

<!-- This site is optimized with the Yoast SEO plugin v27.5 - https://yoast.com/product/yoast-seo-wordpress/ -->
<title>Lara Dopazo Ruibal - Concomitentes</title>
<meta name="robots" content="index, follow, max-snippet:-1, max-image-preview:large, max-video-preview:-1" />
<link rel="canonical" href="https://concomitentes.org/en/protagonists/lara-dopazo-ruibal/" />
<meta property="og:locale" content="en_GB" />
<meta property="og:type" content="article" />
<meta property="og:title" content="Lara Dopazo Ruibal - Concomitentes" />
<meta property="og:description" content="Poeta e narradora popular contemporánea. Bolseira na Academia de Roma no 2019, comuneira no Programa de Estudos en Man Común Comúns, Ruralidades e Feminismos. En 2017 gañou o premio de [&hellip;]" />
<meta property="og:url" content="https://concomitentes.org/en/protagonists/lara-dopazo-ruibal/" />
<meta property="og:site_name" content="Concomitentes" />
<meta name="twitter:card" content="summary_large_image" />
<script type="application/ld+json" class="yoast-schema-graph">{"@context":"https:\/\/schema.org","@graph":[{"@type":"WebPage","@id":"https:\/\/concomitentes.org\/protagonistas\/lara-dopazo-ruibal\/","url":"https:\/\/concomitentes.org\/protagonistas\/lara-dopazo-ruibal\/","name":"Lara Dopazo Ruibal - Concomitentes","isPartOf":{"@id":"https:\/\/concomitentes.org\/en\/#website"},"datePublished":"2025-06-24T16:17:39+00:00","breadcrumb":{"@id":"https:\/\/concomitentes.org\/protagonistas\/lara-dopazo-ruibal\/#breadcrumb"},"inLanguage":"en-GB","potentialAction":[{"@type":"ReadAction","target":["https:\/\/concomitentes.org\/protagonistas\/lara-dopazo-ruibal\/"]}]},{"@type":"BreadcrumbList","@id":"https:\/\/concomitentes.org\/protagonistas\/lara-dopazo-ruibal\/#breadcrumb","itemListElement":[{"@type":"ListItem","position":1,"name":"Portada","item":"https:\/\/concomitentes.org\/"},{"@type":"ListItem","position":2,"name":"Protagonistas","item":"https:\/\/concomitentes.org\/en\/participantes\/"},{"@type":"ListItem","position":3,"name":"Lara Dopazo Ruibal"}]},{"@type":"WebSite","@id":"https:\/\/concomitentes.org\/en\/#website","url":"https:\/\/concomitentes.org\/en\/","name":"Concomitentes","description":"Concomitentes promueve la creación de obras de arte y media entre la sociedad civil que las encarga y los\/las artistas que las producen.","potentialAction":[{"@type":"SearchAction","target":{"@type":"EntryPoint","urlTemplate":"https:\/\/concomitentes.org\/en\/?s={search_term_string}"},"query-input":{"@type":"PropertyValueSpecification","valueRequired":true,"valueName":"search_term_string"}}],"inLanguage":"en-GB"}]}</script>
<!-- / Yoast SEO plugin. -->

Poeta e narradora popular contemporánea. Bolseira na Academia de Roma no 2019, comuneira no Programa de Estudos en Man Común Comúns, Ruralidades e Feminismos. En 2017 gañou o premio de [&hellip;]
