{"id":3501,"date":"2026-01-22T11:34:06","date_gmt":"2026-01-22T11:34:06","guid":{"rendered":"https:\/\/concomitentes.org\/?post_type=convocatoria&#038;p=3501"},"modified":"2026-02-19T11:25:19","modified_gmt":"2026-02-19T11:25:19","slug":"mycelium-vi-participatory-art-call-for-proposals","status":"publish","type":"convocatoria","link":"https:\/\/concomitentes.org\/en\/convocatoria\/micelio-vi-convocatoria-de-arte-participativo\/","title":{"rendered":"Micelio VI - Participatory Art Call for Proposals"},"content":{"rendered":"<p>With a budget of<strong> 80,000 euros<\/strong>, this call for proposals <strong>will select two citizens' initiatives<\/strong> aimed at tackling an environmental issue through participatory art. One of the initiatives will be selected in the general category and the other in the &lt;35 category, aimed at a citizen group made up of young people under the age of 35. <\/p>\n\n\n\n<p>In both projects, the citizen group will work together with a mediator. In the case of citizen groups that do not have a mediator, the mediator will be selected by Concomitentes.<\/p>\n\n\n\n<p>Consultation <a href=\"https:\/\/concomitentes.org\/wp-content\/uploads\/2026\/01\/Micelio-2026-bases-maquetadas-2.pdf\" type=\"attachment\" id=\"3537\">here<\/a> the terms and conditions of the call for proposals.<\/p>\n\n\n\n<p><\/p>","protected":false},"featured_media":3521,"template":"","meta":{"_acf_changed":false,"footnotes":""},"class_list":["post-3501","convocatoria","type-convocatoria","status-publish","has-post-thumbnail","hentry"],"acf":[],"yoast_head":"<!-- This site is optimized with the Yoast SEO plugin v27.5 - https:\/\/yoast.com\/product\/yoast-seo-wordpress\/ -->\n<title>Micelio VI - Convocatoria de Arte Participativo - Concomitentes<\/title>\n<meta name=\"robots\" content=\"index, follow, max-snippet:-1, max-image-preview:large, max-video-preview:-1\" \/>\n<link rel=\"canonical\" href=\"https:\/\/concomitentes.org\/en\/call-for-proposals\/mycelium-vi-participatory-art-call-for-proposals\/\" \/>\n<meta property=\"og:locale\" content=\"en_GB\" \/>\n<meta property=\"og:type\" content=\"article\" \/>\n<meta property=\"og:title\" content=\"Micelio VI - Convocatoria de Arte Participativo - Concomitentes\" \/>\n<meta property=\"og:description\" content=\"Con un presupuesto de 80.000 euros, esta convocatoria seleccionar\u00e1 dos iniciativas ciudadanas orientadas a &nbsp;abordar, desde el arte participativo, una problem\u00e1tica medioambiental. Una de las iniciativas ser\u00e1 seleccionada en la [&hellip;]\" \/>\n<meta property=\"og:url\" content=\"https:\/\/concomitentes.org\/en\/call-for-proposals\/mycelium-vi-participatory-art-call-for-proposals\/\" \/>\n<meta property=\"og:site_name\" content=\"Concomitentes\" \/>\n<meta property=\"article:modified_time\" content=\"2026-02-19T11:25:19+00:00\" \/>\n<meta property=\"og:image\" content=\"https:\/\/concomitentes.org\/wp-content\/uploads\/2026\/01\/Micelio-VI_Portada-web-scaled.jpg\" \/>\n\t<meta property=\"og:image:width\" content=\"2560\" \/>\n\t<meta property=\"og:image:height\" content=\"1440\" \/>\n\t<meta property=\"og:image:type\" content=\"image\/jpeg\" \/>\n<meta name=\"twitter:card\" content=\"summary_large_image\" \/>\n<meta name=\"twitter:label1\" content=\"Estimated reading time\" \/>\n\t<meta name=\"twitter:data1\" content=\"1 minute\" \/>\n<script type=\"application\/ld+json\" class=\"yoast-schema-graph\">{\"@context\":\"https:\\\/\\\/schema.org\",\"@graph\":[{\"@type\":\"WebPage\",\"@id\":\"https:\\\/\\\/concomitentes.org\\\/convocatoria\\\/micelio-vi-convocatoria-de-arte-participativo\\\/\",\"url\":\"https:\\\/\\\/concomitentes.org\\\/convocatoria\\\/micelio-vi-convocatoria-de-arte-participativo\\\/\",\"name\":\"Micelio VI - Convocatoria de Arte Participativo - Concomitentes\",\"isPartOf\":{\"@id\":\"https:\\\/\\\/concomitentes.org\\\/en\\\/#website\"},\"primaryImageOfPage\":{\"@id\":\"https:\\\/\\\/concomitentes.org\\\/convocatoria\\\/micelio-vi-convocatoria-de-arte-participativo\\\/#primaryimage\"},\"image\":{\"@id\":\"https:\\\/\\\/concomitentes.org\\\/convocatoria\\\/micelio-vi-convocatoria-de-arte-participativo\\\/#primaryimage\"},\"thumbnailUrl\":\"https:\\\/\\\/concomitentes.org\\\/wp-content\\\/uploads\\\/2026\\\/01\\\/Micelio-VI_Portada-web-scaled.jpg\",\"datePublished\":\"2026-01-22T11:34:06+00:00\",\"dateModified\":\"2026-02-19T11:25:19+00:00\",\"breadcrumb\":{\"@id\":\"https:\\\/\\\/concomitentes.org\\\/convocatoria\\\/micelio-vi-convocatoria-de-arte-participativo\\\/#breadcrumb\"},\"inLanguage\":\"en-GB\",\"potentialAction\":[{\"@type\":\"ReadAction\",\"target\":[\"https:\\\/\\\/concomitentes.org\\\/convocatoria\\\/micelio-vi-convocatoria-de-arte-participativo\\\/\"]}]},{\"@type\":\"ImageObject\",\"inLanguage\":\"en-GB\",\"@id\":\"https:\\\/\\\/concomitentes.org\\\/convocatoria\\\/micelio-vi-convocatoria-de-arte-participativo\\\/#primaryimage\",\"url\":\"https:\\\/\\\/concomitentes.org\\\/wp-content\\\/uploads\\\/2026\\\/01\\\/Micelio-VI_Portada-web-scaled.jpg\",\"contentUrl\":\"https:\\\/\\\/concomitentes.org\\\/wp-content\\\/uploads\\\/2026\\\/01\\\/Micelio-VI_Portada-web-scaled.jpg\",\"width\":2560,\"height\":1440},{\"@type\":\"BreadcrumbList\",\"@id\":\"https:\\\/\\\/concomitentes.org\\\/convocatoria\\\/micelio-vi-convocatoria-de-arte-participativo\\\/#breadcrumb\",\"itemListElement\":[{\"@type\":\"ListItem\",\"position\":1,\"name\":\"Portada\",\"item\":\"https:\\\/\\\/concomitentes.org\\\/\"},{\"@type\":\"ListItem\",\"position\":2,\"name\":\"Convocatorias\",\"item\":\"https:\\\/\\\/concomitentes.org\\\/convocatorias\\\/\"},{\"@type\":\"ListItem\",\"position\":3,\"name\":\"Micelio VI &#8211; Convocatoria de Arte Participativo\"}]},{\"@type\":\"WebSite\",\"@id\":\"https:\\\/\\\/concomitentes.org\\\/en\\\/#website\",\"url\":\"https:\\\/\\\/concomitentes.org\\\/en\\\/\",\"name\":\"Concomitentes\",\"description\":\"Concomitentes promueve la creaci\u00f3n de obras de arte y media entre la sociedad civil que las encarga y los\\\/las artistas que las producen.\",\"potentialAction\":[{\"@type\":\"SearchAction\",\"target\":{\"@type\":\"EntryPoint\",\"urlTemplate\":\"https:\\\/\\\/concomitentes.org\\\/en\\\/?s={search_term_string}\"},\"query-input\":{\"@type\":\"PropertyValueSpecification\",\"valueRequired\":true,\"valueName\":\"search_term_string\"}}],\"inLanguage\":\"en-GB\"}]}<\/script>\n<!-- \/ Yoast SEO plugin. -->","yoast_head_json":{"title":"Micelio VI - Participatory Art Call for Proposals - Concomitentes","robots":{"index":"index","follow":"follow","max-snippet":"max-snippet:-1","max-image-preview":"max-image-preview:large","max-video-preview":"max-video-preview:-1"},"canonical":"https:\/\/concomitentes.org\/en\/call-for-proposals\/mycelium-vi-participatory-art-call-for-proposals\/","og_locale":"en_GB","og_type":"article","og_title":"Micelio VI - Convocatoria de Arte Participativo - Concomitentes","og_description":"Con un presupuesto de 80.000 euros, esta convocatoria seleccionar\u00e1 dos iniciativas ciudadanas orientadas a &nbsp;abordar, desde el arte participativo, una problem\u00e1tica medioambiental. Una de las iniciativas ser\u00e1 seleccionada en la [&hellip;]","og_url":"https:\/\/concomitentes.org\/en\/call-for-proposals\/mycelium-vi-participatory-art-call-for-proposals\/","og_site_name":"Concomitentes","article_modified_time":"2026-02-19T11:25:19+00:00","og_image":[{"width":2560,"height":1440,"url":"https:\/\/concomitentes.org\/wp-content\/uploads\/2026\/01\/Micelio-VI_Portada-web-scaled.jpg","type":"image\/jpeg"}],"twitter_card":"summary_large_image","twitter_misc":{"Estimated reading time":"1 minute"},"schema":{"@context":"https:\/\/schema.org","@graph":[{"@type":"WebPage","@id":"https:\/\/concomitentes.org\/convocatoria\/micelio-vi-convocatoria-de-arte-participativo\/","url":"https:\/\/concomitentes.org\/convocatoria\/micelio-vi-convocatoria-de-arte-participativo\/","name":"Micelio VI - Participatory Art Call for Proposals - Concomitentes","isPartOf":{"@id":"https:\/\/concomitentes.org\/en\/#website"},"primaryImageOfPage":{"@id":"https:\/\/concomitentes.org\/convocatoria\/micelio-vi-convocatoria-de-arte-participativo\/#primaryimage"},"image":{"@id":"https:\/\/concomitentes.org\/convocatoria\/micelio-vi-convocatoria-de-arte-participativo\/#primaryimage"},"thumbnailUrl":"https:\/\/concomitentes.org\/wp-content\/uploads\/2026\/01\/Micelio-VI_Portada-web-scaled.jpg","datePublished":"2026-01-22T11:34:06+00:00","dateModified":"2026-02-19T11:25:19+00:00","breadcrumb":{"@id":"https:\/\/concomitentes.org\/convocatoria\/micelio-vi-convocatoria-de-arte-participativo\/#breadcrumb"},"inLanguage":"en-GB","potentialAction":[{"@type":"ReadAction","target":["https:\/\/concomitentes.org\/convocatoria\/micelio-vi-convocatoria-de-arte-participativo\/"]}]},{"@type":"ImageObject","inLanguage":"en-GB","@id":"https:\/\/concomitentes.org\/convocatoria\/micelio-vi-convocatoria-de-arte-participativo\/#primaryimage","url":"https:\/\/concomitentes.org\/wp-content\/uploads\/2026\/01\/Micelio-VI_Portada-web-scaled.jpg","contentUrl":"https:\/\/concomitentes.org\/wp-content\/uploads\/2026\/01\/Micelio-VI_Portada-web-scaled.jpg","width":2560,"height":1440},{"@type":"BreadcrumbList","@id":"https:\/\/concomitentes.org\/convocatoria\/micelio-vi-convocatoria-de-arte-participativo\/#breadcrumb","itemListElement":[{"@type":"ListItem","position":1,"name":"Portada","item":"https:\/\/concomitentes.org\/"},{"@type":"ListItem","position":2,"name":"Convocatorias","item":"https:\/\/concomitentes.org\/convocatorias\/"},{"@type":"ListItem","position":3,"name":"Micelio VI &#8211; Convocatoria de Arte Participativo"}]},{"@type":"WebSite","@id":"https:\/\/concomitentes.org\/en\/#website","url":"https:\/\/concomitentes.org\/en\/","name":"Concomitentes","description":"Concomitentes promotes the creation of works of art and mediates between the civil society that commissions them and the artists who produce them.","potentialAction":[{"@type":"SearchAction","target":{"@type":"EntryPoint","urlTemplate":"https:\/\/concomitentes.org\/en\/?s={search_term_string}"},"query-input":{"@type":"PropertyValueSpecification","valueRequired":true,"valueName":"search_term_string"}}],"inLanguage":"en-GB"}]}},"_links":{"self":[{"href":"https:\/\/concomitentes.org\/en\/wp-json\/wp\/v2\/convocatoria\/3501","targetHints":{"allow":["GET"]}}],"collection":[{"href":"https:\/\/concomitentes.org\/en\/wp-json\/wp\/v2\/convocatoria"}],"about":[{"href":"https:\/\/concomitentes.org\/en\/wp-json\/wp\/v2\/types\/convocatoria"}],"version-history":[{"count":5,"href":"https:\/\/concomitentes.org\/en\/wp-json\/wp\/v2\/convocatoria\/3501\/revisions"}],"predecessor-version":[{"id":3727,"href":"https:\/\/concomitentes.org\/en\/wp-json\/wp\/v2\/convocatoria\/3501\/revisions\/3727"}],"wp:featuredmedia":[{"embeddable":true,"href":"https:\/\/concomitentes.org\/en\/wp-json\/wp\/v2\/media\/3521"}],"wp:attachment":[{"href":"https:\/\/concomitentes.org\/en\/wp-json\/wp\/v2\/media?parent=3501"}],"curies":[{"name":"wp","href":"https:\/\/api.w.org\/{rel}","templated":true}]}}

<!-- This site is optimized with the Yoast SEO plugin v27.5 - https://yoast.com/product/yoast-seo-wordpress/ -->
<title>Micelio VI - Convocatoria de Arte Participativo - Concomitentes</title>
<meta name="robots" content="index, follow, max-snippet:-1, max-image-preview:large, max-video-preview:-1" />
<link rel="canonical" href="https://concomitentes.org/en/call-for-proposals/mycelium-vi-participatory-art-call-for-proposals/" />
<meta property="og:locale" content="en_GB" />
<meta property="og:type" content="article" />
<meta property="og:title" content="Micelio VI - Convocatoria de Arte Participativo - Concomitentes" />
<meta property="og:description" content="Con un presupuesto de 80.000 euros, esta convocatoria seleccionará dos iniciativas ciudadanas orientadas a &nbsp;abordar, desde el arte participativo, una problemática medioambiental. Una de las iniciativas será seleccionada en la [&hellip;]" />
<meta property="og:url" content="https://concomitentes.org/en/call-for-proposals/mycelium-vi-participatory-art-call-for-proposals/" />
<meta property="og:site_name" content="Concomitentes" />
<meta property="article:modified_time" content="2026-02-19T11:25:19+00:00" />
<meta property="og:image" content="https://concomitentes.org/wp-content/uploads/2026/01/Micelio-VI_Portada-web-scaled.jpg" />
	<meta property="og:image:width" content="2560" />
	<meta property="og:image:height" content="1440" />
	<meta property="og:image:type" content="image/jpeg" />
<meta name="twitter:card" content="summary_large_image" />
<meta name="twitter:label1" content="Estimated reading time" />
	<meta name="twitter:data1" content="1 minute" />
<script type="application/ld+json" class="yoast-schema-graph">{"@context":"https:\/\/schema.org","@graph":[{"@type":"WebPage","@id":"https:\/\/concomitentes.org\/convocatoria\/micelio-vi-convocatoria-de-arte-participativo\/","url":"https:\/\/concomitentes.org\/convocatoria\/micelio-vi-convocatoria-de-arte-participativo\/","name":"Micelio VI - Convocatoria de Arte Participativo - Concomitentes","isPartOf":{"@id":"https:\/\/concomitentes.org\/en\/#website"},"primaryImageOfPage":{"@id":"https:\/\/concomitentes.org\/convocatoria\/micelio-vi-convocatoria-de-arte-participativo\/#primaryimage"},"image":{"@id":"https:\/\/concomitentes.org\/convocatoria\/micelio-vi-convocatoria-de-arte-participativo\/#primaryimage"},"thumbnailUrl":"https:\/\/concomitentes.org\/wp-content\/uploads\/2026\/01\/Micelio-VI_Portada-web-scaled.jpg","datePublished":"2026-01-22T11:34:06+00:00","dateModified":"2026-02-19T11:25:19+00:00","breadcrumb":{"@id":"https:\/\/concomitentes.org\/convocatoria\/micelio-vi-convocatoria-de-arte-participativo\/#breadcrumb"},"inLanguage":"en-GB","potentialAction":[{"@type":"ReadAction","target":["https:\/\/concomitentes.org\/convocatoria\/micelio-vi-convocatoria-de-arte-participativo\/"]}]},{"@type":"ImageObject","inLanguage":"en-GB","@id":"https:\/\/concomitentes.org\/convocatoria\/micelio-vi-convocatoria-de-arte-participativo\/#primaryimage","url":"https:\/\/concomitentes.org\/wp-content\/uploads\/2026\/01\/Micelio-VI_Portada-web-scaled.jpg","contentUrl":"https:\/\/concomitentes.org\/wp-content\/uploads\/2026\/01\/Micelio-VI_Portada-web-scaled.jpg","width":2560,"height":1440},{"@type":"BreadcrumbList","@id":"https:\/\/concomitentes.org\/convocatoria\/micelio-vi-convocatoria-de-arte-participativo\/#breadcrumb","itemListElement":[{"@type":"ListItem","position":1,"name":"Portada","item":"https:\/\/concomitentes.org\/"},{"@type":"ListItem","position":2,"name":"Convocatorias","item":"https:\/\/concomitentes.org\/convocatorias\/"},{"@type":"ListItem","position":3,"name":"Micelio VI &#8211; Convocatoria de Arte Participativo"}]},{"@type":"WebSite","@id":"https:\/\/concomitentes.org\/en\/#website","url":"https:\/\/concomitentes.org\/en\/","name":"Concomitentes","description":"Concomitentes promueve la creación de obras de arte y media entre la sociedad civil que las encarga y los\/las artistas que las producen.","potentialAction":[{"@type":"SearchAction","target":{"@type":"EntryPoint","urlTemplate":"https:\/\/concomitentes.org\/en\/?s={search_term_string}"},"query-input":{"@type":"PropertyValueSpecification","valueRequired":true,"valueName":"search_term_string"}}],"inLanguage":"en-GB"}]}</script>
<!-- / Yoast SEO plugin. -->

Con un presupuesto de 80.000 euros, esta convocatoria seleccionará dos iniciativas ciudadanas orientadas a &nbsp;abordar, desde el arte participativo, una problemática medioambiental. Una de las iniciativas será seleccionada en la [&hellip;]
