{"version":"1.0","provider_name":"Concomitentes","provider_url":"https:\/\/concomitentes.org\/en","author_name":"adminconcom","author_url":"https:\/\/concomitentes.org\/en\/author\/adminconcom\/","title":"El cuidado emocional en una UCI pedi\u00e1trica: una revisi\u00f3n bibliogr\u00e1fica - Concomitentes","type":"rich","width":600,"height":338,"html":"<blockquote class=\"wp-embedded-content\" data-secret=\"bhST2tDyTS\"><a href=\"https:\/\/concomitentes.org\/en\/bibliografia-cuidado-emocional\/\">Emotional care in a paediatric ICU: a literature review<\/a><\/blockquote><iframe sandbox=\"allow-scripts\" security=\"restricted\" src=\"https:\/\/concomitentes.org\/en\/bibliografia-cuidado-emocional\/embed\/#?secret=bhST2tDyTS\" width=\"600\" height=\"338\" title=\"\u201cEmotional Care in a Paediatric ICU: A Literature Review\u201d \u2014 Concomitants\" data-secret=\"bhST2tDyTS\" frameborder=\"0\" marginwidth=\"0\" marginheight=\"0\" scrolling=\"no\" class=\"wp-embedded-content\"><\/iframe><script>\n\/*! This file is auto-generated *\/\n!function(d,l){\"use strict\";l.querySelector&&d.addEventListener&&\"undefined\"!=typeof URL&&(d.wp=d.wp||{},d.wp.receiveEmbedMessage||(d.wp.receiveEmbedMessage=function(e){var t=e.data;if((t||t.secret||t.message||t.value)&&!\/[^a-zA-Z0-9]\/.test(t.secret)){for(var s,r,n,a=l.querySelectorAll('iframe[data-secret=\"'+t.secret+'\"]'),o=l.querySelectorAll('blockquote[data-secret=\"'+t.secret+'\"]'),c=new RegExp(\"^https?:$\",\"i\"),i=0;i<o.length;i++)o[i].style.display=\"none\";for(i=0;i<a.length;i++)s=a[i],e.source===s.contentWindow&&(s.removeAttribute(\"style\"),\"height\"===t.message?(1e3<(r=parseInt(t.value,10))?r=1e3:~~r<200&&(r=200),s.height=r):\"link\"===t.message&&(r=new URL(s.getAttribute(\"src\")),n=new URL(t.value),c.test(n.protocol))&&n.host===r.host&&l.activeElement===s&&(d.top.location.href=t.value))}},d.addEventListener(\"message\",d.wp.receiveEmbedMessage,!1),l.addEventListener(\"DOMContentLoaded\",function(){for(var e,t,s=l.querySelectorAll(\"iframe.wp-embedded-content\"),r=0;r<s.length;r++)(t=(e=s[r]).getAttribute(\"data-secret\"))||(t=Math.random().toString(36).substring(2,12),e.src+=\"#?secret=\"+t,e.setAttribute(\"data-secret\",t)),e.contentWindow.postMessage({message:\"ready\",secret:t},\"*\")},!1)))}(window,document);\n\/\/# sourceURL=https:\/\/concomitentes.org\/wp-includes\/js\/wp-embed.min.js\n<\/script>","thumbnail_url":"https:\/\/concomitentes.org\/wp-content\/uploads\/2025\/06\/captura-de-pantalla-2020-06-16-a-las-11.02.23-scaled.png","thumbnail_width":1600,"thumbnail_height":898,"description":"Resulta extra\u00f1o retomar cuestiones que no parecen prioritarias en un contexto como el actual. Lo que ha pasado y est\u00e1 pasando ha sido tan brutal que ha costado mucho sacar [&hellip;]"}

El cuidado emocional en una UCI pediátrica: una revisión bibliográfica - Concomitentes

Resulta extraño retomar cuestiones que no parecen prioritarias en un contexto como el actual. Lo que ha pasado y está pasando ha sido tan brutal que ha costado mucho sacar [&hellip;]
